CREATE TABLE `zt_meastemplate` (
  `id` mediumint(8) NOT NULL AUTO_INCREMENT,
  `model` char(30) NOT NULL,
  `name` varchar(255) NOT NULL,
  `content` mediumtext NOT NULL,
  `createdBy` char(30) NOT NULL,
  `createdDate` date NOT NULL,
  `deleted` enum('0','1') NOT NULL DEFAULT '0',
  PRIMARY KEY (`id`)
) ENGINE=InnoDB DEFAULT CHARSET=utf8;
CREATE TABLE `zt_meeting` (
  `id` mediumint(8) unsigned NOT NULL AUTO_INCREMENT,
  `project` mediumint(8) NOT NULL,
  `execution` mediumint(8) NOT NULL,
  `name` varchar(255) NOT NULL,
  `type` varchar(255) NOT NULL,
  `begin` time NOT NULL,
  `end` time NOT NULL,
  `dept` mediumint(8) NOT NULL,
  `mode` varchar(255) NOT NULL,
  `host` varchar(30) NOT NULL,
  `participant` text NOT NULL,
  `date` date NOT NULL,
  `room` int(11) NOT NULL,
  `minutes` text NOT NULL,
  `minutedBy` varchar(30) NOT NULL,
  `minutedDate` datetime NOT NULL,
  `objectType` varchar(30) NOT NULL,
  `objectID` mediumint(8) NOT NULL,
  `createdBy` varchar(30) NOT NULL,
  `createdDate` datetime NOT NULL,
  `editedBy` varchar(30) NOT NULL,
  `editedDate` datetime NOT NULL,
  `deleted` enum('0','1') NOT NULL DEFAULT '0',
  PRIMARY KEY (`id`)
) ENGINE=InnoDB DEFAULT CHARSET=utf8;
CREATE TABLE `zt_meetingroom` (
  `id` mediumint(8) unsigned NOT NULL AUTO_INCREMENT,
  `name` varchar(255) NOT NULL,
  `position` varchar(30) NOT NULL,
  `seats` int(11) NOT NULL,
  `equipment` varchar(255) NOT NULL,
  `openTime` varchar(255) NOT NULL,
  `createdBy` varchar(30) NOT NULL,
  `createdDate` datetime NOT NULL,
  `editedBy` varchar(30) NOT NULL,
  `editedDate` datetime NOT NULL,
  `deleted` enum('0','1') NOT NULL DEFAULT '0',
  PRIMARY KEY (`id`)
) ENGINE=InnoDB DEFAULT CHARSET=utf8;
CREATE TABLE `zt_module` (
  `id` mediumint(8) unsigned NOT NULL AUTO_INCREMENT,
  `root` mediumint(8) unsigned NOT NULL DEFAULT '0',
  `branch` mediumint(8) unsigned NOT NULL DEFAULT '0',
  `name` char(60) NOT NULL DEFAULT '',
  `parent` mediumint(8) unsigned NOT NULL DEFAULT '0',
  `path` char(255) NOT NULL DEFAULT '',
  `grade` tinyint(3) unsigned NOT NULL DEFAULT '0',
  `order` smallint(5) unsigned NOT NULL DEFAULT '0',
  `type` char(30) NOT NULL,
  `from` mediumint(8) unsigned NOT NULL DEFAULT '0',
  `owner` varchar(30) NOT NULL,
  `collector` text NOT NULL,
  `short` varchar(30) NOT NULL,
  `deleted` enum('0','1') NOT NULL DEFAULT '0',
  PRIMARY KEY (`id`),
  KEY `root` (`root`),
  KEY `type` (`type`),
  KEY `path` (`path`)
) ENGINE=InnoDB AUTO_INCREMENT=68 DEFAULT CHARSET=utf8;
INSERT INTO `zt_module`(`id`,`root`,`branch`,`name`,`parent`,`path`,`grade`,`order`,`type`,`from`,`owner`,`collector`,`short`,`deleted`) VALUES ('1','1','0','反馈','0',',1,','1','150','api','0','','','','0');
INSERT INTO `zt_module`(`id`,`root`,`branch`,`name`,`parent`,`path`,`grade`,`order`,`type`,`from`,`owner`,`collector`,`short`,`deleted`) VALUES ('2','1','0','Token','0',',2,','1','10','api','0','','','','0');
INSERT INTO `zt_module`(`id`,`root`,`branch`,`name`,`parent`,`path`,`grade`,`order`,`type`,`from`,`owner`,`collector`,`short`,`deleted`) VALUES ('3','1','0','需求','0',',3,','1','70','api','0','','','','0');
INSERT INTO `zt_module`(`id`,`root`,`branch`,`name`,`parent`,`path`,`grade`,`order`,`type`,`from`,`owner`,`collector`,`short`,`deleted`) VALUES ('4','1','0','任务','0',',4,','1','110','api','0','','','','0');
INSERT INTO `zt_module`(`id`,`root`,`branch`,`name`,`parent`,`path`,`grade`,`order`,`type`,`from`,`owner`,`collector`,`short`,`deleted`) VALUES ('5','1','0','Bug','0',',5,','1','120','api','0','','','','0');
INSERT INTO `zt_module`(`id`,`root`,`branch`,`name`,`parent`,`path`,`grade`,`order`,`type`,`from`,`owner`,`collector`,`short`,`deleted`) VALUES ('6','1','0','用例','0',',6,','1','130','api','0','','','','0');
INSERT INTO `zt_module`(`id`,`root`,`branch`,`name`,`parent`,`path`,`grade`,`order`,`type`,`from`,`owner`,`collector`,`short`,`deleted`) VALUES ('7','1','0','产品计划','0',',7,','1','50','api','0','','','','0');
INSERT INTO `zt_module`(`id`,`root`,`branch`,`name`,`parent`,`path`,`grade`,`order`,`type`,`from`,`owner`,`collector`,`short`,`deleted`) VALUES ('8','1','0','发布','0',',8,','1','60','api','0','','','','0');
INSERT INTO `zt_module`(`id`,`root`,`branch`,`name`,`parent`,`path`,`grade`,`order`,`type`,`from`,`owner`,`collector`,`short`,`deleted`) VALUES ('9','1','0','测试单','0',',9,','1','140','api','0','','','','0');
INSERT INTO `zt_module`(`id`,`root`,`branch`,`name`,`parent`,`path`,`grade`,`order`,`type`,`from`,`owner`,`collector`,`short`,`deleted`) VALUES ('10','1','0','版本','0',',10,','1','90','api','0','','','','0');
INSERT INTO `zt_module`(`id`,`root`,`branch`,`name`,`parent`,`path`,`grade`,`order`,`type`,`from`,`owner`,`collector`,`short`,`deleted`) VALUES ('11','1','0','用户','0',',11,','1','20','api','0','','','','0');
INSERT INTO `zt_module`(`id`,`root`,`branch`,`name`,`parent`,`path`,`grade`,`order`,`type`,`from`,`owner`,`collector`,`short`,`deleted`) VALUES ('12','1','0','执行','0',',12,','1','100','api','0','','','','0');
INSERT INTO `zt_module`(`id`,`root`,`branch`,`name`,`parent`,`path`,`grade`,`order`,`type`,`from`,`owner`,`collector`,`short`,`deleted`) VALUES ('13','1','0','项目','0',',13,','1','80','api','0','','','','0');
INSERT INTO `zt_module`(`id`,`root`,`branch`,`name`,`parent`,`path`,`grade`,`order`,`type`,`from`,`owner`,`collector`,`short`,`deleted`) VALUES ('14','1','0','产品','0',',14,','1','40','api','0','','','','0');
INSERT INTO `zt_module`(`id`,`root`,`branch`,`name`,`parent`,`path`,`grade`,`order`,`type`,`from`,`owner`,`collector`,`short`,`deleted`) VALUES ('15','1','0','项目集','0',',15,','1','30','api','0','','','','0');
INSERT INTO `zt_module`(`id`,`root`,`branch`,`name`,`parent`,`path`,`grade`,`order`,`type`,`from`,`owner`,`collector`,`short`,`deleted`) VALUES ('16','5','0','项目调研会议纪要','0',',16,','1','20','doc','0','','','','0');
INSERT INTO `zt_module`(`id`,`root`,`branch`,`name`,`parent`,`path`,`grade`,`order`,`type`,`from`,`owner`,`collector`,`short`,`deleted`) VALUES ('17','5','0','需求评审文档','0',',17,','1','30','doc','0','','','','0');
INSERT INTO `zt_module`(`id`,`root`,`branch`,`name`,`parent`,`path`,`grade`,`order`,`type`,`from`,`owner`,`collector`,`short`,`deleted`) VALUES ('18','1','0','地盘','40',',40,18,','2','10','story','0','','','','0');
INSERT INTO `zt_module`(`id`,`root`,`branch`,`name`,`parent`,`path`,`grade`,`order`,`type`,`from`,`owner`,`collector`,`short`,`deleted`) VALUES ('19','1','0','项目集','40',',40,19,','2','30','story','0','','','','0');
INSERT INTO `zt_module`(`id`,`root`,`branch`,`name`,`parent`,`path`,`grade`,`order`,`type`,`from`,`owner`,`collector`,`short`,`deleted`) VALUES ('20','1','0','产品','40',',40,20,','2','40','story','0','','','','0');
INSERT INTO `zt_module`(`id`,`root`,`branch`,`name`,`parent`,`path`,`grade`,`order`,`type`,`from`,`owner`,`collector`,`short`,`deleted`) VALUES ('21','1','0','项目','40',',40,21,','2','50','story','0','','','','0');
INSERT INTO `zt_module`(`id`,`root`,`branch`,`name`,`parent`,`path`,`grade`,`order`,`type`,`from`,`owner`,`collector`,`short`,`deleted`) VALUES ('22','1','0','执行','40',',40,22,','2','60','story','0','','','','0');
INSERT INTO `zt_module`(`id`,`root`,`branch`,`name`,`parent`,`path`,`grade`,`order`,`type`,`from`,`owner`,`collector`,`short`,`deleted`) VALUES ('23','1','0','测试','40',',40,23,','2','70','story','0','','','','0');
INSERT INTO `zt_module`(`id`,`root`,`branch`,`name`,`parent`,`path`,`grade`,`order`,`type`,`from`,`owner`,`collector`,`short`,`deleted`) VALUES ('24','1','0','DevOps','40',',40,24,','2','80','story','0','','','','0');
INSERT INTO `zt_module`(`id`,`root`,`branch`,`name`,`parent`,`path`,`grade`,`order`,`type`,`from`,`owner`,`collector`,`short`,`deleted`) VALUES ('25','1','0','看板','40',',40,25,','2','90','story','0','','','','0');
INSERT INTO `zt_module`(`id`,`root`,`branch`,`name`,`parent`,`path`,`grade`,`order`,`type`,`from`,`owner`,`collector`,`short`,`deleted`) VALUES ('26','1','0','资产库','40',',40,26,','2','100','story','0','','','','0');
INSERT INTO `zt_module`(`id`,`root`,`branch`,`name`,`parent`,`path`,`grade`,`order`,`type`,`from`,`owner`,`collector`,`short`,`deleted`) VALUES ('27','1','0','文档','40',',40,27,','2','110','story','0','','','','0');
INSERT INTO `zt_module`(`id`,`root`,`branch`,`name`,`parent`,`path`,`grade`,`order`,`type`,`from`,`owner`,`collector`,`short`,`deleted`) VALUES ('28','1','0','统计','40',',40,28,','2','120','story','0','','','','0');
INSERT INTO `zt_module`(`id`,`root`,`branch`,`name`,`parent`,`path`,`grade`,`order`,`type`,`from`,`owner`,`collector`,`short`,`deleted`) VALUES ('29','1','0','组织','40',',40,29,','2','130','story','0','','','','0');
INSERT INTO `zt_module`(`id`,`root`,`branch`,`name`,`parent`,`path`,`grade`,`order`,`type`,`from`,`owner`,`collector`,`short`,`deleted`) VALUES ('30','1','0','办公','40',',40,30,','2','140','story','0','','','','0');
INSERT INTO `zt_module`(`id`,`root`,`branch`,`name`,`parent`,`path`,`grade`,`order`,`type`,`from`,`owner`,`collector`,`short`,`deleted`) VALUES ('31','1','0','运维','40',',40,31,','2','150','story','0','','','','0');
INSERT INTO `zt_module`(`id`,`root`,`branch`,`name`,`parent`,`path`,`grade`,`order`,`type`,`from`,`owner`,`collector`,`short`,`deleted`) VALUES ('32','1','0','反馈','40',',40,32,','2','160','story','0','','','','0');
INSERT INTO `zt_module`(`id`,`root`,`branch`,`name`,`parent`,`path`,`grade`,`order`,`type`,`from`,`owner`,`collector`,`short`,`deleted`) VALUES ('33','1','0','学堂','40',',40,33,','2','170','story','0','','','','0');
INSERT INTO `zt_module`(`id`,`root`,`branch`,`name`,`parent`,`path`,`grade`,`order`,`type`,`from`,`owner`,`collector`,`short`,`deleted`) VALUES ('34','1','0','工作流','40',',40,34,','2','180','story','0','','','','0');
INSERT INTO `zt_module`(`id`,`root`,`branch`,`name`,`parent`,`path`,`grade`,`order`,`type`,`from`,`owner`,`collector`,`short`,`deleted`) VALUES ('35','1','0','后台','40',',40,35,','2','190','story','0','','','','0');
INSERT INTO `zt_module`(`id`,`root`,`branch`,`name`,`parent`,`path`,`grade`,`order`,`type`,`from`,`owner`,`collector`,`short`,`deleted`) VALUES ('36','1','0','审批','35',',40,35,36,','3','10','story','0','','','','0');
INSERT INTO `zt_module`(`id`,`root`,`branch`,`name`,`parent`,`path`,`grade`,`order`,`type`,`from`,`owner`,`collector`,`short`,`deleted`) VALUES ('37','5','0','项目交付物','0',',37,','1','50','doc','0','','','','0');
INSERT INTO `zt_module`(`id`,`root`,`branch`,`name`,`parent`,`path`,`grade`,`order`,`type`,`from`,`owner`,`collector`,`short`,`deleted`) VALUES ('38','5','0','准备阶段','37',',37,38,','2','10','doc','0','','','','0');
INSERT INTO `zt_module`(`id`,`root`,`branch`,`name`,`parent`,`path`,`grade`,`order`,`type`,`from`,`owner`,`collector`,`short`,`deleted`) VALUES ('39','1','0','科技运营管理系统','0',',39,','1','10','story','0','','','科管平台','0');
INSERT INTO `zt_module`(`id`,`root`,`branch`,`name`,`parent`,`path`,`grade`,`order`,`type`,`from`,`owner`,`collector`,`short`,`deleted`) VALUES ('40','1','0','禅道项目管理系统','0',',40,','1','20','story','0','','','Zentao','0');
INSERT INTO `zt_module`(`id`,`root`,`branch`,`name`,`parent`,`path`,`grade`,`order`,`type`,`from`,`owner`,`collector`,`short`,`deleted`) VALUES ('41','1','0','商务管理','39',',39,41,','2','10','story','0','','','','0');
INSERT INTO `zt_module`(`id`,`root`,`branch`,`name`,`parent`,`path`,`grade`,`order`,`type`,`from`,`owner`,`collector`,`short`,`deleted`) VALUES ('42','1','0','外包商管理','39',',39,42,','2','20','story','0','','','','0');
INSERT INTO `zt_module`(`id`,`root`,`branch`,`name`,`parent`,`path`,`grade`,`order`,`type`,`from`,`owner`,`collector`,`short`,`deleted`) VALUES ('43','1','0','外包风险管理','39',',39,43,','2','30','story','0','','','','0');
INSERT INTO `zt_module`(`id`,`root`,`branch`,`name`,`parent`,`path`,`grade`,`order`,`type`,`from`,`owner`,`collector`,`short`,`deleted`) VALUES ('44','1','0','项目立项管理','39',',39,44,','2','40','story','0','','','','0');
INSERT INTO `zt_module`(`id`,`root`,`branch`,`name`,`parent`,`path`,`grade`,`order`,`type`,`from`,`owner`,`collector`,`short`,`deleted`) VALUES ('45','1','0','安全管理','39',',39,45,','2','50','story','0','','','','0');
INSERT INTO `zt_module`(`id`,`root`,`branch`,`name`,`parent`,`path`,`grade`,`order`,`type`,`from`,`owner`,`collector`,`short`,`deleted`) VALUES ('46','1','0','运维管理','39',',39,46,','2','60','story','0','','','','0');
INSERT INTO `zt_module`(`id`,`root`,`branch`,`name`,`parent`,`path`,`grade`,`order`,`type`,`from`,`owner`,`collector`,`short`,`deleted`) VALUES ('47','5','0','服务器操作相关','0',',47,','1','40','doc','0','','','','0');
INSERT INTO `zt_module`(`id`,`root`,`branch`,`name`,`parent`,`path`,`grade`,`order`,`type`,`from`,`owner`,`collector`,`short`,`deleted`) VALUES ('48','1','0','需求池','40',',40,48,','2','20','story','0','','','','0');
INSERT INTO `zt_module`(`id`,`root`,`branch`,`name`,`parent`,`path`,`grade`,`order`,`type`,`from`,`owner`,`collector`,`short`,`deleted`) VALUES ('49','1','0','综合管理','39',',39,49,','2','70','story','0','','','','0');
INSERT INTO `zt_module`(`id`,`root`,`branch`,`name`,`parent`,`path`,`grade`,`order`,`type`,`from`,`owner`,`collector`,`short`,`deleted`) VALUES ('50','5','0','周例会沟通','0',',50,','1','10','doc','0','','','','0');
INSERT INTO `zt_module`(`id`,`root`,`branch`,`name`,`parent`,`path`,`grade`,`order`,`type`,`from`,`owner`,`collector`,`short`,`deleted`) VALUES ('51','20','0','01-敏捷书籍','0',',51,','1','10','doc','0','','','','0');
INSERT INTO `zt_module`(`id`,`root`,`branch`,`name`,`parent`,`path`,`grade`,`order`,`type`,`from`,`owner`,`collector`,`short`,`deleted`) VALUES ('52','20','0','02-敏捷基础知识','0',',52,','1','20','doc','0','','','','0');
INSERT INTO `zt_module`(`id`,`root`,`branch`,`name`,`parent`,`path`,`grade`,`order`,`type`,`from`,`owner`,`collector`,`short`,`deleted`) VALUES ('53','20','0','03-敏捷最佳实践总结','0',',53,','1','30','doc','0','','','','0');
INSERT INTO `zt_module`(`id`,`root`,`branch`,`name`,`parent`,`path`,`grade`,`order`,`type`,`from`,`owner`,`collector`,`short`,`deleted`) VALUES ('54','1','0','Scrum','21',',40,21,54,','3','20','story','0','','','','0');
INSERT INTO `zt_module`(`id`,`root`,`branch`,`name`,`parent`,`path`,`grade`,`order`,`type`,`from`,`owner`,`collector`,`short`,`deleted`) VALUES ('55','1','0','瀑布','21',',40,21,55,','3','10','story','0','','','','0');
INSERT INTO `zt_module`(`id`,`root`,`branch`,`name`,`parent`,`path`,`grade`,`order`,`type`,`from`,`owner`,`collector`,`short`,`deleted`) VALUES ('56','1','0','看板','21',',40,21,56,','3','30','story','0','','','','0');
INSERT INTO `zt_module`(`id`,`root`,`branch`,`name`,`parent`,`path`,`grade`,`order`,`type`,`from`,`owner`,`collector`,`short`,`deleted`) VALUES ('57','1','0','过程','55',',40,21,55,57,','4','10','story','0','','','','0');
INSERT INTO `zt_module`(`id`,`root`,`branch`,`name`,`parent`,`path`,`grade`,`order`,`type`,`from`,`owner`,`collector`,`short`,`deleted`) VALUES ('58','1','0','QA','55',',40,21,55,58,','4','20','story','0','','','','0');
INSERT INTO `zt_module`(`id`,`root`,`branch`,`name`,`parent`,`path`,`grade`,`order`,`type`,`from`,`owner`,`collector`,`short`,`deleted`) VALUES ('59','1','0','周报','55',',40,21,55,59,','4','30','story','0','','','','0');
INSERT INTO `zt_module`(`id`,`root`,`branch`,`name`,`parent`,`path`,`grade`,`order`,`type`,`from`,`owner`,`collector`,`short`,`deleted`) VALUES ('60','1','0','用户需求','20',',40,20,60,','3','10','story','0','','','','0');
INSERT INTO `zt_module`(`id`,`root`,`branch`,`name`,`parent`,`path`,`grade`,`order`,`type`,`from`,`owner`,`collector`,`short`,`deleted`) VALUES ('61','1','0','研发需求','20',',40,20,61,','3','20','story','0','','','','0');
INSERT INTO `zt_module`(`id`,`root`,`branch`,`name`,`parent`,`path`,`grade`,`order`,`type`,`from`,`owner`,`collector`,`short`,`deleted`) VALUES ('62','1','0','模型','35',',40,35,62,','3','20','story','0','','','','0');
INSERT INTO `zt_module`(`id`,`root`,`branch`,`name`,`parent`,`path`,`grade`,`order`,`type`,`from`,`owner`,`collector`,`short`,`deleted`) VALUES ('63','1','0','全局设置','62',',40,35,62,63,','4','10','story','0','','','','0');
INSERT INTO `zt_module`(`id`,`root`,`branch`,`name`,`parent`,`path`,`grade`,`order`,`type`,`from`,`owner`,`collector`,`short`,`deleted`) VALUES ('64','1','0','瀑布模型','62',',40,35,62,64,','4','20','story','0','','','','0');
INSERT INTO `zt_module`(`id`,`root`,`branch`,`name`,`parent`,`path`,`grade`,`order`,`type`,`from`,`owner`,`collector`,`short`,`deleted`) VALUES ('65','1','0','敏捷模型','62',',40,35,62,65,','4','30','story','0','','','','0');
INSERT INTO `zt_module`(`id`,`root`,`branch`,`name`,`parent`,`path`,`grade`,`order`,`type`,`from`,`owner`,`collector`,`short`,`deleted`) VALUES ('66','1','0','外包人员管理','39',',39,66,','2','80','story','0','','','','0');
INSERT INTO `zt_module`(`id`,`root`,`branch`,`name`,`parent`,`path`,`grade`,`order`,`type`,`from`,`owner`,`collector`,`short`,`deleted`) VALUES ('67','1','0','自定义','35',',40,35,67,','3','30','story','0','','','','0');
CREATE TABLE `zt_mr` (
  `id` mediumint(8) unsigned NOT NULL AUTO_INCREMENT,
  `hostID` mediumint(8) unsigned NOT NULL,
  `sourceProject` varchar(50) NOT NULL,
  `sourceBranch` varchar(100) NOT NULL,
  `targetProject` varchar(50) NOT NULL,
  `targetBranch` varchar(100) NOT NULL,
  `mriid` int(10) unsigned NOT NULL,
  `title` varchar(255) NOT NULL,
  `description` text NOT NULL,
  `assignee` varchar(255) NOT NULL,
  `reviewer` varchar(255) NOT NULL,
  `approver` varchar(255) NOT NULL,
  `createdBy` varchar(30) NOT NULL,
  `createdDate` datetime NOT NULL,
  `editedBy` varchar(30) NOT NULL,
  `editedDate` datetime NOT NULL,
  `deleted` enum('0','1') NOT NULL DEFAULT '0',
  `status` char(30) NOT NULL,
  `mergeStatus` char(30) NOT NULL,
  `approvalStatus` char(30) NOT NULL,
  `needApproved` enum('0','1') NOT NULL DEFAULT '0',
  `needCI` enum('0','1') NOT NULL DEFAULT '0',
  `repoID` mediumint(8) unsigned NOT NULL,
  `jobID` mediumint(8) unsigned NOT NULL,
  `compileID` mediumint(8) unsigned NOT NULL,
  `compileStatus` char(30) NOT NULL,
  `removeSourceBranch` enum('0','1') NOT NULL DEFAULT '0',
  `squash` enum('0','1') NOT NULL DEFAULT '0',
  `synced` enum('0','1') NOT NULL DEFAULT '1',
  `syncError` varchar(255) NOT NULL,
  `hasNoConflict` enum('0','1') NOT NULL DEFAULT '0',
  `diffs` longtext,
  PRIMARY KEY (`id`)
) ENGINE=InnoDB DEFAULT CHARSET=utf8;
CREATE TABLE `zt_mrapproval` (
  `id` mediumint(8) unsigned NOT NULL AUTO_INCREMENT,
  `mrID` mediumint(8) unsigned NOT NULL,
  `account` varchar(255) NOT NULL,
  `date` datetime NOT NULL,
  `action` char(30) NOT NULL,
  `comment` text NOT NULL,
  PRIMARY KEY (`id`)
) ENGINE=InnoDB DEFAULT CHARSET=utf8;
CREATE TABLE `zt_nc` (
  `id` mediumint(8) unsigned NOT NULL AUTO_INCREMENT,
  `project` mediumint(8) unsigned NOT NULL,
  `auditplan` mediumint(8) NOT NULL,
  `listID` mediumint(8) NOT NULL,
  `title` varchar(255) NOT NULL,
  `desc` mediumtext NOT NULL,
  `type` char(30) NOT NULL,
  `status` varchar(30) NOT NULL DEFAULT 'active',
  `severity` char(30) NOT NULL,
  `deadline` date NOT NULL,
  `resolvedBy` varchar(30) NOT NULL,
  `resolution` char(30) NOT NULL,
  `resolvedDate` date NOT NULL,
  `closedBy` varchar(30) NOT NULL,
  `closedDate` date NOT NULL,
  `parent` mediumint(8) unsigned NOT NULL,
  `assignedTo` varchar(30) NOT NULL,
  `assignedDate` date NOT NULL,
  `activateDate` date NOT NULL,
  `createdBy` varchar(30) NOT NULL,
  `createdDate` datetime NOT NULL,
  `editedBy` varchar(30) NOT NULL,
  `editedDate` datetime NOT NULL,
  `deleted` enum('0','1') NOT NULL DEFAULT '0',
  PRIMARY KEY (`id`)
) ENGINE=InnoDB DEFAULT CHARSET=utf8;
CREATE TABLE `zt_notify` (
  `id` mediumint(8) unsigned NOT NULL AUTO_INCREMENT,
  `objectType` varchar(50) NOT NULL,
  `objectID` mediumint(8) unsigned NOT NULL,
  `action` mediumint(9) NOT NULL,
  `toList` varchar(255) NOT NULL,
  `ccList` text NOT NULL,
  `subject` varchar(255) NOT NULL,
  `data` text NOT NULL,
  `createdBy` char(30) NOT NULL,
  `createdDate` datetime NOT NULL,
  `sendTime` datetime NOT NULL,
  `status` varchar(10) NOT NULL DEFAULT 'wait',
  `failReason` text NOT NULL,
  PRIMARY KEY (`id`),
  KEY `objectType_toList_status` (`objectType`,`toList`,`status`)
) ENGINE=InnoDB AUTO_INCREMENT=88 DEFAULT CHARSET=utf8;
INSERT INTO `zt_notify`(`id`,`objectType`,`objectID`,`action`,`toList`,`ccList`,`subject`,`data`,`createdBy`,`createdDate`,`sendTime`,`status`,`failReason`) VALUES ('5','message','0','212',',zhangpeng,','','','杨超创建了任务 <a href=\'https://crcb.gootroy.cn/task-view-6.html\'  >[#6::张鹏的子任务]</a>
','yangchao','2022-12-13 09:18:23','0000-00-00 00:00:00','wait','');
INSERT INTO `zt_notify`(`id`,`objectType`,`objectID`,`action`,`toList`,`ccList`,`subject`,`data`,`createdBy`,`createdDate`,`sendTime`,`status`,`failReason`) VALUES ('8','message','0','259',',zhangpeng,','','','杨超创建了任务 <a href=\'https://crcb.gootroy.cn/task-view-7.html\'  >[#7::DevOps调研前的材料清单罗列]</a>
','yangchao','2022-12-13 10:39:11','0000-00-00 00:00:00','wait','');
INSERT INTO `zt_notify`(`id`,`objectType`,`objectID`,`action`,`toList`,`ccList`,`subject`,`data`,`createdBy`,`createdDate`,`sendTime`,`status`,`failReason`) VALUES ('9','message','0','260',',zhangpeng,','','','杨超创建了任务 <a href=\'https://crcb.gootroy.cn/task-view-8.html\'  >[#8::DevOps调研前的材料清单罗列-张鹏]</a>
','yangchao','2022-12-13 10:41:01','0000-00-00 00:00:00','wait','');
INSERT INTO `zt_notify`(`id`,`objectType`,`objectID`,`action`,`toList`,`ccList`,`subject`,`data`,`createdBy`,`createdDate`,`sendTime`,`status`,`failReason`) VALUES ('11','message','0','262',',zhangpeng,','','','杨超编辑了任务 <a href=\'https://crcb.gootroy.cn/task-view-7.html\'  >[#7::DevOps调研前的材料清单罗列]</a>
','yangchao','2022-12-13 10:41:01','0000-00-00 00:00:00','wait','');
INSERT INTO `zt_notify`(`id`,`objectType`,`objectID`,`action`,`toList`,`ccList`,`subject`,`data`,`createdBy`,`createdDate`,`sendTime`,`status`,`failReason`) VALUES ('30','message','0','1177',',renying,','','','杨超创建了任务 <a href=\'http://124.220.43.191/task-view-23.html\'  >[#23::后台自定义增加项目角色字段]</a>
','yangchao','2022-12-19 13:05:05','0000-00-00 00:00:00','wait','');
INSERT INTO `zt_notify`(`id`,`objectType`,`objectID`,`action`,`toList`,`ccList`,`subject`,`data`,`createdBy`,`createdDate`,`sendTime`,`status`,`failReason`) VALUES ('31','message','0','1178',',renying,','','','杨超创建了任务 <a href=\'http://124.220.43.191/task-view-24.html\'  >[#24::项目-干系人内增加项目角色字段]</a>
','yangchao','2022-12-19 13:05:05','0000-00-00 00:00:00','wait','');
INSERT INTO `zt_notify`(`id`,`objectType`,`objectID`,`action`,`toList`,`ccList`,`subject`,`data`,`createdBy`,`createdDate`,`sendTime`,`status`,`failReason`) VALUES ('32','message','0','1179',',renying,','','','杨超创建了任务 <a href=\'http://124.220.43.191/task-view-25.html\'  >[#25::审批流节点设计审批类型增加项目角色]</a>
','yangchao','2022-12-19 13:05:05','0000-00-00 00:00:00','wait','');
INSERT INTO `zt_notify`(`id`,`objectType`,`objectID`,`action`,`toList`,`ccList`,`subject`,`data`,`createdBy`,`createdDate`,`sendTime`,`status`,`failReason`) VALUES ('33','message','0','1180',',wangxiaomeng,','','','杨超创建了任务 <a href=\'http://124.220.43.191/task-view-26.html\'  >[#26::在审批节点可设置展示或编辑对应审批流绑定的表单字段]</a>
','yangchao','2022-12-19 13:05:05','0000-00-00 00:00:00','wait','');
INSERT INTO `zt_notify`(`id`,`objectType`,`objectID`,`action`,`toList`,`ccList`,`subject`,`data`,`createdBy`,`createdDate`,`sendTime`,`status`,`failReason`) VALUES ('34','message','0','1181',',wangxiaomeng,','','','杨超创建了任务 <a href=\'http://124.220.43.191/task-view-27.html\'  >[#27::工作流绑定审批流时增加联动]</a>
','yangchao','2022-12-19 13:05:06','0000-00-00 00:00:00','wait','');
INSERT INTO `zt_notify`(`id`,`objectType`,`objectID`,`action`,`toList`,`ccList`,`subject`,`data`,`createdBy`,`createdDate`,`sendTime`,`status`,`failReason`) VALUES ('35','message','0','1182',',wangxiaomeng,','','','杨超创建了任务 <a href=\'http://124.220.43.191/task-view-28.html\'  >[#28::审批流创建页面增加选择工作流]</a>
','yangchao','2022-12-19 13:05:06','0000-00-00 00:00:00','wait','');
INSERT INTO `zt_notify`(`id`,`objectType`,`objectID`,`action`,`toList`,`ccList`,`subject`,`data`,`createdBy`,`createdDate`,`sendTime`,`status`,`failReason`) VALUES ('36','message','0','1183',',xuesong,','','','杨超创建了任务 <a href=\'http://124.220.43.191/task-view-29.html\'  >[#29::审批流节点设置工作流字段在对应审批页面展示]</a>
','yangchao','2022-12-19 13:05:06','0000-00-00 00:00:00','wait','');
INSERT INTO `zt_notify`(`id`,`objectType`,`objectID`,`action`,`toList`,`ccList`,`subject`,`data`,`createdBy`,`createdDate`,`sendTime`,`status`,`failReason`) VALUES ('37','message','0','1184',',renying,','','','杨超创建了任务 <a href=\'http://124.220.43.191/task-view-30.html\'  >[#30::审批流审批时按照审批设置的找到对应的项目角色人员进行审批操作]</a>
','yangchao','2022-12-19 13:05:06','0000-00-00 00:00:00','wait','');
INSERT INTO `zt_notify`(`id`,`objectType`,`objectID`,`action`,`toList`,`ccList`,`subject`,`data`,`createdBy`,`createdDate`,`sendTime`,`status`,`failReason`) VALUES ('38','message','0','1186',',xuesong,','','','杨超创建了任务 <a href=\'http://124.220.43.191/task-view-32.html\'  >[#32::系统方案设计-薛松]</a>
','yangchao','2022-12-19 13:05:06','0000-00-00 00:00:00','wait','');
INSERT INTO `zt_notify`(`id`,`objectType`,`objectID`,`action`,`toList`,`ccList`,`subject`,`data`,`createdBy`,`createdDate`,`sendTime`,`status`,`failReason`) VALUES ('39','message','0','1187',',renying,','','','杨超创建了任务 <a href=\'http://124.220.43.191/task-view-33.html\'  >[#33::系统方案设计-任莹]</a>
','yangchao','2022-12-19 13:05:06','0000-00-00 00:00:00','wait','');
INSERT INTO `zt_notify`(`id`,`objectType`,`objectID`,`action`,`toList`,`ccList`,`subject`,`data`,`createdBy`,`createdDate`,`sendTime`,`status`,`failReason`) VALUES ('40','message','0','1188',',xuesong,','','','杨超创建了任务 <a href=\'http://124.220.43.191/task-view-34.html\'  >[#34::系统方案设计-王肖蒙]</a>
','yangchao','2022-12-19 13:05:06','0000-00-00 00:00:00','wait','');
INSERT INTO `zt_notify`(`id`,`objectType`,`objectID`,`action`,`toList`,`ccList`,`subject`,`data`,`createdBy`,`createdDate`,`sendTime`,`status`,`failReason`) VALUES ('41','message','0','1189',',zhaoyan,','','','杨超创建了任务 <a href=\'http://124.220.43.191/task-view-35.html\'  >[#35::编写测试用例]</a>
','yangchao','2022-12-19 13:05:06','0000-00-00 00:00:00','wait','');
INSERT INTO `zt_notify`(`id`,`objectType`,`objectID`,`action`,`toList`,`ccList`,`subject`,`data`,`createdBy`,`createdDate`,`sendTime`,`status`,`failReason`) VALUES ('42','message','0','1190',',zhaoyan,','','','杨超创建了任务 <a href=\'http://124.220.43.191/task-view-36.html\'  >[#36::测试任务]</a>
','yangchao','2022-12-19 13:05:06','0000-00-00 00:00:00','wait','');
INSERT INTO `zt_notify`(`id`,`objectType`,`objectID`,`action`,`toList`,`ccList`,`subject`,`data`,`createdBy`,`createdDate`,`sendTime`,`status`,`failReason`) VALUES ('43','message','0','1197',',renying,','','','杨超编辑了任务 <a href=\'http://124.220.43.191/task-view-23.html\'  >[#23::后台自定义增加项目角色字段]</a>
','yangchao','2022-12-19 13:09:00','0000-00-00 00:00:00','wait','');
INSERT INTO `zt_notify`(`id`,`objectType`,`objectID`,`action`,`toList`,`ccList`,`subject`,`data`,`createdBy`,`createdDate`,`sendTime`,`status`,`failReason`) VALUES ('44','message','0','1203',',renying,','','','杨超编辑了任务 <a href=\'http://124.220.43.191/task-view-24.html\'  >[#24::项目-干系人内增加项目角色字段]</a>
','yangchao','2022-12-19 13:12:27','0000-00-00 00:00:00','wait','');
INSERT INTO `zt_notify`(`id`,`objectType`,`objectID`,`action`,`toList`,`ccList`,`subject`,`data`,`createdBy`,`createdDate`,`sendTime`,`status`,`failReason`) VALUES ('45','message','0','1207',',renying,','','','杨超编辑了任务 <a href=\'http://124.220.43.191/task-view-25.html\'  >[#25::审批流节点设计审批类型增加项目角色]</a>
','yangchao','2022-12-19 13:14:48','0000-00-00 00:00:00','wait','');
INSERT INTO `zt_notify`(`id`,`objectType`,`objectID`,`action`,`toList`,`ccList`,`subject`,`data`,`createdBy`,`createdDate`,`sendTime`,`status`,`failReason`) VALUES ('46','message','0','1208',',wangxiaomeng,','','','杨超编辑了任务 <a href=\'http://124.220.43.191/task-view-26.html\'  >[#26::在审批节点可设置展示或编辑对应审批流绑定的表单字段]</a>
','yangchao','2022-12-19 13:15:39','0000-00-00 00:00:00','wait','');
INSERT INTO `zt_notify`(`id`,`objectType`,`objectID`,`action`,`toList`,`ccList`,`subject`,`data`,`createdBy`,`createdDate`,`sendTime`,`status`,`failReason`) VALUES ('47','message','0','1209',',wangxiaomeng,','','','杨超编辑了任务 <a href=\'http://124.220.43.191/task-view-27.html\'  >[#27::工作流绑定审批流时增加联动]</a>
','yangchao','2022-12-19 13:16:16','0000-00-00 00:00:00','wait','');
INSERT INTO `zt_notify`(`id`,`objectType`,`objectID`,`action`,`toList`,`ccList`,`subject`,`data`,`createdBy`,`createdDate`,`sendTime`,`status`,`failReason`) VALUES ('48','message','0','1210',',wangxiaomeng,','','','杨超编辑了任务 <a href=\'http://124.220.43.191/task-view-28.html\'  >[#28::审批流创建页面增加选择工作流]</a>
','yangchao','2022-12-19 13:16:31','0000-00-00 00:00:00','wait','');
INSERT INTO `zt_notify`(`id`,`objectType`,`objectID`,`action`,`toList`,`ccList`,`subject`,`data`,`createdBy`,`createdDate`,`sendTime`,`status`,`failReason`) VALUES ('49','message','0','1211',',xuesong,','','','杨超编辑了任务 <a href=\'http://124.220.43.191/task-view-29.html\'  >[#29::审批流节点设置工作流字段在对应审批页面展示]</a>
','yangchao','2022-12-19 13:16:44','0000-00-00 00:00:00','wait','');
INSERT INTO `zt_notify`(`id`,`objectType`,`objectID`,`action`,`toList`,`ccList`,`subject`,`data`,`createdBy`,`createdDate`,`sendTime`,`status`,`failReason`) VALUES ('50','message','0','1212',',renying,','','','杨超编辑了任务 <a href=\'http://124.220.43.191/task-view-30.html\'  >[#30::审批流审批时按照审批设置的找到对应的项目角色人员进行审批操作]</a>
','yangchao','2022-12-19 13:17:00','0000-00-00 00:00:00','wait','');
INSERT INTO `zt_notify`(`id`,`objectType`,`objectID`,`action`,`toList`,`ccList`,`subject`,`data`,`createdBy`,`createdDate`,`sendTime`,`status`,`failReason`) VALUES ('51','message','0','1214',',wangxiaomeng,','','','杨超指派了任务 <a href=\'http://124.220.43.191/task-view-34.html\'  >[#34::系统方案设计-王肖蒙]</a>
','yangchao','2022-12-19 13:18:27','0000-00-00 00:00:00','wait','');
INSERT INTO `zt_notify`(`id`,`objectType`,`objectID`,`action`,`toList`,`ccList`,`subject`,`data`,`createdBy`,`createdDate`,`sendTime`,`status`,`failReason`) VALUES ('52','message','0','1225',',zhaoyan,','','','杨超开始了任务 <a href=\'http://124.220.43.191/task-view-36.html\'  >[#36::测试任务]</a>
','yangchao','2022-12-19 13:20:02','0000-00-00 00:00:00','wait','');
INSERT INTO `zt_notify`(`id`,`objectType`,`objectID`,`action`,`toList`,`ccList`,`subject`,`data`,`createdBy`,`createdDate`,`sendTime`,`status`,`failReason`) VALUES ('56','message','0','1241',',zhangpeng,','','','张石开始了任务 <a href=\'https://crcb.gootroy.cn/task-view-7.html\'  >[#7::DevOps调研前的材料清单罗列]</a>
','zhangshi','2022-12-19 14:17:22','0000-00-00 00:00:00','wait','');
INSERT INTO `zt_notify`(`id`,`objectType`,`objectID`,`action`,`toList`,`ccList`,`subject`,`data`,`createdBy`,`createdDate`,`sendTime`,`status`,`failReason`) VALUES ('57','message','0','1245',',zhangpeng,','','','张石编辑了任务 <a href=\'http://124.220.43.191/task-view-7.html\'  data-app=\'my\'>[#7::DevOps调研前的材料清单罗列]</a>
','zhangshi','2022-12-19 14:18:17','0000-00-00 00:00:00','wait','');
INSERT INTO `zt_notify`(`id`,`objectType`,`objectID`,`action`,`toList`,`ccList`,`subject`,`data`,`createdBy`,`createdDate`,`sendTime`,`status`,`failReason`) VALUES ('58','message','0','1246',',zhangpeng,','','','张石编辑了任务 <a href=\'http://124.220.43.191/task-view-7.html\'  data-app=\'my\'>[#7::DevOps调研前的材料清单罗列]</a>
','zhangshi','2022-12-19 14:18:17','0000-00-00 00:00:00','wait','');
INSERT INTO `zt_notify`(`id`,`objectType`,`objectID`,`action`,`toList`,`ccList`,`subject`,`data`,`createdBy`,`createdDate`,`sendTime`,`status`,`failReason`) VALUES ('78','message','0','1331',',renying,','','','admin编辑了任务 <a href=\'http://124.220.43.191/task-view-30.html\'  >[#30::审批流审批时按照审批设置的找到对应的项目角色人员进行审批操作]</a>
','admin','2022-12-20 22:27:29','0000-00-00 00:00:00','wait','');
INSERT INTO `zt_notify`(`id`,`objectType`,`objectID`,`action`,`toList`,`ccList`,`subject`,`data`,`createdBy`,`createdDate`,`sendTime`,`status`,`failReason`) VALUES ('79','message','0','1332',',xuesong,','','','admin编辑了任务 <a href=\'http://124.220.43.191/task-view-29.html\'  >[#29::审批流节点设置工作流字段在对应审批页面展示]</a>
','admin','2022-12-20 22:27:32','0000-00-00 00:00:00','wait','');
INSERT INTO `zt_notify`(`id`,`objectType`,`objectID`,`action`,`toList`,`ccList`,`subject`,`data`,`createdBy`,`createdDate`,`sendTime`,`status`,`failReason`) VALUES ('80','message','0','1333',',wangxiaomeng,','','','admin编辑了任务 <a href=\'http://124.220.43.191/task-view-28.html\'  >[#28::审批流创建页面增加选择工作流]</a>
','admin','2022-12-20 22:27:34','0000-00-00 00:00:00','wait','');
INSERT INTO `zt_notify`(`id`,`objectType`,`objectID`,`action`,`toList`,`ccList`,`subject`,`data`,`createdBy`,`createdDate`,`sendTime`,`status`,`failReason`) VALUES ('81','message','0','1334',',wangxiaomeng,','','','admin编辑了任务 <a href=\'http://124.220.43.191/task-view-27.html\'  >[#27::工作流绑定审批流时增加联动]</a>
','admin','2022-12-20 22:27:37','0000-00-00 00:00:00','wait','');
INSERT INTO `zt_notify`(`id`,`objectType`,`objectID`,`action`,`toList`,`ccList`,`subject`,`data`,`createdBy`,`createdDate`,`sendTime`,`status`,`failReason`) VALUES ('82','message','0','1335',',wangxiaomeng,','','','admin编辑了任务 <a href=\'http://124.220.43.191/task-view-26.html\'  >[#26::在审批节点可设置展示或编辑对应审批流绑定的表单字段]</a>
','admin','2022-12-20 22:27:39','0000-00-00 00:00:00','wait','');
INSERT INTO `zt_notify`(`id`,`objectType`,`objectID`,`action`,`toList`,`ccList`,`subject`,`data`,`createdBy`,`createdDate`,`sendTime`,`status`,`failReason`) VALUES ('83','message','0','1336',',renying,','','','admin编辑了任务 <a href=\'http://124.220.43.191/task-view-25.html\'  >[#25::审批流节点设计审批类型增加项目角色]</a>
','admin','2022-12-20 22:27:42','0000-00-00 00:00:00','wait','');
CREATE TABLE `zt_oauth` (
  `account` varchar(30) NOT NULL,
  `openID` varchar(255) NOT NULL,
  `providerType` varchar(30) NOT NULL,
  `providerID` mediumint(8) unsigned NOT NULL,
  KEY `account` (`account`),
  KEY `providerType` (`providerType`),
  KEY `providerID` (`providerID`)
) ENGINE=InnoDB DEFAULT CHARSET=utf8;
CREATE TABLE `zt_object` (
  `id` mediumint(8) unsigned NOT NULL AUTO_INCREMENT,
  `project` mediumint(8) unsigned NOT NULL,
  `product` mediumint(8) NOT NULL,
  `from` mediumint(8) NOT NULL,
  `title` varchar(255) NOT NULL,
  `category` char(30) NOT NULL,
  `version` varchar(255) NOT NULL,
  `type` enum('reviewed','taged') NOT NULL,
  `range` text NOT NULL,
  `data` text NOT NULL,
  `storyEst` char(30) NOT NULL,
  `taskEst` char(30) NOT NULL,
  `requestEst` char(30) NOT NULL,
  `testEst` char(30) NOT NULL,
  `devEst` char(30) NOT NULL,
  `designEst` char(30) NOT NULL,
  `createdBy` char(30) NOT NULL,
  `createdDate` date NOT NULL,
  `deleted` enum('0','1') NOT NULL DEFAULT '0',
  PRIMARY KEY (`id`)
) ENGINE=InnoDB DEFAULT CHARSET=utf8;
CREATE TABLE `zt_opportunity` (
  `id` mediumint(8) unsigned NOT NULL AUTO_INCREMENT,
  `project` mediumint(8) unsigned NOT NULL,
  `execution` mediumint(8) unsigned NOT NULL,
  `name` varchar(255) NOT NULL,
  `source` char(30) NOT NULL,
  `type` char(30) NOT NULL,
  `strategy` char(30) NOT NULL,
  `status` varchar(30) NOT NULL DEFAULT 'active',
  `impact` mediumint(8) NOT NULL,
  `chance` mediumint(8) NOT NULL,
  `ratio` mediumint(8) NOT NULL,
  `pri` char(30) NOT NULL,
  `identifiedDate` date NOT NULL,
  `assignedTo` varchar(30) NOT NULL,
  `assignedDate` date NOT NULL,
  `approvedDate` date NOT NULL,
  `prevention` mediumtext NOT NULL,
  `plannedClosedDate` date NOT NULL,
  `actualClosedDate` date NOT NULL,
  `lib` mediumint(8) unsigned NOT NULL DEFAULT '0',
  `from` mediumint(8) unsigned NOT NULL DEFAULT '0',
  `version` smallint(6) NOT NULL DEFAULT '1',
  `createdBy` varchar(30) NOT NULL,
  `createdDate` datetime NOT NULL,
  `editedBy` varchar(30) NOT NULL,
  `editedDate` datetime NOT NULL,
  `activatedBy` varchar(30) NOT NULL,
  `activatedDate` datetime NOT NULL,
  `closedBy` varchar(30) NOT NULL,
  `closedDate` datetime NOT NULL,
  `canceledBy` varchar(30) NOT NULL,
  `canceledDate` datetime NOT NULL,
  `cancelReason` char(30) NOT NULL,
  `hangupedBy` varchar(30) NOT NULL,
  `hangupedDate` datetime NOT NULL,
  `resolution` mediumtext NOT NULL,
  `resolvedBy` varchar(30) NOT NULL,
  `resolvedDate` datetime NOT NULL,
  `lastCheckedBy` varchar(30) NOT NULL,
  `lastCheckedDate` datetime NOT NULL,
  `deleted` enum('0','1') NOT NULL DEFAULT '0',
  PRIMARY KEY (`id`)
) ENGINE=InnoDB DEFAULT CHARSET=utf8;
CREATE TABLE `zt_overtime` (
  `id` mediumint(8) unsigned NOT NULL AUTO_INCREMENT,
  `year` char(4) NOT NULL,
  `begin` date NOT NULL,
  `end` date NOT NULL,
  `start` time NOT NULL,
  `finish` time NOT NULL,
  `hours` float(4,1) unsigned NOT NULL DEFAULT '0.0',
  `leave` varchar(255) NOT NULL,
  `type` varchar(30) NOT NULL DEFAULT '',
  `desc` text NOT NULL,
  `status` varchar(30) NOT NULL DEFAULT '',
  `rejectReason` varchar(100) NOT NULL,
  `createdBy` char(30) NOT NULL,
  `createdDate` datetime NOT NULL,
  `reviewedBy` char(30) NOT NULL,
  `reviewedDate` datetime NOT NULL,
  `level` tinyint(3) NOT NULL,
  `assignedTo` varchar(30) NOT NULL,
  `reviewers` text NOT NULL,
  PRIMARY KEY (`id`),
  KEY `year` (`year`),
  KEY `type` (`type`),
  KEY `status` (`status`),
  KEY `createdBy` (`createdBy`)
) ENGINE=InnoDB DEFAULT CHARSET=utf8;
CREATE TABLE `zt_pipeline` (
  `id` smallint(8) unsigned NOT NULL AUTO_INCREMENT,
  `type` char(30) NOT NULL,
  `name` varchar(50) NOT NULL,
  `url` varchar(255) DEFAULT NULL,
  `account` varchar(30) DEFAULT NULL,
  `password` varchar(255) NOT NULL,
  `token` varchar(255) DEFAULT NULL,
  `private` char(32) DEFAULT NULL,
  `createdBy` varchar(30) NOT NULL,
  `createdDate` datetime NOT NULL,
  `editedBy` varchar(30) NOT NULL,
  `editedDate` datetime NOT NULL,
  `deleted` enum('0','1') NOT NULL DEFAULT '0',
  PRIMARY KEY (`id`)
) ENGINE=InnoDB DEFAULT CHARSET=utf8;
CREATE TABLE `zt_planstory` (
  `plan` mediumint(8) unsigned NOT NULL,
  `story` mediumint(8) unsigned NOT NULL,
  `order` mediumint(9) NOT NULL,
  UNIQUE KEY `plan_story` (`plan`,`story`)
) ENGINE=InnoDB DEFAULT CHARSET=utf8;
INSERT INTO `zt_planstory`(`plan`,`story`,`order`) VALUES ('1','19','8');
INSERT INTO `zt_planstory`(`plan`,`story`,`order`) VALUES ('1','20','7');
INSERT INTO `zt_planstory`(`plan`,`story`,`order`) VALUES ('1','21','6');
INSERT INTO `zt_planstory`(`plan`,`story`,`order`) VALUES ('1','22','5');
INSERT INTO `zt_planstory`(`plan`,`story`,`order`) VALUES ('1','23','4');
INSERT INTO `zt_planstory`(`plan`,`story`,`order`) VALUES ('1','24','3');
INSERT INTO `zt_planstory`(`plan`,`story`,`order`) VALUES ('1','25','2');
INSERT INTO `zt_planstory`(`plan`,`story`,`order`) VALUES ('1','26','1');
CREATE TABLE `zt_process` (
  `id` mediumint(8) unsigned NOT NULL AUTO_INCREMENT,
  `model` char(30) NOT NULL DEFAULT 'waterfall',
  `name` varchar(255) NOT NULL,
  `type` char(30) NOT NULL,
  `abbr` char(30) NOT NULL,
  `desc` mediumtext NOT NULL,
  `assignedTo` varchar(30) NOT NULL,
  `status` varchar(30) NOT NULL,
  `order` mediumint(9) NOT NULL,
  `createdBy` varchar(30) NOT NULL,
  `createdDate` datetime NOT NULL,
  `editedBy` varchar(30) NOT NULL,
  `editedDate` datetime NOT NULL,
  `assignedBy` varchar(30) NOT NULL,
  `assignedDate` datetime NOT NULL,
  `deleted` enum('0','1') NOT NULL DEFAULT '0',
  PRIMARY KEY (`id`)
) ENGINE=InnoDB AUTO_INCREMENT=55 DEFAULT CHARSET=utf8;
INSERT INTO `zt_process`(`id`,`model`,`name`,`type`,`abbr`,`desc`,`assignedTo`,`status`,`order`,`createdBy`,`createdDate`,`editedBy`,`editedDate`,`assignedBy`,`assignedDate`,`deleted`) VALUES ('11','waterfall','立项管理','project','PIM','','','','55','admin','2020-01-09 10:29:55','','0000-00-00 00:00:00','','0000-00-00 00:00:00','1');
INSERT INTO `zt_process`(`id`,`model`,`name`,`type`,`abbr`,`desc`,`assignedTo`,`status`,`order`,`createdBy`,`createdDate`,`editedBy`,`editedDate`,`assignedBy`,`assignedDate`,`deleted`) VALUES ('12','waterfall','项目规划','project','PP','','','','60','admin','2020-01-09 10:31:16','','0000-00-00 00:00:00','','0000-00-00 00:00:00','1');
INSERT INTO `zt_process`(`id`,`model`,`name`,`type`,`abbr`,`desc`,`assignedTo`,`status`,`order`,`createdBy`,`createdDate`,`editedBy`,`editedDate`,`assignedBy`,`assignedDate`,`deleted`) VALUES ('13','waterfall','项目监控','project','PMC','','','','65','admin','2020-01-09 10:31:16','','0000-00-00 00:00:00','','0000-00-00 00:00:00','1');
INSERT INTO `zt_process`(`id`,`model`,`name`,`type`,`abbr`,`desc`,`assignedTo`,`status`,`order`,`createdBy`,`createdDate`,`editedBy`,`editedDate`,`assignedBy`,`assignedDate`,`deleted`) VALUES ('14','waterfall','风险管理','project','RSKM','','','','70','admin','2020-01-09 10:31:16','','0000-00-00 00:00:00','','0000-00-00 00:00:00','1');
INSERT INTO `zt_process`(`id`,`model`,`name`,`type`,`abbr`,`desc`,`assignedTo`,`status`,`order`,`createdBy`,`createdDate`,`editedBy`,`editedDate`,`assignedBy`,`assignedDate`,`deleted`) VALUES ('15','waterfall','结项管理','project','PCM','','','','75','admin','2020-01-09 10:31:16','','0000-00-00 00:00:00','','0000-00-00 00:00:00','1');
INSERT INTO `zt_process`(`id`,`model`,`name`,`type`,`abbr`,`desc`,`assignedTo`,`status`,`order`,`createdBy`,`createdDate`,`editedBy`,`editedDate`,`assignedBy`,`assignedDate`,`deleted`) VALUES ('16','waterfall','量化项目管理','project','QPM','','','','80','admin','2020-01-09 10:31:16','','0000-00-00 00:00:00','','0000-00-00 00:00:00','1');
INSERT INTO `zt_process`(`id`,`model`,`name`,`type`,`abbr`,`desc`,`assignedTo`,`status`,`order`,`createdBy`,`createdDate`,`editedBy`,`editedDate`,`assignedBy`,`assignedDate`,`deleted`) VALUES ('17','waterfall','需求开发','engineering','RDM','','','','85','admin','2020-01-09 13:14:55','','0000-00-00 00:00:00','','0000-00-00 00:00:00','1');
INSERT INTO `zt_process`(`id`,`model`,`name`,`type`,`abbr`,`desc`,`assignedTo`,`status`,`order`,`createdBy`,`createdDate`,`editedBy`,`editedDate`,`assignedBy`,`assignedDate`,`deleted`) VALUES ('18','waterfall','设计、开发、单元测试阶段','project','','','','','90','admin','2020-01-09 13:14:55','admin','2022-12-16 08:24:10','','0000-00-00 00:00:00','0');
INSERT INTO `zt_process`(`id`,`model`,`name`,`type`,`abbr`,`desc`,`assignedTo`,`status`,`order`,`createdBy`,`createdDate`,`editedBy`,`editedDate`,`assignedBy`,`assignedDate`,`deleted`) VALUES ('19','waterfall','实现与测试','engineering','EMBEDDED','','','','95','admin','2020-01-09 13:14:55','','0000-00-00 00:00:00','','0000-00-00 00:00:00','1');
INSERT INTO `zt_process`(`id`,`model`,`name`,`type`,`abbr`,`desc`,`assignedTo`,`status`,`order`,`createdBy`,`createdDate`,`editedBy`,`editedDate`,`assignedBy`,`assignedDate`,`deleted`) VALUES ('20','waterfall','系统测试','engineering','ST','','','','100','admin','2020-01-09 13:14:55','','0000-00-00 00:00:00','','0000-00-00 00:00:00','1');
INSERT INTO `zt_process`(`id`,`model`,`name`,`type`,`abbr`,`desc`,`assignedTo`,`status`,`order`,`createdBy`,`createdDate`,`editedBy`,`editedDate`,`assignedBy`,`assignedDate`,`deleted`) VALUES ('21','waterfall','客户验收','engineering','CA','','','','105','admin','2020-01-09 13:14:55','','0000-00-00 00:00:00','','0000-00-00 00:00:00','1');
INSERT INTO `zt_process`(`id`,`model`,`name`,`type`,`abbr`,`desc`,`assignedTo`,`status`,`order`,`createdBy`,`createdDate`,`editedBy`,`editedDate`,`assignedBy`,`assignedDate`,`deleted`) VALUES ('22','waterfall','质量保证','support','QA','','','','110','admin','2020-01-09 13:14:55','','0000-00-00 00:00:00','','0000-00-00 00:00:00','1');
INSERT INTO `zt_process`(`id`,`model`,`name`,`type`,`abbr`,`desc`,`assignedTo`,`status`,`order`,`createdBy`,`createdDate`,`editedBy`,`editedDate`,`assignedBy`,`assignedDate`,`deleted`) VALUES ('23','waterfall','配置管理','support','CM','','','','115','admin','2020-01-09 13:14:55','','0000-00-00 00:00:00','','0000-00-00 00:00:00','1');
INSERT INTO `zt_process`(`id`,`model`,`name`,`type`,`abbr`,`desc`,`assignedTo`,`status`,`order`,`createdBy`,`createdDate`,`editedBy`,`editedDate`,`assignedBy`,`assignedDate`,`deleted`) VALUES ('24','waterfall','度量分析','support','MA','','','','120','admin','2020-01-09 13:14:55','','0000-00-00 00:00:00','','0000-00-00 00:00:00','1');
INSERT INTO `zt_process`(`id`,`model`,`name`,`type`,`abbr`,`desc`,`assignedTo`,`status`,`order`,`createdBy`,`createdDate`,`editedBy`,`editedDate`,`assignedBy`,`assignedDate`,`deleted`) VALUES ('25','waterfall','原因分析与解决','support','CAR','','','','125','admin','2020-01-09 13:14:55','','0000-00-00 00:00:00','','0000-00-00 00:00:00','1');
INSERT INTO `zt_process`(`id`,`model`,`name`,`type`,`abbr`,`desc`,`assignedTo`,`status`,`order`,`createdBy`,`createdDate`,`editedBy`,`editedDate`,`assignedBy`,`assignedDate`,`deleted`) VALUES ('26','waterfall','决策分析','support','DAR','','','','130','admin','2020-01-09 13:14:55','','0000-00-00 00:00:00','','0000-00-00 00:00:00','1');
INSERT INTO `zt_process`(`id`,`model`,`name`,`type`,`abbr`,`desc`,`assignedTo`,`status`,`order`,`createdBy`,`createdDate`,`editedBy`,`editedDate`,`assignedBy`,`assignedDate`,`deleted`) VALUES ('27','scrum','立项管理','project','PIM','','','','55','admin','2020-01-09 10:29:55','','0000-00-00 00:00:00','','0000-00-00 00:00:00','0');
INSERT INTO `zt_process`(`id`,`model`,`name`,`type`,`abbr`,`desc`,`assignedTo`,`status`,`order`,`createdBy`,`createdDate`,`editedBy`,`editedDate`,`assignedBy`,`assignedDate`,`deleted`) VALUES ('28','scrum','项目规划','project','PP','','','','60','admin','2020-01-09 10:31:16','','0000-00-00 00:00:00','','0000-00-00 00:00:00','0');
INSERT INTO `zt_process`(`id`,`model`,`name`,`type`,`abbr`,`desc`,`assignedTo`,`status`,`order`,`createdBy`,`createdDate`,`editedBy`,`editedDate`,`assignedBy`,`assignedDate`,`deleted`) VALUES ('29','scrum','项目监控','project','PMC','','','','65','admin','2020-01-09 10:31:16','','0000-00-00 00:00:00','','0000-00-00 00:00:00','0');
INSERT INTO `zt_process`(`id`,`model`,`name`,`type`,`abbr`,`desc`,`assignedTo`,`status`,`order`,`createdBy`,`createdDate`,`editedBy`,`editedDate`,`assignedBy`,`assignedDate`,`deleted`) VALUES ('30','scrum','风险管理','project','RSKM','','','','70','admin','2020-01-09 10:31:16','','0000-00-00 00:00:00','','0000-00-00 00:00:00','0');
INSERT INTO `zt_process`(`id`,`model`,`name`,`type`,`abbr`,`desc`,`assignedTo`,`status`,`order`,`createdBy`,`createdDate`,`editedBy`,`editedDate`,`assignedBy`,`assignedDate`,`deleted`) VALUES ('31','scrum','结项管理','project','PCM','','','','75','admin','2020-01-09 10:31:16','','0000-00-00 00:00:00','','0000-00-00 00:00:00','0');
INSERT INTO `zt_process`(`id`,`model`,`name`,`type`,`abbr`,`desc`,`assignedTo`,`status`,`order`,`createdBy`,`createdDate`,`editedBy`,`editedDate`,`assignedBy`,`assignedDate`,`deleted`) VALUES ('32','scrum','量化项目管理','project','QPM','','','','80','admin','2020-01-09 10:31:16','','0000-00-00 00:00:00','','0000-00-00 00:00:00','0');
INSERT INTO `zt_process`(`id`,`model`,`name`,`type`,`abbr`,`desc`,`assignedTo`,`status`,`order`,`createdBy`,`createdDate`,`editedBy`,`editedDate`,`assignedBy`,`assignedDate`,`deleted`) VALUES ('33','scrum','需求开发','engineering','RDM','','','','85','admin','2020-01-09 13:14:55','','0000-00-00 00:00:00','','0000-00-00 00:00:00','1');
INSERT INTO `zt_process`(`id`,`model`,`name`,`type`,`abbr`,`desc`,`assignedTo`,`status`,`order`,`createdBy`,`createdDate`,`editedBy`,`editedDate`,`assignedBy`,`assignedDate`,`deleted`) VALUES ('34','scrum','设计开发','engineering','','','','','90','admin','2020-01-09 13:14:55','','0000-00-00 00:00:00','','0000-00-00 00:00:00','0');
INSERT INTO `zt_process`(`id`,`model`,`name`,`type`,`abbr`,`desc`,`assignedTo`,`status`,`order`,`createdBy`,`createdDate`,`editedBy`,`editedDate`,`assignedBy`,`assignedDate`,`deleted`) VALUES ('35','scrum','实现与测试','engineering','EMBEDDED','','','','95','admin','2020-01-09 13:14:55','','0000-00-00 00:00:00','','0000-00-00 00:00:00','0');
INSERT INTO `zt_process`(`id`,`model`,`name`,`type`,`abbr`,`desc`,`assignedTo`,`status`,`order`,`createdBy`,`createdDate`,`editedBy`,`editedDate`,`assignedBy`,`assignedDate`,`deleted`) VALUES ('36','scrum','系统测试','engineering','ST','','','','100','admin','2020-01-09 13:14:55','','0000-00-00 00:00:00','','0000-00-00 00:00:00','0');
INSERT INTO `zt_process`(`id`,`model`,`name`,`type`,`abbr`,`desc`,`assignedTo`,`status`,`order`,`createdBy`,`createdDate`,`editedBy`,`editedDate`,`assignedBy`,`assignedDate`,`deleted`) VALUES ('37','scrum','客户验收','engineering','CA','','','','105','admin','2020-01-09 13:14:55','','0000-00-00 00:00:00','','0000-00-00 00:00:00','0');
INSERT INTO `zt_process`(`id`,`model`,`name`,`type`,`abbr`,`desc`,`assignedTo`,`status`,`order`,`createdBy`,`createdDate`,`editedBy`,`editedDate`,`assignedBy`,`assignedDate`,`deleted`) VALUES ('38','scrum','质量保证','support','QA','','','','110','admin','2020-01-09 13:14:55','','0000-00-00 00:00:00','','0000-00-00 00:00:00','0');
INSERT INTO `zt_process`(`id`,`model`,`name`,`type`,`abbr`,`desc`,`assignedTo`,`status`,`order`,`createdBy`,`createdDate`,`editedBy`,`editedDate`,`assignedBy`,`assignedDate`,`deleted`) VALUES ('39','scrum','配置管理','support','CM','','','','115','admin','2020-01-09 13:14:55','','0000-00-00 00:00:00','','0000-00-00 00:00:00','0');
INSERT INTO `zt_process`(`id`,`model`,`name`,`type`,`abbr`,`desc`,`assignedTo`,`status`,`order`,`createdBy`,`createdDate`,`editedBy`,`editedDate`,`assignedBy`,`assignedDate`,`deleted`) VALUES ('40','scrum','度量分析','support','MA','','','','120','admin','2020-01-09 13:14:55','','0000-00-00 00:00:00','','0000-00-00 00:00:00','1');
INSERT INTO `zt_process`(`id`,`model`,`name`,`type`,`abbr`,`desc`,`assignedTo`,`status`,`order`,`createdBy`,`createdDate`,`editedBy`,`editedDate`,`assignedBy`,`assignedDate`,`deleted`) VALUES ('41','scrum','原因分析与解决','support','CAR','','','','125','admin','2020-01-09 13:14:55','','0000-00-00 00:00:00','','0000-00-00 00:00:00','1');
INSERT INTO `zt_process`(`id`,`model`,`name`,`type`,`abbr`,`desc`,`assignedTo`,`status`,`order`,`createdBy`,`createdDate`,`editedBy`,`editedDate`,`assignedBy`,`assignedDate`,`deleted`) VALUES ('42','scrum','决策分析','support','DAR','','','','130','admin','2020-01-09 13:14:55','','0000-00-00 00:00:00','','0000-00-00 00:00:00','1');
INSERT INTO `zt_process`(`id`,`model`,`name`,`type`,`abbr`,`desc`,`assignedTo`,`status`,`order`,`createdBy`,`createdDate`,`editedBy`,`editedDate`,`assignedBy`,`assignedDate`,`deleted`) VALUES ('43','waterfall','项目准备阶段','project','','','','','215','jingxiumei','2022-12-14 15:07:27','jingxiumei','2022-12-15 14:15:12','','0000-00-00 00:00:00','0');
INSERT INTO `zt_process`(`id`,`model`,`name`,`type`,`abbr`,`desc`,`assignedTo`,`status`,`order`,`createdBy`,`createdDate`,`editedBy`,`editedDate`,`assignedBy`,`assignedDate`,`deleted`) VALUES ('44','waterfall','项目启动阶段','project','','项目启动','','','220','771390','2022-12-14 15:45:17','','0000-00-00 00:00:00','','0000-00-00 00:00:00','1');
INSERT INTO `zt_process`(`id`,`model`,`name`,`type`,`abbr`,`desc`,`assignedTo`,`status`,`order`,`createdBy`,`createdDate`,`editedBy`,`editedDate`,`assignedBy`,`assignedDate`,`deleted`) VALUES ('45','waterfall','项目立项阶段','project','','','','','0','jingxiumei','2022-12-15 14:14:41','jingxiumei','2022-12-15 14:20:40','','0000-00-00 00:00:00','0');
INSERT INTO `zt_process`(`id`,`model`,`name`,`type`,`abbr`,`desc`,`assignedTo`,`status`,`order`,`createdBy`,`createdDate`,`editedBy`,`editedDate`,`assignedBy`,`assignedDate`,`deleted`) VALUES ('46','waterfall','项目启动阶段','project','','','','','0','jingxiumei','2022-12-15 14:14:41','','0000-00-00 00:00:00','','0000-00-00 00:00:00','0');
INSERT INTO `zt_process`(`id`,`model`,`name`,`type`,`abbr`,`desc`,`assignedTo`,`status`,`order`,`createdBy`,`createdDate`,`editedBy`,`editedDate`,`assignedBy`,`assignedDate`,`deleted`) VALUES ('47','waterfall','项目管理全过程阶段','project','','','','','0','jingxiumei','2022-12-15 14:14:41','','0000-00-00 00:00:00','','0000-00-00 00:00:00','0');
INSERT INTO `zt_process`(`id`,`model`,`name`,`type`,`abbr`,`desc`,`assignedTo`,`status`,`order`,`createdBy`,`createdDate`,`editedBy`,`editedDate`,`assignedBy`,`assignedDate`,`deleted`) VALUES ('48','waterfall','需求确定阶段','project','','','','','0','jingxiumei','2022-12-15 14:14:41','','0000-00-00 00:00:00','','0000-00-00 00:00:00','0');
INSERT INTO `zt_process`(`id`,`model`,`name`,`type`,`abbr`,`desc`,`assignedTo`,`status`,`order`,`createdBy`,`createdDate`,`editedBy`,`editedDate`,`assignedBy`,`assignedDate`,`deleted`) VALUES ('49','waterfall','设计、开发、单元测试阶段','project','','','','','0','jingxiumei','2022-12-15 14:14:41','','0000-00-00 00:00:00','','0000-00-00 00:00:00','1');
INSERT INTO `zt_process`(`id`,`model`,`name`,`type`,`abbr`,`desc`,`assignedTo`,`status`,`order`,`createdBy`,`createdDate`,`editedBy`,`editedDate`,`assignedBy`,`assignedDate`,`deleted`) VALUES ('50','waterfall','系统集成测试、安全、性能测试阶段','project','','','','','0','jingxiumei','2022-12-15 14:14:41','','0000-00-00 00:00:00','','0000-00-00 00:00:00','0');
INSERT INTO `zt_process`(`id`,`model`,`name`,`type`,`abbr`,`desc`,`assignedTo`,`status`,`order`,`createdBy`,`createdDate`,`editedBy`,`editedDate`,`assignedBy`,`assignedDate`,`deleted`) VALUES ('51','waterfall','业务验收测试阶段','project','','','','','0','jingxiumei','2022-12-15 14:14:41','','0000-00-00 00:00:00','','0000-00-00 00:00:00','0');
INSERT INTO `zt_process`(`id`,`model`,`name`,`type`,`abbr`,`desc`,`assignedTo`,`status`,`order`,`createdBy`,`createdDate`,`editedBy`,`editedDate`,`assignedBy`,`assignedDate`,`deleted`) VALUES ('52','waterfall','项目投产阶段','project','','','','','0','jingxiumei','2022-12-15 14:14:41','','0000-00-00 00:00:00','','0000-00-00 00:00:00','0');
INSERT INTO `zt_process`(`id`,`model`,`name`,`type`,`abbr`,`desc`,`assignedTo`,`status`,`order`,`createdBy`,`createdDate`,`editedBy`,`editedDate`,`assignedBy`,`assignedDate`,`deleted`) VALUES ('53','waterfall','项目验收阶段','project','','','','','0','jingxiumei','2022-12-15 14:14:41','','0000-00-00 00:00:00','','0000-00-00 00:00:00','0');
INSERT INTO `zt_process`(`id`,`model`,`name`,`type`,`abbr`,`desc`,`assignedTo`,`status`,`order`,`createdBy`,`createdDate`,`editedBy`,`editedDate`,`assignedBy`,`assignedDate`,`deleted`) VALUES ('54','waterfall','项目收尾阶段','project','','','','','0','jingxiumei','2022-12-15 14:14:41','','0000-00-00 00:00:00','','0000-00-00 00:00:00','0');
CREATE TABLE `zt_product` (
  `id` mediumint(8) unsigned NOT NULL AUTO_INCREMENT,
  `program` mediumint(8) unsigned NOT NULL,
  `name` varchar(110) NOT NULL,
  `code` varchar(45) NOT NULL,
  `shadow` tinyint(1) unsigned NOT NULL,
  `bind` enum('0','1') NOT NULL DEFAULT '0',
  `line` mediumint(8) NOT NULL,
  `type` varchar(30) NOT NULL DEFAULT 'normal',
  `status` varchar(30) NOT NULL DEFAULT '',
  `subStatus` varchar(30) NOT NULL DEFAULT '',
  `desc` mediumtext NOT NULL,
  `PO` varchar(30) NOT NULL,
  `QD` varchar(30) NOT NULL,
  `RD` varchar(30) NOT NULL,
  `feedback` varchar(30) NOT NULL,
  `ticket` varchar(30) NOT NULL,
  `acl` enum('open','private','custom') NOT NULL DEFAULT 'open',
  `whitelist` text NOT NULL,
  `reviewer` text NOT NULL,
  `createdBy` varchar(30) NOT NULL,
  `createdDate` datetime NOT NULL,
  `createdVersion` varchar(20) NOT NULL,
  `order` mediumint(8) unsigned NOT NULL,
  `vision` varchar(10) NOT NULL DEFAULT 'rnd',
  `deleted` enum('0','1') NOT NULL DEFAULT '0',
  PRIMARY KEY (`id`),
  KEY `acl` (`acl`),
  KEY `order` (`order`)
) ENGINE=InnoDB AUTO_INCREMENT=7 DEFAULT CHARSET=utf8;
INSERT INTO `zt_product`(`id`,`program`,`name`,`code`,`shadow`,`bind`,`line`,`type`,`status`,`subStatus`,`desc`,`PO`,`QD`,`RD`,`feedback`,`ticket`,`acl`,`whitelist`,`reviewer`,`createdBy`,`createdDate`,`createdVersion`,`order`,`vision`,`deleted`) VALUES ('1','8','项目管理系统2.0','0305','0','0','0','normal','normal','','','003030','771642','001494','jingxiumei','001494','private',',000127,001494,002403,002940,003030,008829,771331,771349,771390','000127,001494,002403,002940,003030,jingxiumei','jingxiumei','2022-12-12 10:35:20','max4.0.beta1','5','rnd','0');
INSERT INTO `zt_product`(`id`,`program`,`name`,`code`,`shadow`,`bind`,`line`,`type`,`status`,`subStatus`,`desc`,`PO`,`QD`,`RD`,`feedback`,`ticket`,`acl`,`whitelist`,`reviewer`,`createdBy`,`createdDate`,`createdVersion`,`order`,`vision`,`deleted`) VALUES ('2','0','禅道项目管理系统','Zentao','0','0','0','normal','normal','','','yangchao','771642','yangchao','yangchao','771652','open','','001494,003030,jingxiumei,yangchao','yangchao','2022-12-12 10:37:01','max4.0.beta1','10','rnd','1');
INSERT INTO `zt_product`(`id`,`program`,`name`,`code`,`shadow`,`bind`,`line`,`type`,`status`,`subStatus`,`desc`,`PO`,`QD`,`RD`,`feedback`,`ticket`,`acl`,`whitelist`,`reviewer`,`createdBy`,`createdDate`,`createdVersion`,`order`,`vision`,`deleted`) VALUES ('3','0','测试预启动功能','','0','1','0','normal','normal','','','','','','','','private','','','yangchao','2022-12-21 21:22:30','max4.0.beta1','15','rnd','0');
INSERT INTO `zt_product`(`id`,`program`,`name`,`code`,`shadow`,`bind`,`line`,`type`,`status`,`subStatus`,`desc`,`PO`,`QD`,`RD`,`feedback`,`ticket`,`acl`,`whitelist`,`reviewer`,`createdBy`,`createdDate`,`createdVersion`,`order`,`vision`,`deleted`) VALUES ('4','0','测试预启动状态','','0','1','0','normal','normal','','','','','','','','private','','','yangchao','2022-12-21 21:38:02','max4.0.beta1','20','rnd','0');
INSERT INTO `zt_product`(`id`,`program`,`name`,`code`,`shadow`,`bind`,`line`,`type`,`status`,`subStatus`,`desc`,`PO`,`QD`,`RD`,`feedback`,`ticket`,`acl`,`whitelist`,`reviewer`,`createdBy`,`createdDate`,`createdVersion`,`order`,`vision`,`deleted`) VALUES ('5','0','111','','0','1','0','normal','normal','','','','','','','','private','','','771642','2022-12-23 18:35:20','max4.0.beta1','25','rnd','0');
INSERT INTO `zt_product`(`id`,`program`,`name`,`code`,`shadow`,`bind`,`line`,`type`,`status`,`subStatus`,`desc`,`PO`,`QD`,`RD`,`feedback`,`ticket`,`acl`,`whitelist`,`reviewer`,`createdBy`,`createdDate`,`createdVersion`,`order`,`vision`,`deleted`) VALUES ('6','0','222','','0','1','0','normal','normal','','','771642','','','','','private','','','771642','2022-12-29 14:36:13','max4.0.beta1','30','rnd','0');
CREATE TABLE `zt_productplan` (
  `id` mediumint(8) unsigned NOT NULL AUTO_INCREMENT,
  `product` mediumint(8) unsigned NOT NULL,
  `branch` mediumint(8) unsigned NOT NULL,
  `parent` mediumint(9) NOT NULL DEFAULT '0',
  `title` varchar(90) NOT NULL,
  `status` enum('wait','doing','done','closed') NOT NULL DEFAULT 'wait',
  `desc` mediumtext NOT NULL,
  `begin` date NOT NULL,
  `end` date NOT NULL,
  `order` text NOT NULL,
  `closedReason` varchar(20) NOT NULL,
  `createdBy` varchar(30) NOT NULL,
  `createdDate` datetime NOT NULL,
  `deleted` enum('0','1') NOT NULL DEFAULT '0',
  PRIMARY KEY (`id`),
  KEY `product` (`product`),
  KEY `end` (`end`)
) ENGINE=InnoDB AUTO_INCREMENT=6 DEFAULT CHARSET=utf8;
INSERT INTO `zt_productplan`(`id`,`product`,`branch`,`parent`,`title`,`status`,`desc`,`begin`,`end`,`order`,`closedReason`,`createdBy`,`createdDate`,`deleted`) VALUES ('1','1','0','3','CSRCZentao V0.1','doing','工作流优化','2022-12-16','2022-12-23','','','003030','2022-12-16 16:06:52','0');
INSERT INTO `zt_productplan`(`id`,`product`,`branch`,`parent`,`title`,`status`,`desc`,`begin`,`end`,`order`,`closedReason`,`createdBy`,`createdDate`,`deleted`) VALUES ('2','1','0','3','CSRCZentao V0.2','wait','需求池','2022-12-26','2023-01-06','','','003030','2022-12-16 16:09:26','0');
INSERT INTO `zt_productplan`(`id`,`product`,`branch`,`parent`,`title`,`status`,`desc`,`begin`,`end`,`order`,`closedReason`,`createdBy`,`createdDate`,`deleted`) VALUES ('3','1','0','-1','CRCBZentao V1.0','doing','第一个大版本上线','2022-12-12','2023-03-10','','','003030','2022-12-16 16:11:58','0');
INSERT INTO `zt_productplan`(`id`,`product`,`branch`,`parent`,`title`,`status`,`desc`,`begin`,`end`,`order`,`closedReason`,`createdBy`,`createdDate`,`deleted`) VALUES ('4','1','0','3','CRCBZentao V0.3','wait','<p>项目章程、项目计划变更、项目上线流程</p>','2023-01-30','2023-02-10','','','003030','2022-12-16 16:17:04','0');
INSERT INTO `zt_productplan`(`id`,`product`,`branch`,`parent`,`title`,`status`,`desc`,`begin`,`end`,`order`,`closedReason`,`createdBy`,`createdDate`,`deleted`) VALUES ('5','1','0','3','CRCBZentao V0.4','wait','<p>DevOps、第三方系统对接（用户、组织架构、创建项目、堡垒机、自动发布平台、自动运维平台、邮件系统、统一消息通知、蓝信）</p>','2023-02-13','2023-02-17','','','003030','2022-12-16 16:22:35','0');
CREATE TABLE `zt_programactivity` (
  `id` int(8) NOT NULL AUTO_INCREMENT,
  `project` mediumint(8) unsigned NOT NULL,
  `execution` mediumint(8) unsigned NOT NULL,
  `process` mediumint(8) NOT NULL,
  `activity` mediumint(8) NOT NULL,
  `name` varchar(255) NOT NULL,
  `content` text NOT NULL,
  `reason` varchar(255) NOT NULL,
  `result` char(30) NOT NULL,
  `linkedBy` char(30) NOT NULL,
  `createdBy` char(30) NOT NULL,
  `createdDate` date NOT NULL,
  `deleted` enum('0','1') NOT NULL DEFAULT '0',
  PRIMARY KEY (`id`)
) ENGINE=InnoDB AUTO_INCREMENT=79 DEFAULT CHARSET=utf8;
INSERT INTO `zt_programactivity`(`id`,`project`,`execution`,`process`,`activity`,`name`,`content`,`reason`,`result`,`linkedBy`,`createdBy`,`createdDate`,`deleted`) VALUES ('1','1','0','43','171','','','','yes','admin','admin','2022-12-16','0');
INSERT INTO `zt_programactivity`(`id`,`project`,`execution`,`process`,`activity`,`name`,`content`,`reason`,`result`,`linkedBy`,`createdBy`,`createdDate`,`deleted`) VALUES ('2','1','0','43','170','','','','yes','admin','admin','2022-12-16','0');
INSERT INTO `zt_programactivity`(`id`,`project`,`execution`,`process`,`activity`,`name`,`content`,`reason`,`result`,`linkedBy`,`createdBy`,`createdDate`,`deleted`) VALUES ('3','1','0','43','172','','','','yes','admin','admin','2022-12-16','0');
INSERT INTO `zt_programactivity`(`id`,`project`,`execution`,`process`,`activity`,`name`,`content`,`reason`,`result`,`linkedBy`,`createdBy`,`createdDate`,`deleted`) VALUES ('4','1','0','43','237','','','','yes','admin','admin','2022-12-16','0');
INSERT INTO `zt_programactivity`(`id`,`project`,`execution`,`process`,`activity`,`name`,`content`,`reason`,`result`,`linkedBy`,`createdBy`,`createdDate`,`deleted`) VALUES ('5','1','0','18','203','','','','yes','admin','admin','2022-12-16','0');
INSERT INTO `zt_programactivity`(`id`,`project`,`execution`,`process`,`activity`,`name`,`content`,`reason`,`result`,`linkedBy`,`createdBy`,`createdDate`,`deleted`) VALUES ('6','1','0','18','204','','','','yes','admin','admin','2022-12-16','0');
INSERT INTO `zt_programactivity`(`id`,`project`,`execution`,`process`,`activity`,`name`,`content`,`reason`,`result`,`linkedBy`,`createdBy`,`createdDate`,`deleted`) VALUES ('7','1','0','18','205','','','','yes','admin','admin','2022-12-16','0');
INSERT INTO `zt_programactivity`(`id`,`project`,`execution`,`process`,`activity`,`name`,`content`,`reason`,`result`,`linkedBy`,`createdBy`,`createdDate`,`deleted`) VALUES ('8','1','0','18','206','','','','yes','admin','admin','2022-12-16','0');
INSERT INTO `zt_programactivity`(`id`,`project`,`execution`,`process`,`activity`,`name`,`content`,`reason`,`result`,`linkedBy`,`createdBy`,`createdDate`,`deleted`) VALUES ('9','1','0','18','207','','','','yes','admin','admin','2022-12-16','0');
INSERT INTO `zt_programactivity`(`id`,`project`,`execution`,`process`,`activity`,`name`,`content`,`reason`,`result`,`linkedBy`,`createdBy`,`createdDate`,`deleted`) VALUES ('10','1','0','18','208','','','','yes','admin','admin','2022-12-16','0');
INSERT INTO `zt_programactivity`(`id`,`project`,`execution`,`process`,`activity`,`name`,`content`,`reason`,`result`,`linkedBy`,`createdBy`,`createdDate`,`deleted`) VALUES ('11','1','0','18','209','','','','yes','admin','admin','2022-12-16','0');
INSERT INTO `zt_programactivity`(`id`,`project`,`execution`,`process`,`activity`,`name`,`content`,`reason`,`result`,`linkedBy`,`createdBy`,`createdDate`,`deleted`) VALUES ('12','1','0','18','210','','','','yes','admin','admin','2022-12-16','0');
INSERT INTO `zt_programactivity`(`id`,`project`,`execution`,`process`,`activity`,`name`,`content`,`reason`,`result`,`linkedBy`,`createdBy`,`createdDate`,`deleted`) VALUES ('13','1','0','18','211','','','','yes','admin','admin','2022-12-16','0');
INSERT INTO `zt_programactivity`(`id`,`project`,`execution`,`process`,`activity`,`name`,`content`,`reason`,`result`,`linkedBy`,`createdBy`,`createdDate`,`deleted`) VALUES ('14','1','0','18','212','','','','yes','admin','admin','2022-12-16','0');
INSERT INTO `zt_programactivity`(`id`,`project`,`execution`,`process`,`activity`,`name`,`content`,`reason`,`result`,`linkedBy`,`createdBy`,`createdDate`,`deleted`) VALUES ('15','1','0','18','213','','','','yes','admin','admin','2022-12-16','0');
INSERT INTO `zt_programactivity`(`id`,`project`,`execution`,`process`,`activity`,`name`,`content`,`reason`,`result`,`linkedBy`,`createdBy`,`createdDate`,`deleted`) VALUES ('16','1','0','18','214','','','','yes','admin','admin','2022-12-16','0');
INSERT INTO `zt_programactivity`(`id`,`project`,`execution`,`process`,`activity`,`name`,`content`,`reason`,`result`,`linkedBy`,`createdBy`,`createdDate`,`deleted`) VALUES ('17','1','0','18','215','','','','yes','admin','admin','2022-12-16','0');
INSERT INTO `zt_programactivity`(`id`,`project`,`execution`,`process`,`activity`,`name`,`content`,`reason`,`result`,`linkedBy`,`createdBy`,`createdDate`,`deleted`) VALUES ('18','1','0','18','242','','','','yes','admin','admin','2022-12-16','0');
INSERT INTO `zt_programactivity`(`id`,`project`,`execution`,`process`,`activity`,`name`,`content`,`reason`,`result`,`linkedBy`,`createdBy`,`createdDate`,`deleted`) VALUES ('19','1','0','45','173','','','','yes','admin','admin','2022-12-16','0');
INSERT INTO `zt_programactivity`(`id`,`project`,`execution`,`process`,`activity`,`name`,`content`,`reason`,`result`,`linkedBy`,`createdBy`,`createdDate`,`deleted`) VALUES ('20','1','0','45','174','','','','yes','admin','admin','2022-12-16','0');
INSERT INTO `zt_programactivity`(`id`,`project`,`execution`,`process`,`activity`,`name`,`content`,`reason`,`result`,`linkedBy`,`createdBy`,`createdDate`,`deleted`) VALUES ('21','1','0','45','238','','','','yes','admin','admin','2022-12-16','0');
INSERT INTO `zt_programactivity`(`id`,`project`,`execution`,`process`,`activity`,`name`,`content`,`reason`,`result`,`linkedBy`,`createdBy`,`createdDate`,`deleted`) VALUES ('22','1','0','46','175','','','','yes','admin','admin','2022-12-16','0');
INSERT INTO `zt_programactivity`(`id`,`project`,`execution`,`process`,`activity`,`name`,`content`,`reason`,`result`,`linkedBy`,`createdBy`,`createdDate`,`deleted`) VALUES ('23','1','0','46','176','','','','yes','admin','admin','2022-12-16','0');
INSERT INTO `zt_programactivity`(`id`,`project`,`execution`,`process`,`activity`,`name`,`content`,`reason`,`result`,`linkedBy`,`createdBy`,`createdDate`,`deleted`) VALUES ('24','1','0','46','177','','','','yes','admin','admin','2022-12-16','0');
INSERT INTO `zt_programactivity`(`id`,`project`,`execution`,`process`,`activity`,`name`,`content`,`reason`,`result`,`linkedBy`,`createdBy`,`createdDate`,`deleted`) VALUES ('25','1','0','46','178','','','','yes','admin','admin','2022-12-16','0');
INSERT INTO `zt_programactivity`(`id`,`project`,`execution`,`process`,`activity`,`name`,`content`,`reason`,`result`,`linkedBy`,`createdBy`,`createdDate`,`deleted`) VALUES ('26','1','0','46','179','','','','yes','admin','admin','2022-12-16','0');
INSERT INTO `zt_programactivity`(`id`,`project`,`execution`,`process`,`activity`,`name`,`content`,`reason`,`result`,`linkedBy`,`createdBy`,`createdDate`,`deleted`) VALUES ('27','1','0','46','180','','','','yes','admin','admin','2022-12-16','0');
INSERT INTO `zt_programactivity`(`id`,`project`,`execution`,`process`,`activity`,`name`,`content`,`reason`,`result`,`linkedBy`,`createdBy`,`createdDate`,`deleted`) VALUES ('28','1','0','46','181','','','','yes','admin','admin','2022-12-16','0');
INSERT INTO `zt_programactivity`(`id`,`project`,`execution`,`process`,`activity`,`name`,`content`,`reason`,`result`,`linkedBy`,`createdBy`,`createdDate`,`deleted`) VALUES ('29','1','0','46','182','','','','yes','admin','admin','2022-12-16','0');
INSERT INTO `zt_programactivity`(`id`,`project`,`execution`,`process`,`activity`,`name`,`content`,`reason`,`result`,`linkedBy`,`createdBy`,`createdDate`,`deleted`) VALUES ('30','1','0','46','183','','','','yes','admin','admin','2022-12-16','0');
INSERT INTO `zt_programactivity`(`id`,`project`,`execution`,`process`,`activity`,`name`,`content`,`reason`,`result`,`linkedBy`,`createdBy`,`createdDate`,`deleted`) VALUES ('31','1','0','46','184','','','','yes','admin','admin','2022-12-16','0');
INSERT INTO `zt_programactivity`(`id`,`project`,`execution`,`process`,`activity`,`name`,`content`,`reason`,`result`,`linkedBy`,`createdBy`,`createdDate`,`deleted`) VALUES ('32','1','0','46','185','','','','yes','admin','admin','2022-12-16','0');
INSERT INTO `zt_programactivity`(`id`,`project`,`execution`,`process`,`activity`,`name`,`content`,`reason`,`result`,`linkedBy`,`createdBy`,`createdDate`,`deleted`) VALUES ('33','1','0','46','186','','','','yes','admin','admin','2022-12-16','0');
INSERT INTO `zt_programactivity`(`id`,`project`,`execution`,`process`,`activity`,`name`,`content`,`reason`,`result`,`linkedBy`,`createdBy`,`createdDate`,`deleted`) VALUES ('34','1','0','46','187','','','','yes','admin','admin','2022-12-16','0');
INSERT INTO `zt_programactivity`(`id`,`project`,`execution`,`process`,`activity`,`name`,`content`,`reason`,`result`,`linkedBy`,`createdBy`,`createdDate`,`deleted`) VALUES ('35','1','0','46','239','','','','yes','admin','admin','2022-12-16','0');
INSERT INTO `zt_programactivity`(`id`,`project`,`execution`,`process`,`activity`,`name`,`content`,`reason`,`result`,`linkedBy`,`createdBy`,`createdDate`,`deleted`) VALUES ('36','1','0','47','188','','','','yes','admin','admin','2022-12-16','0');
INSERT INTO `zt_programactivity`(`id`,`project`,`execution`,`process`,`activity`,`name`,`content`,`reason`,`result`,`linkedBy`,`createdBy`,`createdDate`,`deleted`) VALUES ('37','1','0','47','189','','','','yes','admin','admin','2022-12-16','0');
INSERT INTO `zt_programactivity`(`id`,`project`,`execution`,`process`,`activity`,`name`,`content`,`reason`,`result`,`linkedBy`,`createdBy`,`createdDate`,`deleted`) VALUES ('38','1','0','47','190','','','','yes','admin','admin','2022-12-16','0');
INSERT INTO `zt_programactivity`(`id`,`project`,`execution`,`process`,`activity`,`name`,`content`,`reason`,`result`,`linkedBy`,`createdBy`,`createdDate`,`deleted`) VALUES ('39','1','0','47','191','','','','yes','admin','admin','2022-12-16','0');
INSERT INTO `zt_programactivity`(`id`,`project`,`execution`,`process`,`activity`,`name`,`content`,`reason`,`result`,`linkedBy`,`createdBy`,`createdDate`,`deleted`) VALUES ('40','1','0','47','192','','','','yes','admin','admin','2022-12-16','0');
INSERT INTO `zt_programactivity`(`id`,`project`,`execution`,`process`,`activity`,`name`,`content`,`reason`,`result`,`linkedBy`,`createdBy`,`createdDate`,`deleted`) VALUES ('41','1','0','47','193','','','','yes','admin','admin','2022-12-16','0');
INSERT INTO `zt_programactivity`(`id`,`project`,`execution`,`process`,`activity`,`name`,`content`,`reason`,`result`,`linkedBy`,`createdBy`,`createdDate`,`deleted`) VALUES ('42','1','0','47','240','','','','yes','admin','admin','2022-12-16','0');
INSERT INTO `zt_programactivity`(`id`,`project`,`execution`,`process`,`activity`,`name`,`content`,`reason`,`result`,`linkedBy`,`createdBy`,`createdDate`,`deleted`) VALUES ('43','1','0','48','194','','','','yes','admin','admin','2022-12-16','0');
INSERT INTO `zt_programactivity`(`id`,`project`,`execution`,`process`,`activity`,`name`,`content`,`reason`,`result`,`linkedBy`,`createdBy`,`createdDate`,`deleted`) VALUES ('44','1','0','48','195','','','','yes','admin','admin','2022-12-16','0');
INSERT INTO `zt_programactivity`(`id`,`project`,`execution`,`process`,`activity`,`name`,`content`,`reason`,`result`,`linkedBy`,`createdBy`,`createdDate`,`deleted`) VALUES ('45','1','0','48','196','','','','yes','admin','admin','2022-12-16','0');
INSERT INTO `zt_programactivity`(`id`,`project`,`execution`,`process`,`activity`,`name`,`content`,`reason`,`result`,`linkedBy`,`createdBy`,`createdDate`,`deleted`) VALUES ('46','1','0','48','197','','','','yes','admin','admin','2022-12-16','0');
INSERT INTO `zt_programactivity`(`id`,`project`,`execution`,`process`,`activity`,`name`,`content`,`reason`,`result`,`linkedBy`,`createdBy`,`createdDate`,`deleted`) VALUES ('47','1','0','48','198','','','','yes','admin','admin','2022-12-16','0');
INSERT INTO `zt_programactivity`(`id`,`project`,`execution`,`process`,`activity`,`name`,`content`,`reason`,`result`,`linkedBy`,`createdBy`,`createdDate`,`deleted`) VALUES ('48','1','0','48','199','','','','yes','admin','admin','2022-12-16','0');
INSERT INTO `zt_programactivity`(`id`,`project`,`execution`,`process`,`activity`,`name`,`content`,`reason`,`result`,`linkedBy`,`createdBy`,`createdDate`,`deleted`) VALUES ('49','1','0','48','200','','','','yes','admin','admin','2022-12-16','0');
INSERT INTO `zt_programactivity`(`id`,`project`,`execution`,`process`,`activity`,`name`,`content`,`reason`,`result`,`linkedBy`,`createdBy`,`createdDate`,`deleted`) VALUES ('50','1','0','48','201','','','','yes','admin','admin','2022-12-16','0');
INSERT INTO `zt_programactivity`(`id`,`project`,`execution`,`process`,`activity`,`name`,`content`,`reason`,`result`,`linkedBy`,`createdBy`,`createdDate`,`deleted`) VALUES ('51','1','0','48','202','','','','yes','admin','admin','2022-12-16','0');
INSERT INTO `zt_programactivity`(`id`,`project`,`execution`,`process`,`activity`,`name`,`content`,`reason`,`result`,`linkedBy`,`createdBy`,`createdDate`,`deleted`) VALUES ('52','1','0','48','241','','','','yes','admin','admin','2022-12-16','0');
INSERT INTO `zt_programactivity`(`id`,`project`,`execution`,`process`,`activity`,`name`,`content`,`reason`,`result`,`linkedBy`,`createdBy`,`createdDate`,`deleted`) VALUES ('53','1','0','50','216','','','','yes','admin','admin','2022-12-16','0');
INSERT INTO `zt_programactivity`(`id`,`project`,`execution`,`process`,`activity`,`name`,`content`,`reason`,`result`,`linkedBy`,`createdBy`,`createdDate`,`deleted`) VALUES ('54','1','0','50','217','','','','yes','admin','admin','2022-12-16','0');
INSERT INTO `zt_programactivity`(`id`,`project`,`execution`,`process`,`activity`,`name`,`content`,`reason`,`result`,`linkedBy`,`createdBy`,`createdDate`,`deleted`) VALUES ('55','1','0','50','218','','','','yes','admin','admin','2022-12-16','0');
INSERT INTO `zt_programactivity`(`id`,`project`,`execution`,`process`,`activity`,`name`,`content`,`reason`,`result`,`linkedBy`,`createdBy`,`createdDate`,`deleted`) VALUES ('56','1','0','50','219','','','','yes','admin','admin','2022-12-16','0');
INSERT INTO `zt_programactivity`(`id`,`project`,`execution`,`process`,`activity`,`name`,`content`,`reason`,`result`,`linkedBy`,`createdBy`,`createdDate`,`deleted`) VALUES ('57','1','0','50','220','','','','yes','admin','admin','2022-12-16','0');
INSERT INTO `zt_programactivity`(`id`,`project`,`execution`,`process`,`activity`,`name`,`content`,`reason`,`result`,`linkedBy`,`createdBy`,`createdDate`,`deleted`) VALUES ('58','1','0','50','243','','','','yes','admin','admin','2022-12-16','0');
INSERT INTO `zt_programactivity`(`id`,`project`,`execution`,`process`,`activity`,`name`,`content`,`reason`,`result`,`linkedBy`,`createdBy`,`createdDate`,`deleted`) VALUES ('59','1','0','51','221','','','','yes','admin','admin','2022-12-16','0');
INSERT INTO `zt_programactivity`(`id`,`project`,`execution`,`process`,`activity`,`name`,`content`,`reason`,`result`,`linkedBy`,`createdBy`,`createdDate`,`deleted`) VALUES ('60','1','0','51','222','','','','yes','admin','admin','2022-12-16','0');
INSERT INTO `zt_programactivity`(`id`,`project`,`execution`,`process`,`activity`,`name`,`content`,`reason`,`result`,`linkedBy`,`createdBy`,`createdDate`,`deleted`) VALUES ('61','1','0','51','223','','','','yes','admin','admin','2022-12-16','0');
INSERT INTO `zt_programactivity`(`id`,`project`,`execution`,`process`,`activity`,`name`,`content`,`reason`,`result`,`linkedBy`,`createdBy`,`createdDate`,`deleted`) VALUES ('62','1','0','51','224','','','','yes','admin','admin','2022-12-16','0');
INSERT INTO `zt_programactivity`(`id`,`project`,`execution`,`process`,`activity`,`name`,`content`,`reason`,`result`,`linkedBy`,`createdBy`,`createdDate`,`deleted`) VALUES ('63','1','0','51','244','','','','yes','admin','admin','2022-12-16','0');
INSERT INTO `zt_programactivity`(`id`,`project`,`execution`,`process`,`activity`,`name`,`content`,`reason`,`result`,`linkedBy`,`createdBy`,`createdDate`,`deleted`) VALUES ('64','1','0','52','225','','','','yes','admin','admin','2022-12-16','0');
INSERT INTO `zt_programactivity`(`id`,`project`,`execution`,`process`,`activity`,`name`,`content`,`reason`,`result`,`linkedBy`,`createdBy`,`createdDate`,`deleted`) VALUES ('65','1','0','52','226','','','','yes','admin','admin','2022-12-16','0');
INSERT INTO `zt_programactivity`(`id`,`project`,`execution`,`process`,`activity`,`name`,`content`,`reason`,`result`,`linkedBy`,`createdBy`,`createdDate`,`deleted`) VALUES ('66','1','0','52','227','','','','yes','admin','admin','2022-12-16','0');
INSERT INTO `zt_programactivity`(`id`,`project`,`execution`,`process`,`activity`,`name`,`content`,`reason`,`result`,`linkedBy`,`createdBy`,`createdDate`,`deleted`) VALUES ('67','1','0','52','228','','','','yes','admin','admin','2022-12-16','0');
INSERT INTO `zt_programactivity`(`id`,`project`,`execution`,`process`,`activity`,`name`,`content`,`reason`,`result`,`linkedBy`,`createdBy`,`createdDate`,`deleted`) VALUES ('68','1','0','52','229','','','','yes','admin','admin','2022-12-16','0');
INSERT INTO `zt_programactivity`(`id`,`project`,`execution`,`process`,`activity`,`name`,`content`,`reason`,`result`,`linkedBy`,`createdBy`,`createdDate`,`deleted`) VALUES ('69','1','0','52','245','','','','yes','admin','admin','2022-12-16','0');
INSERT INTO `zt_programactivity`(`id`,`project`,`execution`,`process`,`activity`,`name`,`content`,`reason`,`result`,`linkedBy`,`createdBy`,`createdDate`,`deleted`) VALUES ('70','1','0','53','230','','','','yes','admin','admin','2022-12-16','0');
INSERT INTO `zt_programactivity`(`id`,`project`,`execution`,`process`,`activity`,`name`,`content`,`reason`,`result`,`linkedBy`,`createdBy`,`createdDate`,`deleted`) VALUES ('71','1','0','53','231','','','','yes','admin','admin','2022-12-16','0');
INSERT INTO `zt_programactivity`(`id`,`project`,`execution`,`process`,`activity`,`name`,`content`,`reason`,`result`,`linkedBy`,`createdBy`,`createdDate`,`deleted`) VALUES ('72','1','0','53','232','','','','yes','admin','admin','2022-12-16','0');
INSERT INTO `zt_programactivity`(`id`,`project`,`execution`,`process`,`activity`,`name`,`content`,`reason`,`result`,`linkedBy`,`createdBy`,`createdDate`,`deleted`) VALUES ('73','1','0','53','233','','','','yes','admin','admin','2022-12-16','0');
INSERT INTO `zt_programactivity`(`id`,`project`,`execution`,`process`,`activity`,`name`,`content`,`reason`,`result`,`linkedBy`,`createdBy`,`createdDate`,`deleted`) VALUES ('74','1','0','53','246','','','','yes','admin','admin','2022-12-16','0');
INSERT INTO `zt_programactivity`(`id`,`project`,`execution`,`process`,`activity`,`name`,`content`,`reason`,`result`,`linkedBy`,`createdBy`,`createdDate`,`deleted`) VALUES ('75','1','0','54','247','','','','yes','admin','admin','2022-12-16','0');
INSERT INTO `zt_programactivity`(`id`,`project`,`execution`,`process`,`activity`,`name`,`content`,`reason`,`result`,`linkedBy`,`createdBy`,`createdDate`,`deleted`) VALUES ('76','1','0','54','234','','','','yes','admin','admin','2022-12-16','0');
INSERT INTO `zt_programactivity`(`id`,`project`,`execution`,`process`,`activity`,`name`,`content`,`reason`,`result`,`linkedBy`,`createdBy`,`createdDate`,`deleted`) VALUES ('77','1','0','54','235','','','','yes','admin','admin','2022-12-16','0');
INSERT INTO `zt_programactivity`(`id`,`project`,`execution`,`process`,`activity`,`name`,`content`,`reason`,`result`,`linkedBy`,`createdBy`,`createdDate`,`deleted`) VALUES ('78','1','0','54','236','','','','yes','admin','admin','2022-12-16','0');
CREATE TABLE `zt_programoutput` (
  `id` int(8) NOT NULL AUTO_INCREMENT,
  `project` mediumint(8) unsigned NOT NULL,
  `execution` mediumint(8) unsigned NOT NULL,
  `process` mediumint(8) NOT NULL,
  `activity` mediumint(8) NOT NULL,
  `output` mediumint(8) NOT NULL,
  `content` text NOT NULL,
  `name` varchar(255) NOT NULL,
  `reason` varchar(255) NOT NULL,
  `result` char(30) NOT NULL,
  `linkedBy` char(30) NOT NULL,
  `createdBy` char(30) NOT NULL,
  `createdDate` date NOT NULL,
  `deleted` enum('0','1') NOT NULL DEFAULT '0',
  PRIMARY KEY (`id`)
) ENGINE=InnoDB AUTO_INCREMENT=30 DEFAULT CHARSET=utf8;
INSERT INTO `zt_programoutput`(`id`,`project`,`execution`,`process`,`activity`,`output`,`content`,`name`,`reason`,`result`,`linkedBy`,`createdBy`,`createdDate`,`deleted`) VALUES ('1','1','0','43','0','250','','','','yes','admin','admin','2022-12-16','0');
INSERT INTO `zt_programoutput`(`id`,`project`,`execution`,`process`,`activity`,`output`,`content`,`name`,`reason`,`result`,`linkedBy`,`createdBy`,`createdDate`,`deleted`) VALUES ('2','1','0','18','0','278','','','','yes','admin','admin','2022-12-16','0');
INSERT INTO `zt_programoutput`(`id`,`project`,`execution`,`process`,`activity`,`output`,`content`,`name`,`reason`,`result`,`linkedBy`,`createdBy`,`createdDate`,`deleted`) VALUES ('3','1','0','18','0','263','','','','yes','admin','admin','2022-12-16','0');
INSERT INTO `zt_programoutput`(`id`,`project`,`execution`,`process`,`activity`,`output`,`content`,`name`,`reason`,`result`,`linkedBy`,`createdBy`,`createdDate`,`deleted`) VALUES ('4','1','0','18','0','262','','','','yes','admin','admin','2022-12-16','0');
INSERT INTO `zt_programoutput`(`id`,`project`,`execution`,`process`,`activity`,`output`,`content`,`name`,`reason`,`result`,`linkedBy`,`createdBy`,`createdDate`,`deleted`) VALUES ('5','1','0','18','0','261','','','','yes','admin','admin','2022-12-16','0');
INSERT INTO `zt_programoutput`(`id`,`project`,`execution`,`process`,`activity`,`output`,`content`,`name`,`reason`,`result`,`linkedBy`,`createdBy`,`createdDate`,`deleted`) VALUES ('6','1','0','18','0','260','','','','yes','admin','admin','2022-12-16','0');
INSERT INTO `zt_programoutput`(`id`,`project`,`execution`,`process`,`activity`,`output`,`content`,`name`,`reason`,`result`,`linkedBy`,`createdBy`,`createdDate`,`deleted`) VALUES ('7','1','0','18','0','259','','','','yes','admin','admin','2022-12-16','0');
INSERT INTO `zt_programoutput`(`id`,`project`,`execution`,`process`,`activity`,`output`,`content`,`name`,`reason`,`result`,`linkedBy`,`createdBy`,`createdDate`,`deleted`) VALUES ('8','1','0','18','0','258','','','','yes','admin','admin','2022-12-16','0');
INSERT INTO `zt_programoutput`(`id`,`project`,`execution`,`process`,`activity`,`output`,`content`,`name`,`reason`,`result`,`linkedBy`,`createdBy`,`createdDate`,`deleted`) VALUES ('9','1','0','18','0','257','','','','yes','admin','admin','2022-12-16','0');
INSERT INTO `zt_programoutput`(`id`,`project`,`execution`,`process`,`activity`,`output`,`content`,`name`,`reason`,`result`,`linkedBy`,`createdBy`,`createdDate`,`deleted`) VALUES ('10','1','0','46','0','253','','','','yes','admin','admin','2022-12-16','0');
INSERT INTO `zt_programoutput`(`id`,`project`,`execution`,`process`,`activity`,`output`,`content`,`name`,`reason`,`result`,`linkedBy`,`createdBy`,`createdDate`,`deleted`) VALUES ('11','1','0','46','0','252','','','','yes','admin','admin','2022-12-16','0');
INSERT INTO `zt_programoutput`(`id`,`project`,`execution`,`process`,`activity`,`output`,`content`,`name`,`reason`,`result`,`linkedBy`,`createdBy`,`createdDate`,`deleted`) VALUES ('12','1','0','46','0','251','','','','yes','admin','admin','2022-12-16','0');
INSERT INTO `zt_programoutput`(`id`,`project`,`execution`,`process`,`activity`,`output`,`content`,`name`,`reason`,`result`,`linkedBy`,`createdBy`,`createdDate`,`deleted`) VALUES ('13','1','0','48','0','256','','','','yes','admin','admin','2022-12-16','0');
INSERT INTO `zt_programoutput`(`id`,`project`,`execution`,`process`,`activity`,`output`,`content`,`name`,`reason`,`result`,`linkedBy`,`createdBy`,`createdDate`,`deleted`) VALUES ('14','1','0','48','0','255','','','','yes','admin','admin','2022-12-16','0');
INSERT INTO `zt_programoutput`(`id`,`project`,`execution`,`process`,`activity`,`output`,`content`,`name`,`reason`,`result`,`linkedBy`,`createdBy`,`createdDate`,`deleted`) VALUES ('15','1','0','48','0','254','','','','yes','admin','admin','2022-12-16','0');
INSERT INTO `zt_programoutput`(`id`,`project`,`execution`,`process`,`activity`,`output`,`content`,`name`,`reason`,`result`,`linkedBy`,`createdBy`,`createdDate`,`deleted`) VALUES ('16','1','0','50','0','266','','','','yes','admin','admin','2022-12-16','0');
INSERT INTO `zt_programoutput`(`id`,`project`,`execution`,`process`,`activity`,`output`,`content`,`name`,`reason`,`result`,`linkedBy`,`createdBy`,`createdDate`,`deleted`) VALUES ('17','1','0','50','0','265','','','','yes','admin','admin','2022-12-16','0');
INSERT INTO `zt_programoutput`(`id`,`project`,`execution`,`process`,`activity`,`output`,`content`,`name`,`reason`,`result`,`linkedBy`,`createdBy`,`createdDate`,`deleted`) VALUES ('18','1','0','50','0','264','','','','yes','admin','admin','2022-12-16','0');
INSERT INTO `zt_programoutput`(`id`,`project`,`execution`,`process`,`activity`,`output`,`content`,`name`,`reason`,`result`,`linkedBy`,`createdBy`,`createdDate`,`deleted`) VALUES ('19','1','0','51','0','267','','','','yes','admin','admin','2022-12-16','0');
INSERT INTO `zt_programoutput`(`id`,`project`,`execution`,`process`,`activity`,`output`,`content`,`name`,`reason`,`result`,`linkedBy`,`createdBy`,`createdDate`,`deleted`) VALUES ('20','1','0','52','0','272','','','','yes','admin','admin','2022-12-16','0');
INSERT INTO `zt_programoutput`(`id`,`project`,`execution`,`process`,`activity`,`output`,`content`,`name`,`reason`,`result`,`linkedBy`,`createdBy`,`createdDate`,`deleted`) VALUES ('21','1','0','52','0','271','','','','yes','admin','admin','2022-12-16','0');
INSERT INTO `zt_programoutput`(`id`,`project`,`execution`,`process`,`activity`,`output`,`content`,`name`,`reason`,`result`,`linkedBy`,`createdBy`,`createdDate`,`deleted`) VALUES ('22','1','0','52','0','270','','','','yes','admin','admin','2022-12-16','0');
INSERT INTO `zt_programoutput`(`id`,`project`,`execution`,`process`,`activity`,`output`,`content`,`name`,`reason`,`result`,`linkedBy`,`createdBy`,`createdDate`,`deleted`) VALUES ('23','1','0','52','0','269','','','','yes','admin','admin','2022-12-16','0');
INSERT INTO `zt_programoutput`(`id`,`project`,`execution`,`process`,`activity`,`output`,`content`,`name`,`reason`,`result`,`linkedBy`,`createdBy`,`createdDate`,`deleted`) VALUES ('24','1','0','52','0','268','','','','yes','admin','admin','2022-12-16','0');
INSERT INTO `zt_programoutput`(`id`,`project`,`execution`,`process`,`activity`,`output`,`content`,`name`,`reason`,`result`,`linkedBy`,`createdBy`,`createdDate`,`deleted`) VALUES ('25','1','0','53','0','275','','','','yes','admin','admin','2022-12-16','0');
INSERT INTO `zt_programoutput`(`id`,`project`,`execution`,`process`,`activity`,`output`,`content`,`name`,`reason`,`result`,`linkedBy`,`createdBy`,`createdDate`,`deleted`) VALUES ('26','1','0','53','0','274','','','','yes','admin','admin','2022-12-16','0');
INSERT INTO `zt_programoutput`(`id`,`project`,`execution`,`process`,`activity`,`output`,`content`,`name`,`reason`,`result`,`linkedBy`,`createdBy`,`createdDate`,`deleted`) VALUES ('27','1','0','53','0','273','','','','yes','admin','admin','2022-12-16','0');
INSERT INTO `zt_programoutput`(`id`,`project`,`execution`,`process`,`activity`,`output`,`content`,`name`,`reason`,`result`,`linkedBy`,`createdBy`,`createdDate`,`deleted`) VALUES ('28','1','0','54','0','277','','','','yes','admin','admin','2022-12-16','0');
INSERT INTO `zt_programoutput`(`id`,`project`,`execution`,`process`,`activity`,`output`,`content`,`name`,`reason`,`result`,`linkedBy`,`createdBy`,`createdDate`,`deleted`) VALUES ('29','1','0','54','0','276','','','','yes','admin','admin','2022-12-16','0');
CREATE TABLE `zt_programprocess` (
  `id` int(8) NOT NULL AUTO_INCREMENT,
  `project` mediumint(8) unsigned NOT NULL,
  `process` mediumint(8) NOT NULL,
  `name` varchar(255) NOT NULL,
  `type` char(30) NOT NULL,
  `abbr` char(30) NOT NULL,
  `desc` text NOT NULL,
  `reason` varchar(255) NOT NULL,
  `linkedBy` char(30) NOT NULL,
  `createdBy` char(30) NOT NULL,
  `createdDate` date NOT NULL,
  `deleted` enum('0','1') NOT NULL DEFAULT '0',
  PRIMARY KEY (`id`)
) ENGINE=InnoDB DEFAULT CHARSET=utf8;
CREATE TABLE `zt_programreport` (
  `id` mediumint(8) NOT NULL AUTO_INCREMENT,
  `template` mediumint(8) NOT NULL,
  `project` mediumint(8) unsigned NOT NULL,
  `name` varchar(255) NOT NULL,
  `params` text NOT NULL,
  `content` text NOT NULL,
  `createdBy` char(30) NOT NULL,
  `createdDate` date NOT NULL,
  `deleted` enum('0','1') NOT NULL DEFAULT '0',
  PRIMARY KEY (`id`)
) ENGINE=InnoDB DEFAULT CHARSET=utf8;
CREATE TABLE `zt_project` (
  `id` mediumint(8) unsigned NOT NULL AUTO_INCREMENT,
  `project` mediumint(8) NOT NULL DEFAULT '0',
  `model` char(30) NOT NULL,
  `type` char(30) NOT NULL DEFAULT 'sprint',
  `lifetime` char(30) NOT NULL DEFAULT '',
  `budget` varchar(30) NOT NULL DEFAULT '0',
  `budgetUnit` char(30) NOT NULL DEFAULT 'CNY',
  `attribute` varchar(30) NOT NULL DEFAULT '',
  `percent` float unsigned NOT NULL DEFAULT '0',
  `milestone` enum('0','1') NOT NULL DEFAULT '0',
  `output` text NOT NULL,
  `auth` char(30) NOT NULL,
  `parent` mediumint(8) unsigned NOT NULL DEFAULT '0',
  `path` varchar(255) NOT NULL,
  `grade` tinyint(3) unsigned NOT NULL,
  `name` varchar(90) NOT NULL,
  `code` varchar(45) NOT NULL,
  `hasProduct` tinyint(1) unsigned NOT NULL DEFAULT '1',
  `begin` date NOT NULL,
  `end` date NOT NULL,
  `realBegan` date NOT NULL,
  `realEnd` date NOT NULL,
  `days` smallint(5) unsigned NOT NULL,
  `status` varchar(10) NOT NULL,
  `subStatus` varchar(30) NOT NULL DEFAULT '',
  `pri` enum('1','2','3','4') NOT NULL DEFAULT '1',
  `desc` mediumtext NOT NULL,
  `version` smallint(6) NOT NULL,
  `parentVersion` smallint(6) NOT NULL,
  `planDuration` int(11) NOT NULL,
  `realDuration` int(11) NOT NULL,
  `openedBy` varchar(30) NOT NULL DEFAULT '',
  `openedDate` datetime NOT NULL,
  `openedVersion` varchar(20) NOT NULL,
  `lastEditedBy` varchar(30) NOT NULL DEFAULT '',
  `lastEditedDate` datetime NOT NULL,
  `closedBy` varchar(30) NOT NULL DEFAULT '',
  `closedDate` datetime NOT NULL,
  `canceledBy` varchar(30) NOT NULL DEFAULT '',
  `canceledDate` datetime NOT NULL,
  `suspendedDate` date NOT NULL,
  `PO` varchar(30) NOT NULL DEFAULT '',
  `PM` varchar(30) NOT NULL DEFAULT '',
  `QD` varchar(30) NOT NULL DEFAULT '',
  `RD` varchar(30) NOT NULL DEFAULT '',
  `team` varchar(90) NOT NULL,
  `acl` char(30) NOT NULL DEFAULT 'open',
  `whitelist` text NOT NULL,
  `order` mediumint(8) unsigned NOT NULL,
  `vision` varchar(10) NOT NULL DEFAULT 'rnd',
  `division` enum('0','1') NOT NULL DEFAULT '1',
  `displayCards` smallint(6) NOT NULL DEFAULT '0',
  `fluidBoard` enum('0','1') NOT NULL DEFAULT '0',
  `multiple` enum('0','1') NOT NULL DEFAULT '1',
  `colWidth` smallint(4) NOT NULL DEFAULT '264',
  `minColWidth` smallint(4) NOT NULL DEFAULT '200',
  `maxColWidth` smallint(4) NOT NULL DEFAULT '384',
  `deleted` enum('0','1') NOT NULL DEFAULT '0',
  `samname` varchar(255) NOT NULL,
  `teamleader` varchar(30) NOT NULL,
  `dept` varchar(255) NOT NULL,
  `subdept` varchar(255) NOT NULL,
  `businessdept` varchar(255) NOT NULL,
  `headofbussinessdept` varchar(30) NOT NULL,
  `pmo` varchar(30) NOT NULL,
  `projectcategory` varchar(255) NOT NULL,
  `importanceofproject` varchar(255) NOT NULL,
  `projectlevel` varchar(255) NOT NULL,
  `projectconstructiontype` varchar(255) NOT NULL,
  `projectbudtype` varchar(255) NOT NULL,
  `projectag` varchar(255) NOT NULL,
  `reportreview` varchar(255) NOT NULL,
  `outsourcmethod` text NOT NULL,
  `outsourcerpm` varchar(30) NOT NULL,
  `system` varchar(255) NOT NULL,
  `systemclass` varchar(255) NOT NULL,
  `expectdate` date NOT NULL,
  `prestartdate` datetime NOT NULL,
  `feasibilityreportdate` date NOT NULL,
  `budgetcompletedate` date NOT NULL,
  `bidcompletiondate` date NOT NULL,
  `modelselectiondate` date NOT NULL,
  `projectgoal` text NOT NULL,
  `codeaddress` varchar(255) NOT NULL,
  `documentaddress` varchar(255) NOT NULL,
  `potentialrisk` text NOT NULL,
  `remark` text NOT NULL,
  `projecttype` varchar(255) NOT NULL,
  `prestartBy` varchar(30) NOT NULL,
  `cancelthisprojectBy` varchar(30) NOT NULL,
  `cancelthisprojectDate` datetime NOT NULL,
  PRIMARY KEY (`id`),
  KEY `parent` (`parent`),
  KEY `begin` (`begin`),
  KEY `end` (`end`),
  KEY `status` (`status`),
  KEY `acl` (`acl`),
  KEY `order` (`order`)
) ENGINE=InnoDB AUTO_INCREMENT=32 DEFAULT CHARSET=utf8;
INSERT INTO `zt_project`(`id`,`project`,`model`,`type`,`lifetime`,`budget`,`budgetUnit`,`attribute`,`percent`,`milestone`,`output`,`auth`,`parent`,`path`,`grade`,`name`,`code`,`hasProduct`,`begin`,`end`,`realBegan`,`realEnd`,`days`,`status`,`subStatus`,`pri`,`desc`,`version`,`parentVersion`,`planDuration`,`realDuration`,`openedBy`,`openedDate`,`openedVersion`,`lastEditedBy`,`lastEditedDate`,`closedBy`,`closedDate`,`canceledBy`,`canceledDate`,`suspendedDate`,`PO`,`PM`,`QD`,`RD`,`team`,`acl`,`whitelist`,`order`,`vision`,`division`,`displayCards`,`fluidBoard`,`multiple`,`colWidth`,`minColWidth`,`maxColWidth`,`deleted`,`samname`,`teamleader`,`dept`,`subdept`,`businessdept`,`headofbussinessdept`,`pmo`,`projectcategory`,`importanceofproject`,`projectlevel`,`projectconstructiontype`,`projectbudtype`,`projectag`,`reportreview`,`outsourcmethod`,`outsourcerpm`,`system`,`systemclass`,`expectdate`,`prestartdate`,`feasibilityreportdate`,`budgetcompletedate`,`bidcompletiondate`,`modelselectiondate`,`projectgoal`,`codeaddress`,`documentaddress`,`potentialrisk`,`remark`,`projecttype`,`prestartBy`,`cancelthisprojectBy`,`cancelthisprojectDate`) VALUES ('1','0','waterfall','project','','0','CNY','','0','0','','extend','8',',8,1,','2','项目管理系统建设项目','P2022011','1','2022-11-10','2023-11-09','2022-11-10','0000-00-00','261','doing','','1','近十年来，软件研发项目管理思想和体系经历多次的更新迭代，已发展为更加强调敏捷化、轻量化的管理, 而现有项目管理系统（PP系统）自2013年初次上线，经过9年深度定制，以其陈旧的架构，不仅无法通过原厂商进行标准化版本升级，也难以开展优化工作，已不能满足现有的管理需要和未来的发展需要，系统换代已迫在眉睫。为提高我行金融科技项目的管理水平，促进未来金融科技的敏捷研发转型以及效能提升，从而助力业务发展，我行迫切需要一个能兼容敏捷和瀑布两种管理模式的项目管理系统。','0','0','0','0','jingxiumei','2022-12-12 10:43:08','','771652','2022-12-15 10:32:19','','0000-00-00 00:00:00','','0000-00-00 00:00:00','0000-00-00','','yangchao','','','项目管理系统建设项目','private','','5','rnd','0','0','0','1','264','200','384','0','青岛易软天创网络科技有限公司','000127','8','8','1','002940','008829','02','03','01','02','01','','01',',02','yangchao','1','','2023-06-30','2022-09-30 00:00:00','2022-07-19','2022-07-29','2022-09-23','2022-01-01','<p>本项目旨在提升工具能力的同时，优化相关管理流程，完善相关制度，实现从业务、科技各团队从需求提出至发布上线各环节的高效协同，从而为我行业务发展赋能。 项目分两个部分：</p>
<p>1、实施成熟的项目管理系统，承载项目管理和工程管理职责； </p>
<p>2、建设科技运营平台，承载科技运营管理相关流程和管理职责</p>','http://170.100.104.99/admin/groups/Zentao','','<p>1.计划变更风险：由于系统选型尚未可知，不同系统的符合度不同，此外自研平台的需求会持续变化和迭代，工作量评估可能不准，计划可能变更。&nbsp;</p>
<p>2.系统选型和推广涉及到多个团队和部门，涉及到制度和流程的变更，推进进度和协调进度存在变数。&nbsp;</p>
<p>&nbsp;3.人力资源风险：如爆发疫情，人员入场可能不可控。</p>','【20220802】 尹行长提出， 新项目管理系统，满足加计扣除的需求。','01','','','0000-00-00 00:00:00');
INSERT INTO `zt_project`(`id`,`project`,`model`,`type`,`lifetime`,`budget`,`budgetUnit`,`attribute`,`percent`,`milestone`,`output`,`auth`,`parent`,`path`,`grade`,`name`,`code`,`hasProduct`,`begin`,`end`,`realBegan`,`realEnd`,`days`,`status`,`subStatus`,`pri`,`desc`,`version`,`parentVersion`,`planDuration`,`realDuration`,`openedBy`,`openedDate`,`openedVersion`,`lastEditedBy`,`lastEditedDate`,`closedBy`,`closedDate`,`canceledBy`,`canceledDate`,`suspendedDate`,`PO`,`PM`,`QD`,`RD`,`team`,`acl`,`whitelist`,`order`,`vision`,`division`,`displayCards`,`fluidBoard`,`multiple`,`colWidth`,`minColWidth`,`maxColWidth`,`deleted`,`samname`,`teamleader`,`dept`,`subdept`,`businessdept`,`headofbussinessdept`,`pmo`,`projectcategory`,`importanceofproject`,`projectlevel`,`projectconstructiontype`,`projectbudtype`,`projectag`,`reportreview`,`outsourcmethod`,`outsourcerpm`,`system`,`systemclass`,`expectdate`,`prestartdate`,`feasibilityreportdate`,`budgetcompletedate`,`bidcompletiondate`,`modelselectiondate`,`projectgoal`,`codeaddress`,`documentaddress`,`potentialrisk`,`remark`,`projecttype`,`prestartBy`,`cancelthisprojectBy`,`cancelthisprojectDate`) VALUES ('2','1','','stage','','0','CNY','dev','25','1','','','1',',1,2,','1','第一阶段（核心流程）','001','1','2022-12-02','2023-03-03','2022-12-02','0000-00-00','92','doing','','1','','5','0','66','0','jingxiumei','2022-12-12 12:44:28','max4.0.beta1','yangchao','2022-12-13 10:56:57','','0000-00-00 00:00:00','','0000-00-00 00:00:00','0000-00-00','','yangchao','','','第一阶段（项目核心流','open','','10','rnd','0','0','0','1','264','200','384','0','','','','','','','','','','','','','','','','','','','0000-00-00','0000-00-00 00:00:00','0000-00-00','0000-00-00','0000-00-00','0000-00-00','','','','','','','','','0000-00-00 00:00:00');
INSERT INTO `zt_project`(`id`,`project`,`model`,`type`,`lifetime`,`budget`,`budgetUnit`,`attribute`,`percent`,`milestone`,`output`,`auth`,`parent`,`path`,`grade`,`name`,`code`,`hasProduct`,`begin`,`end`,`realBegan`,`realEnd`,`days`,`status`,`subStatus`,`pri`,`desc`,`version`,`parentVersion`,`planDuration`,`realDuration`,`openedBy`,`openedDate`,`openedVersion`,`lastEditedBy`,`lastEditedDate`,`closedBy`,`closedDate`,`canceledBy`,`canceledDate`,`suspendedDate`,`PO`,`PM`,`QD`,`RD`,`team`,`acl`,`whitelist`,`order`,`vision`,`division`,`displayCards`,`fluidBoard`,`multiple`,`colWidth`,`minColWidth`,`maxColWidth`,`deleted`,`samname`,`teamleader`,`dept`,`subdept`,`businessdept`,`headofbussinessdept`,`pmo`,`projectcategory`,`importanceofproject`,`projectlevel`,`projectconstructiontype`,`projectbudtype`,`projectag`,`reportreview`,`outsourcmethod`,`outsourcerpm`,`system`,`systemclass`,`expectdate`,`prestartdate`,`feasibilityreportdate`,`budgetcompletedate`,`bidcompletiondate`,`modelselectiondate`,`projectgoal`,`codeaddress`,`documentaddress`,`potentialrisk`,`remark`,`projecttype`,`prestartBy`,`cancelthisprojectBy`,`cancelthisprojectDate`) VALUES ('3','1','','stage','','0','CNY','dev','25','1','','','1',',8,1,3,','1','第二阶段（必要功能）','002','1','2023-02-01','2023-03-31','0000-00-00','0000-00-00','59','wait','','1','','2','0','43','0','yangchao','2022-12-12 12:44:28','max4.0.beta1','','0000-00-00 00:00:00','','0000-00-00 00:00:00','','0000-00-00 00:00:00','0000-00-00','','yangchao','','','第二阶段（试点运行）','open','','15','rnd','0','0','0','1','264','200','384','0','','','','','','','','','','','','','','','','','','','0000-00-00','0000-00-00 00:00:00','0000-00-00','0000-00-00','0000-00-00','0000-00-00','','','','','','','','','0000-00-00 00:00:00');
INSERT INTO `zt_project`(`id`,`project`,`model`,`type`,`lifetime`,`budget`,`budgetUnit`,`attribute`,`percent`,`milestone`,`output`,`auth`,`parent`,`path`,`grade`,`name`,`code`,`hasProduct`,`begin`,`end`,`realBegan`,`realEnd`,`days`,`status`,`subStatus`,`pri`,`desc`,`version`,`parentVersion`,`planDuration`,`realDuration`,`openedBy`,`openedDate`,`openedVersion`,`lastEditedBy`,`lastEditedDate`,`closedBy`,`closedDate`,`canceledBy`,`canceledDate`,`suspendedDate`,`PO`,`PM`,`QD`,`RD`,`team`,`acl`,`whitelist`,`order`,`vision`,`division`,`displayCards`,`fluidBoard`,`multiple`,`colWidth`,`minColWidth`,`maxColWidth`,`deleted`,`samname`,`teamleader`,`dept`,`subdept`,`businessdept`,`headofbussinessdept`,`pmo`,`projectcategory`,`importanceofproject`,`projectlevel`,`projectconstructiontype`,`projectbudtype`,`projectag`,`reportreview`,`outsourcmethod`,`outsourcerpm`,`system`,`systemclass`,`expectdate`,`prestartdate`,`feasibilityreportdate`,`budgetcompletedate`,`bidcompletiondate`,`modelselectiondate`,`projectgoal`,`codeaddress`,`documentaddress`,`potentialrisk`,`remark`,`projecttype`,`prestartBy`,`cancelthisprojectBy`,`cancelthisprojectDate`) VALUES ('4','1','','stage','','0','CNY','release','10','1','','','1',',8,1,4,','1','第三阶段（上线运行）','003','1','2023-04-01','2023-06-30','0000-00-00','0000-00-00','91','wait','','1','','2','0','65','0','yangchao','2022-12-12 12:44:28','max4.0.beta1','','0000-00-00 00:00:00','','0000-00-00 00:00:00','','0000-00-00 00:00:00','0000-00-00','','yangchao','','','第三阶段（上线运行）','open','','20','rnd','0','0','0','1','264','200','384','0','','','','','','','','','','','','','','','','','','','0000-00-00','0000-00-00 00:00:00','0000-00-00','0000-00-00','0000-00-00','0000-00-00','','','','','','','','','0000-00-00 00:00:00');
INSERT INTO `zt_project`(`id`,`project`,`model`,`type`,`lifetime`,`budget`,`budgetUnit`,`attribute`,`percent`,`milestone`,`output`,`auth`,`parent`,`path`,`grade`,`name`,`code`,`hasProduct`,`begin`,`end`,`realBegan`,`realEnd`,`days`,`status`,`subStatus`,`pri`,`desc`,`version`,`parentVersion`,`planDuration`,`realDuration`,`openedBy`,`openedDate`,`openedVersion`,`lastEditedBy`,`lastEditedDate`,`closedBy`,`closedDate`,`canceledBy`,`canceledDate`,`suspendedDate`,`PO`,`PM`,`QD`,`RD`,`team`,`acl`,`whitelist`,`order`,`vision`,`division`,`displayCards`,`fluidBoard`,`multiple`,`colWidth`,`minColWidth`,`maxColWidth`,`deleted`,`samname`,`teamleader`,`dept`,`subdept`,`businessdept`,`headofbussinessdept`,`pmo`,`projectcategory`,`importanceofproject`,`projectlevel`,`projectconstructiontype`,`projectbudtype`,`projectag`,`reportreview`,`outsourcmethod`,`outsourcerpm`,`system`,`systemclass`,`expectdate`,`prestartdate`,`feasibilityreportdate`,`budgetcompletedate`,`bidcompletiondate`,`modelselectiondate`,`projectgoal`,`codeaddress`,`documentaddress`,`potentialrisk`,`remark`,`projecttype`,`prestartBy`,`cancelthisprojectBy`,`cancelthisprojectDate`) VALUES ('5','1','','stage','','0','CNY','dev','20','0','','','2',',8,1,2,5,','2','第一期迭代（审批流）','0101','1','2022-12-12','2022-12-31','2022-12-15','0000-00-00','20','doing','','1','','2','1','15','0','jingxiumei','2022-12-12 12:46:21','max4.0.beta1','003030','2022-12-16 16:25:51','','0000-00-00 00:00:00','','0000-00-00 00:00:00','0000-00-00','','yinjinzhu','','','第一期迭代','open','','25','rnd','0','0','0','1','264','200','384','0','','','','','','','','','','','','','','','','','','','0000-00-00','0000-00-00 00:00:00','0000-00-00','0000-00-00','0000-00-00','0000-00-00','','','','','','','','','0000-00-00 00:00:00');
INSERT INTO `zt_project`(`id`,`project`,`model`,`type`,`lifetime`,`budget`,`budgetUnit`,`attribute`,`percent`,`milestone`,`output`,`auth`,`parent`,`path`,`grade`,`name`,`code`,`hasProduct`,`begin`,`end`,`realBegan`,`realEnd`,`days`,`status`,`subStatus`,`pri`,`desc`,`version`,`parentVersion`,`planDuration`,`realDuration`,`openedBy`,`openedDate`,`openedVersion`,`lastEditedBy`,`lastEditedDate`,`closedBy`,`closedDate`,`canceledBy`,`canceledDate`,`suspendedDate`,`PO`,`PM`,`QD`,`RD`,`team`,`acl`,`whitelist`,`order`,`vision`,`division`,`displayCards`,`fluidBoard`,`multiple`,`colWidth`,`minColWidth`,`maxColWidth`,`deleted`,`samname`,`teamleader`,`dept`,`subdept`,`businessdept`,`headofbussinessdept`,`pmo`,`projectcategory`,`importanceofproject`,`projectlevel`,`projectconstructiontype`,`projectbudtype`,`projectag`,`reportreview`,`outsourcmethod`,`outsourcerpm`,`system`,`systemclass`,`expectdate`,`prestartdate`,`feasibilityreportdate`,`budgetcompletedate`,`bidcompletiondate`,`modelselectiondate`,`projectgoal`,`codeaddress`,`documentaddress`,`potentialrisk`,`remark`,`projecttype`,`prestartBy`,`cancelthisprojectBy`,`cancelthisprojectDate`) VALUES ('6','1','','stage','','0','CNY','dev','20','0','','','2',',8,1,2,6,','2','第二期迭代（需求池）','0102','1','2022-12-26','2023-01-20','0000-00-00','0000-00-00','26','wait','','1','','2','1','20','0','yinjinzhu','2022-12-12 12:46:21','max4.0.beta1','003030','2022-12-16 16:25:16','','0000-00-00 00:00:00','','0000-00-00 00:00:00','0000-00-00','','yinjinzhu','','','第二期迭代','open','','30','rnd','0','0','0','1','264','200','384','0','','','','','','','','','','','','','','','','','','','0000-00-00','0000-00-00 00:00:00','0000-00-00','0000-00-00','0000-00-00','0000-00-00','','','','','','','','','0000-00-00 00:00:00');
INSERT INTO `zt_project`(`id`,`project`,`model`,`type`,`lifetime`,`budget`,`budgetUnit`,`attribute`,`percent`,`milestone`,`output`,`auth`,`parent`,`path`,`grade`,`name`,`code`,`hasProduct`,`begin`,`end`,`realBegan`,`realEnd`,`days`,`status`,`subStatus`,`pri`,`desc`,`version`,`parentVersion`,`planDuration`,`realDuration`,`openedBy`,`openedDate`,`openedVersion`,`lastEditedBy`,`lastEditedDate`,`closedBy`,`closedDate`,`canceledBy`,`canceledDate`,`suspendedDate`,`PO`,`PM`,`QD`,`RD`,`team`,`acl`,`whitelist`,`order`,`vision`,`division`,`displayCards`,`fluidBoard`,`multiple`,`colWidth`,`minColWidth`,`maxColWidth`,`deleted`,`samname`,`teamleader`,`dept`,`subdept`,`businessdept`,`headofbussinessdept`,`pmo`,`projectcategory`,`importanceofproject`,`projectlevel`,`projectconstructiontype`,`projectbudtype`,`projectag`,`reportreview`,`outsourcmethod`,`outsourcerpm`,`system`,`systemclass`,`expectdate`,`prestartdate`,`feasibilityreportdate`,`budgetcompletedate`,`bidcompletiondate`,`modelselectiondate`,`projectgoal`,`codeaddress`,`documentaddress`,`potentialrisk`,`remark`,`projecttype`,`prestartBy`,`cancelthisprojectBy`,`cancelthisprojectDate`) VALUES ('7','1','','stage','','0','CNY','other','15','0','','','1',',1,7,','1','DevOps咨询和实施','004','1','2022-12-19','2023-05-31','2022-12-19','0000-00-00','164','doing','','1','','2','1','118','0','admin','2022-12-12 12:57:54','max4.0.beta1','','0000-00-00 00:00:00','','0000-00-00 00:00:00','','0000-00-00 00:00:00','0000-00-00','','yangchao','','','DevOps初步调研','open','','35','rnd','0','0','0','1','264','200','384','0','','','','','','','','','','','','','','','','','','','0000-00-00','0000-00-00 00:00:00','0000-00-00','0000-00-00','0000-00-00','0000-00-00','','','','','','','','','0000-00-00 00:00:00');
INSERT INTO `zt_project`(`id`,`project`,`model`,`type`,`lifetime`,`budget`,`budgetUnit`,`attribute`,`percent`,`milestone`,`output`,`auth`,`parent`,`path`,`grade`,`name`,`code`,`hasProduct`,`begin`,`end`,`realBegan`,`realEnd`,`days`,`status`,`subStatus`,`pri`,`desc`,`version`,`parentVersion`,`planDuration`,`realDuration`,`openedBy`,`openedDate`,`openedVersion`,`lastEditedBy`,`lastEditedDate`,`closedBy`,`closedDate`,`canceledBy`,`canceledDate`,`suspendedDate`,`PO`,`PM`,`QD`,`RD`,`team`,`acl`,`whitelist`,`order`,`vision`,`division`,`displayCards`,`fluidBoard`,`multiple`,`colWidth`,`minColWidth`,`maxColWidth`,`deleted`,`samname`,`teamleader`,`dept`,`subdept`,`businessdept`,`headofbussinessdept`,`pmo`,`projectcategory`,`importanceofproject`,`projectlevel`,`projectconstructiontype`,`projectbudtype`,`projectag`,`reportreview`,`outsourcmethod`,`outsourcerpm`,`system`,`systemclass`,`expectdate`,`prestartdate`,`feasibilityreportdate`,`budgetcompletedate`,`bidcompletiondate`,`modelselectiondate`,`projectgoal`,`codeaddress`,`documentaddress`,`potentialrisk`,`remark`,`projecttype`,`prestartBy`,`cancelthisprojectBy`,`cancelthisprojectDate`) VALUES ('8','0','','program','','','CNY','','0','0','','','0',',8,','1','科技管理平台','','1','2022-11-01','2059-12-31','2022-12-13','0000-00-00','0','doing','','1','','0','0','0','0','003030','2022-12-13 10:30:37','','','0000-00-00 00:00:00','','0000-00-00 00:00:00','','0000-00-00 00:00:00','0000-00-00','','003030','','','','private',',000127,002940,003030,008829,771277,771349,771390,771652,771331,001494,002403','40','rnd','1','0','0','1','264','200','384','0','','','','','','','','','','','','','','','','','','','0000-00-00','0000-00-00 00:00:00','0000-00-00','0000-00-00','0000-00-00','0000-00-00','','','','','','','','','0000-00-00 00:00:00');
INSERT INTO `zt_project`(`id`,`project`,`model`,`type`,`lifetime`,`budget`,`budgetUnit`,`attribute`,`percent`,`milestone`,`output`,`auth`,`parent`,`path`,`grade`,`name`,`code`,`hasProduct`,`begin`,`end`,`realBegan`,`realEnd`,`days`,`status`,`subStatus`,`pri`,`desc`,`version`,`parentVersion`,`planDuration`,`realDuration`,`openedBy`,`openedDate`,`openedVersion`,`lastEditedBy`,`lastEditedDate`,`closedBy`,`closedDate`,`canceledBy`,`canceledDate`,`suspendedDate`,`PO`,`PM`,`QD`,`RD`,`team`,`acl`,`whitelist`,`order`,`vision`,`division`,`displayCards`,`fluidBoard`,`multiple`,`colWidth`,`minColWidth`,`maxColWidth`,`deleted`,`samname`,`teamleader`,`dept`,`subdept`,`businessdept`,`headofbussinessdept`,`pmo`,`projectcategory`,`importanceofproject`,`projectlevel`,`projectconstructiontype`,`projectbudtype`,`projectag`,`reportreview`,`outsourcmethod`,`outsourcerpm`,`system`,`systemclass`,`expectdate`,`prestartdate`,`feasibilityreportdate`,`budgetcompletedate`,`bidcompletiondate`,`modelselectiondate`,`projectgoal`,`codeaddress`,`documentaddress`,`potentialrisk`,`remark`,`projecttype`,`prestartBy`,`cancelthisprojectBy`,`cancelthisprojectDate`) VALUES ('9','0','scrum','project','','0','CNY','','0','0','','extend','8',',8,9,','2','科技运营管理系统项目','P2022011-1','1','2022-12-13','2023-12-12','0000-00-00','0000-00-00','261','wait','','1','','0','0','0','0','003030','2022-12-13 10:33:31','','003030','2022-12-13 10:33:31','','0000-00-00 00:00:00','','0000-00-00 00:00:00','0000-00-00','','001494','','','科技运营管理系统项目','private',',771331,001494,000127,002940,003030,008829,771277,771349,771390,771652','45','rnd','1','0','0','1','264','200','384','0','','','','','','','','','','','','','','','','','','','0000-00-00','0000-00-00 00:00:00','0000-00-00','0000-00-00','0000-00-00','0000-00-00','','','','','','','','','0000-00-00 00:00:00');
INSERT INTO `zt_project`(`id`,`project`,`model`,`type`,`lifetime`,`budget`,`budgetUnit`,`attribute`,`percent`,`milestone`,`output`,`auth`,`parent`,`path`,`grade`,`name`,`code`,`hasProduct`,`begin`,`end`,`realBegan`,`realEnd`,`days`,`status`,`subStatus`,`pri`,`desc`,`version`,`parentVersion`,`planDuration`,`realDuration`,`openedBy`,`openedDate`,`openedVersion`,`lastEditedBy`,`lastEditedDate`,`closedBy`,`closedDate`,`canceledBy`,`canceledDate`,`suspendedDate`,`PO`,`PM`,`QD`,`RD`,`team`,`acl`,`whitelist`,`order`,`vision`,`division`,`displayCards`,`fluidBoard`,`multiple`,`colWidth`,`minColWidth`,`maxColWidth`,`deleted`,`samname`,`teamleader`,`dept`,`subdept`,`businessdept`,`headofbussinessdept`,`pmo`,`projectcategory`,`importanceofproject`,`projectlevel`,`projectconstructiontype`,`projectbudtype`,`projectag`,`reportreview`,`outsourcmethod`,`outsourcerpm`,`system`,`systemclass`,`expectdate`,`prestartdate`,`feasibilityreportdate`,`budgetcompletedate`,`bidcompletiondate`,`modelselectiondate`,`projectgoal`,`codeaddress`,`documentaddress`,`potentialrisk`,`remark`,`projecttype`,`prestartBy`,`cancelthisprojectBy`,`cancelthisprojectDate`) VALUES ('10','1','','stage','','0','CNY','release','0','0','','','1',',1,10,','1','产品实施和部署','005','1','2022-12-12','2023-05-31','0000-00-00','0000-00-00','171','wait','','1','','3','1','123','0','yangchao','2022-12-13 10:44:06','max4.0.beta1','','0000-00-00 00:00:00','','0000-00-00 00:00:00','','0000-00-00 00:00:00','0000-00-00','','yangchao','','','第一阶段实施','open','','50','rnd','0','0','0','1','264','200','384','0','','','','','','','','','','','','','','','','','','','0000-00-00','0000-00-00 00:00:00','0000-00-00','0000-00-00','0000-00-00','0000-00-00','','','','','','','','','0000-00-00 00:00:00');
INSERT INTO `zt_project`(`id`,`project`,`model`,`type`,`lifetime`,`budget`,`budgetUnit`,`attribute`,`percent`,`milestone`,`output`,`auth`,`parent`,`path`,`grade`,`name`,`code`,`hasProduct`,`begin`,`end`,`realBegan`,`realEnd`,`days`,`status`,`subStatus`,`pri`,`desc`,`version`,`parentVersion`,`planDuration`,`realDuration`,`openedBy`,`openedDate`,`openedVersion`,`lastEditedBy`,`lastEditedDate`,`closedBy`,`closedDate`,`canceledBy`,`canceledDate`,`suspendedDate`,`PO`,`PM`,`QD`,`RD`,`team`,`acl`,`whitelist`,`order`,`vision`,`division`,`displayCards`,`fluidBoard`,`multiple`,`colWidth`,`minColWidth`,`maxColWidth`,`deleted`,`samname`,`teamleader`,`dept`,`subdept`,`businessdept`,`headofbussinessdept`,`pmo`,`projectcategory`,`importanceofproject`,`projectlevel`,`projectconstructiontype`,`projectbudtype`,`projectag`,`reportreview`,`outsourcmethod`,`outsourcerpm`,`system`,`systemclass`,`expectdate`,`prestartdate`,`feasibilityreportdate`,`budgetcompletedate`,`bidcompletiondate`,`modelselectiondate`,`projectgoal`,`codeaddress`,`documentaddress`,`potentialrisk`,`remark`,`projecttype`,`prestartBy`,`cancelthisprojectBy`,`cancelthisprojectDate`) VALUES ('11','1','','stage','','0','CNY','qa','15','0','','','1',',1,11,','1','产品试点','006','1','2022-12-14','2023-04-30','2022-12-14','0000-00-00','138','doing','','1','','1','0','98','0','003030','2022-12-14 15:11:10','max4.0.beta1','','0000-00-00 00:00:00','','0000-00-00 00:00:00','','0000-00-00 00:00:00','0000-00-00','','003030','','','产品试点','open','','55','rnd','0','0','0','1','264','200','384','0','','','','','','','','','','','','','','','','','','','0000-00-00','0000-00-00 00:00:00','0000-00-00','0000-00-00','0000-00-00','0000-00-00','','','','','','','','','0000-00-00 00:00:00');
INSERT INTO `zt_project`(`id`,`project`,`model`,`type`,`lifetime`,`budget`,`budgetUnit`,`attribute`,`percent`,`milestone`,`output`,`auth`,`parent`,`path`,`grade`,`name`,`code`,`hasProduct`,`begin`,`end`,`realBegan`,`realEnd`,`days`,`status`,`subStatus`,`pri`,`desc`,`version`,`parentVersion`,`planDuration`,`realDuration`,`openedBy`,`openedDate`,`openedVersion`,`lastEditedBy`,`lastEditedDate`,`closedBy`,`closedDate`,`canceledBy`,`canceledDate`,`suspendedDate`,`PO`,`PM`,`QD`,`RD`,`team`,`acl`,`whitelist`,`order`,`vision`,`division`,`displayCards`,`fluidBoard`,`multiple`,`colWidth`,`minColWidth`,`maxColWidth`,`deleted`,`samname`,`teamleader`,`dept`,`subdept`,`businessdept`,`headofbussinessdept`,`pmo`,`projectcategory`,`importanceofproject`,`projectlevel`,`projectconstructiontype`,`projectbudtype`,`projectag`,`reportreview`,`outsourcmethod`,`outsourcerpm`,`system`,`systemclass`,`expectdate`,`prestartdate`,`feasibilityreportdate`,`budgetcompletedate`,`bidcompletiondate`,`modelselectiondate`,`projectgoal`,`codeaddress`,`documentaddress`,`potentialrisk`,`remark`,`projecttype`,`prestartBy`,`cancelthisprojectBy`,`cancelthisprojectDate`) VALUES ('12','1','','stage','','0','CNY','other','10','1','','','1',',1,12,','1','产品推广','007','1','2023-03-01','2023-10-31','0000-00-00','0000-00-00','245','wait','','1','','2','0','175','0','003030','2022-12-14 15:11:10','max4.0.beta1','','0000-00-00 00:00:00','','0000-00-00 00:00:00','','0000-00-00 00:00:00','0000-00-00','','003030','','','产品推广','open','','60','rnd','0','0','0','1','264','200','384','0','','','','','','','','','','','','','','','','','','','0000-00-00','0000-00-00 00:00:00','0000-00-00','0000-00-00','0000-00-00','0000-00-00','','','','','','','','','0000-00-00 00:00:00');
INSERT INTO `zt_project`(`id`,`project`,`model`,`type`,`lifetime`,`budget`,`budgetUnit`,`attribute`,`percent`,`milestone`,`output`,`auth`,`parent`,`path`,`grade`,`name`,`code`,`hasProduct`,`begin`,`end`,`realBegan`,`realEnd`,`days`,`status`,`subStatus`,`pri`,`desc`,`version`,`parentVersion`,`planDuration`,`realDuration`,`openedBy`,`openedDate`,`openedVersion`,`lastEditedBy`,`lastEditedDate`,`closedBy`,`closedDate`,`canceledBy`,`canceledDate`,`suspendedDate`,`PO`,`PM`,`QD`,`RD`,`team`,`acl`,`whitelist`,`order`,`vision`,`division`,`displayCards`,`fluidBoard`,`multiple`,`colWidth`,`minColWidth`,`maxColWidth`,`deleted`,`samname`,`teamleader`,`dept`,`subdept`,`businessdept`,`headofbussinessdept`,`pmo`,`projectcategory`,`importanceofproject`,`projectlevel`,`projectconstructiontype`,`projectbudtype`,`projectag`,`reportreview`,`outsourcmethod`,`outsourcerpm`,`system`,`systemclass`,`expectdate`,`prestartdate`,`feasibilityreportdate`,`budgetcompletedate`,`bidcompletiondate`,`modelselectiondate`,`projectgoal`,`codeaddress`,`documentaddress`,`potentialrisk`,`remark`,`projecttype`,`prestartBy`,`cancelthisprojectBy`,`cancelthisprojectDate`) VALUES ('13','1','','stage','','0','CNY','qa','30','0','43','','11',',1,11,13,','2','产品内部测试和配置','004-1','1','2022-12-14','2022-12-31','2022-12-14','0000-00-00','18','doing','','1','','1','1','13','0','003030','2022-12-14 15:13:58','max4.0.beta1','003030','2022-12-14 15:14:14','','0000-00-00 00:00:00','','0000-00-00 00:00:00','0000-00-00','','771642','','','产品内部测试和配置','open','','65','rnd','0','0','0','1','264','200','384','0','','','','','','','','','','','','','','','','','','','0000-00-00','0000-00-00 00:00:00','0000-00-00','0000-00-00','0000-00-00','0000-00-00','','','','','','','','','0000-00-00 00:00:00');
INSERT INTO `zt_project`(`id`,`project`,`model`,`type`,`lifetime`,`budget`,`budgetUnit`,`attribute`,`percent`,`milestone`,`output`,`auth`,`parent`,`path`,`grade`,`name`,`code`,`hasProduct`,`begin`,`end`,`realBegan`,`realEnd`,`days`,`status`,`subStatus`,`pri`,`desc`,`version`,`parentVersion`,`planDuration`,`realDuration`,`openedBy`,`openedDate`,`openedVersion`,`lastEditedBy`,`lastEditedDate`,`closedBy`,`closedDate`,`canceledBy`,`canceledDate`,`suspendedDate`,`PO`,`PM`,`QD`,`RD`,`team`,`acl`,`whitelist`,`order`,`vision`,`division`,`displayCards`,`fluidBoard`,`multiple`,`colWidth`,`minColWidth`,`maxColWidth`,`deleted`,`samname`,`teamleader`,`dept`,`subdept`,`businessdept`,`headofbussinessdept`,`pmo`,`projectcategory`,`importanceofproject`,`projectlevel`,`projectconstructiontype`,`projectbudtype`,`projectag`,`reportreview`,`outsourcmethod`,`outsourcerpm`,`system`,`systemclass`,`expectdate`,`prestartdate`,`feasibilityreportdate`,`budgetcompletedate`,`bidcompletiondate`,`modelselectiondate`,`projectgoal`,`codeaddress`,`documentaddress`,`potentialrisk`,`remark`,`projecttype`,`prestartBy`,`cancelthisprojectBy`,`cancelthisprojectDate`) VALUES ('14','1','','stage','','0','CNY','qa','70','0','','','11',',1,11,14,','2','试点团队导入','004-2','1','2023-03-01','2023-04-30','0000-00-00','0000-00-00','61','wait','','1','','1','1','43','0','771642','2022-12-14 15:13:58','max4.0.beta1','','0000-00-00 00:00:00','','0000-00-00 00:00:00','','0000-00-00 00:00:00','0000-00-00','','003030','','','试点团队导入','open','','70','rnd','0','0','0','1','264','200','384','0','','','','','','','','','','','','','','','','','','','0000-00-00','0000-00-00 00:00:00','0000-00-00','0000-00-00','0000-00-00','0000-00-00','','','','','','','','','0000-00-00 00:00:00');
INSERT INTO `zt_project`(`id`,`project`,`model`,`type`,`lifetime`,`budget`,`budgetUnit`,`attribute`,`percent`,`milestone`,`output`,`auth`,`parent`,`path`,`grade`,`name`,`code`,`hasProduct`,`begin`,`end`,`realBegan`,`realEnd`,`days`,`status`,`subStatus`,`pri`,`desc`,`version`,`parentVersion`,`planDuration`,`realDuration`,`openedBy`,`openedDate`,`openedVersion`,`lastEditedBy`,`lastEditedDate`,`closedBy`,`closedDate`,`canceledBy`,`canceledDate`,`suspendedDate`,`PO`,`PM`,`QD`,`RD`,`team`,`acl`,`whitelist`,`order`,`vision`,`division`,`displayCards`,`fluidBoard`,`multiple`,`colWidth`,`minColWidth`,`maxColWidth`,`deleted`,`samname`,`teamleader`,`dept`,`subdept`,`businessdept`,`headofbussinessdept`,`pmo`,`projectcategory`,`importanceofproject`,`projectlevel`,`projectconstructiontype`,`projectbudtype`,`projectag`,`reportreview`,`outsourcmethod`,`outsourcerpm`,`system`,`systemclass`,`expectdate`,`prestartdate`,`feasibilityreportdate`,`budgetcompletedate`,`bidcompletiondate`,`modelselectiondate`,`projectgoal`,`codeaddress`,`documentaddress`,`potentialrisk`,`remark`,`projecttype`,`prestartBy`,`cancelthisprojectBy`,`cancelthisprojectDate`) VALUES ('15','1','','stage','','0','CNY','dev','30','0','','','2',',1,2,15,','2','第三期迭代（项目章程、建设指引、项目变更、项目上线流程、DevOps）','0103','1','2023-01-30','2023-02-24','0000-00-00','0000-00-00','26','wait','','1','','3','1','20','0','003030','2022-12-16 08:59:03','max4.0.beta1','003030','2022-12-16 16:45:48','','0000-00-00 00:00:00','','0000-00-00 00:00:00','0000-00-00','','yinjinzhu','','','第三期迭代（项目章程','open','','75','rnd','0','0','0','1','264','200','384','0','','','','','','','','','','','','','','','','','','','0000-00-00','0000-00-00 00:00:00','0000-00-00','0000-00-00','0000-00-00','0000-00-00','','','','','','','','','0000-00-00 00:00:00');
INSERT INTO `zt_project`(`id`,`project`,`model`,`type`,`lifetime`,`budget`,`budgetUnit`,`attribute`,`percent`,`milestone`,`output`,`auth`,`parent`,`path`,`grade`,`name`,`code`,`hasProduct`,`begin`,`end`,`realBegan`,`realEnd`,`days`,`status`,`subStatus`,`pri`,`desc`,`version`,`parentVersion`,`planDuration`,`realDuration`,`openedBy`,`openedDate`,`openedVersion`,`lastEditedBy`,`lastEditedDate`,`closedBy`,`closedDate`,`canceledBy`,`canceledDate`,`suspendedDate`,`PO`,`PM`,`QD`,`RD`,`team`,`acl`,`whitelist`,`order`,`vision`,`division`,`displayCards`,`fluidBoard`,`multiple`,`colWidth`,`minColWidth`,`maxColWidth`,`deleted`,`samname`,`teamleader`,`dept`,`subdept`,`businessdept`,`headofbussinessdept`,`pmo`,`projectcategory`,`importanceofproject`,`projectlevel`,`projectconstructiontype`,`projectbudtype`,`projectag`,`reportreview`,`outsourcmethod`,`outsourcerpm`,`system`,`systemclass`,`expectdate`,`prestartdate`,`feasibilityreportdate`,`budgetcompletedate`,`bidcompletiondate`,`modelselectiondate`,`projectgoal`,`codeaddress`,`documentaddress`,`potentialrisk`,`remark`,`projecttype`,`prestartBy`,`cancelthisprojectBy`,`cancelthisprojectDate`) VALUES ('16','1','','stage','','0','CNY','dev','0','0','','','1',',1,16,','1','第四次迭代','sprint004','1','2023-02-13','2023-02-17','0000-00-00','0000-00-00','5','wait','','1','','0','0','5','0','yangchao','2022-12-21 11:19:27','max4.0.beta1','yangchao','2022-12-21 11:20:16','','0000-00-00 00:00:00','','0000-00-00 00:00:00','0000-00-00','','','','','第四次迭代','private','','80','rnd','1','0','0','1','264','200','384','0','','','','','','','','','','','','','','','','','','','0000-00-00','0000-00-00 00:00:00','0000-00-00','0000-00-00','0000-00-00','0000-00-00','','','','','','','','','0000-00-00 00:00:00');
INSERT INTO `zt_project`(`id`,`project`,`model`,`type`,`lifetime`,`budget`,`budgetUnit`,`attribute`,`percent`,`milestone`,`output`,`auth`,`parent`,`path`,`grade`,`name`,`code`,`hasProduct`,`begin`,`end`,`realBegan`,`realEnd`,`days`,`status`,`subStatus`,`pri`,`desc`,`version`,`parentVersion`,`planDuration`,`realDuration`,`openedBy`,`openedDate`,`openedVersion`,`lastEditedBy`,`lastEditedDate`,`closedBy`,`closedDate`,`canceledBy`,`canceledDate`,`suspendedDate`,`PO`,`PM`,`QD`,`RD`,`team`,`acl`,`whitelist`,`order`,`vision`,`division`,`displayCards`,`fluidBoard`,`multiple`,`colWidth`,`minColWidth`,`maxColWidth`,`deleted`,`samname`,`teamleader`,`dept`,`subdept`,`businessdept`,`headofbussinessdept`,`pmo`,`projectcategory`,`importanceofproject`,`projectlevel`,`projectconstructiontype`,`projectbudtype`,`projectag`,`reportreview`,`outsourcmethod`,`outsourcerpm`,`system`,`systemclass`,`expectdate`,`prestartdate`,`feasibilityreportdate`,`budgetcompletedate`,`bidcompletiondate`,`modelselectiondate`,`projectgoal`,`codeaddress`,`documentaddress`,`potentialrisk`,`remark`,`projecttype`,`prestartBy`,`cancelthisprojectBy`,`cancelthisprojectDate`) VALUES ('17','0','waterfall','project','','0','CNY','','0','0','','extend','0',',17,','1','测试取消功能','testcancelifok','1','2022-12-20','2059-12-31','2022-12-21','0000-00-00','0','closed','cancelled','1','','0','0','0','0','yangchao','2022-12-21 21:22:30','','yangchao','2022-12-21 21:37:02','','0000-00-00 00:00:00','','0000-00-00 00:00:00','0000-00-00','','','','','测试取消功能','private','','85','rnd','0','0','0','1','264','200','384','0','','','','','','','','','','','','','','','','','','','0000-00-00','2022-12-21 21:29:25','0000-00-00','0000-00-00','0000-00-00','0000-00-00','','','','','','','yangchao','yangchao','2022-12-21 21:36:19');
INSERT INTO `zt_project`(`id`,`project`,`model`,`type`,`lifetime`,`budget`,`budgetUnit`,`attribute`,`percent`,`milestone`,`output`,`auth`,`parent`,`path`,`grade`,`name`,`code`,`hasProduct`,`begin`,`end`,`realBegan`,`realEnd`,`days`,`status`,`subStatus`,`pri`,`desc`,`version`,`parentVersion`,`planDuration`,`realDuration`,`openedBy`,`openedDate`,`openedVersion`,`lastEditedBy`,`lastEditedDate`,`closedBy`,`closedDate`,`canceledBy`,`canceledDate`,`suspendedDate`,`PO`,`PM`,`QD`,`RD`,`team`,`acl`,`whitelist`,`order`,`vision`,`division`,`displayCards`,`fluidBoard`,`multiple`,`colWidth`,`minColWidth`,`maxColWidth`,`deleted`,`samname`,`teamleader`,`dept`,`subdept`,`businessdept`,`headofbussinessdept`,`pmo`,`projectcategory`,`importanceofproject`,`projectlevel`,`projectconstructiontype`,`projectbudtype`,`projectag`,`reportreview`,`outsourcmethod`,`outsourcerpm`,`system`,`systemclass`,`expectdate`,`prestartdate`,`feasibilityreportdate`,`budgetcompletedate`,`bidcompletiondate`,`modelselectiondate`,`projectgoal`,`codeaddress`,`documentaddress`,`potentialrisk`,`remark`,`projecttype`,`prestartBy`,`cancelthisprojectBy`,`cancelthisprojectDate`) VALUES ('18','17','','stage','','0','CNY','request','10','0','','','17',',17,18,','1','需求','none1111','1','2022-12-21','2022-12-21','0000-00-00','0000-00-00','1','wait','','1','','1','0','1','0','yangchao','2022-12-21 21:23:02','max4.0.beta1','','0000-00-00 00:00:00','','0000-00-00 00:00:00','','0000-00-00 00:00:00','0000-00-00','','','','','需求','open','','90','rnd','0','0','0','1','264','200','384','0','','','','','','','','','','','','','','','','','','','0000-00-00','0000-00-00 00:00:00','0000-00-00','0000-00-00','0000-00-00','0000-00-00','','','','','','','','','0000-00-00 00:00:00');
INSERT INTO `zt_project`(`id`,`project`,`model`,`type`,`lifetime`,`budget`,`budgetUnit`,`attribute`,`percent`,`milestone`,`output`,`auth`,`parent`,`path`,`grade`,`name`,`code`,`hasProduct`,`begin`,`end`,`realBegan`,`realEnd`,`days`,`status`,`subStatus`,`pri`,`desc`,`version`,`parentVersion`,`planDuration`,`realDuration`,`openedBy`,`openedDate`,`openedVersion`,`lastEditedBy`,`lastEditedDate`,`closedBy`,`closedDate`,`canceledBy`,`canceledDate`,`suspendedDate`,`PO`,`PM`,`QD`,`RD`,`team`,`acl`,`whitelist`,`order`,`vision`,`division`,`displayCards`,`fluidBoard`,`multiple`,`colWidth`,`minColWidth`,`maxColWidth`,`deleted`,`samname`,`teamleader`,`dept`,`subdept`,`businessdept`,`headofbussinessdept`,`pmo`,`projectcategory`,`importanceofproject`,`projectlevel`,`projectconstructiontype`,`projectbudtype`,`projectag`,`reportreview`,`outsourcmethod`,`outsourcerpm`,`system`,`systemclass`,`expectdate`,`prestartdate`,`feasibilityreportdate`,`budgetcompletedate`,`bidcompletiondate`,`modelselectiondate`,`projectgoal`,`codeaddress`,`documentaddress`,`potentialrisk`,`remark`,`projecttype`,`prestartBy`,`cancelthisprojectBy`,`cancelthisprojectDate`) VALUES ('19','17','','stage','','0','CNY','design','10','0','','','17',',17,19,','1','设计','none2222','1','2022-12-21','2022-12-21','0000-00-00','0000-00-00','1','wait','','1','','1','0','1','0','','2022-12-21 21:23:02','max4.0.beta1','','0000-00-00 00:00:00','','0000-00-00 00:00:00','','0000-00-00 00:00:00','0000-00-00','','','','','设计','open','','95','rnd','0','0','0','1','264','200','384','0','','','','','','','','','','','','','','','','','','','0000-00-00','0000-00-00 00:00:00','0000-00-00','0000-00-00','0000-00-00','0000-00-00','','','','','','','','','0000-00-00 00:00:00');
INSERT INTO `zt_project`(`id`,`project`,`model`,`type`,`lifetime`,`budget`,`budgetUnit`,`attribute`,`percent`,`milestone`,`output`,`auth`,`parent`,`path`,`grade`,`name`,`code`,`hasProduct`,`begin`,`end`,`realBegan`,`realEnd`,`days`,`status`,`subStatus`,`pri`,`desc`,`version`,`parentVersion`,`planDuration`,`realDuration`,`openedBy`,`openedDate`,`openedVersion`,`lastEditedBy`,`lastEditedDate`,`closedBy`,`closedDate`,`canceledBy`,`canceledDate`,`suspendedDate`,`PO`,`PM`,`QD`,`RD`,`team`,`acl`,`whitelist`,`order`,`vision`,`division`,`displayCards`,`fluidBoard`,`multiple`,`colWidth`,`minColWidth`,`maxColWidth`,`deleted`,`samname`,`teamleader`,`dept`,`subdept`,`businessdept`,`headofbussinessdept`,`pmo`,`projectcategory`,`importanceofproject`,`projectlevel`,`projectconstructiontype`,`projectbudtype`,`projectag`,`reportreview`,`outsourcmethod`,`outsourcerpm`,`system`,`systemclass`,`expectdate`,`prestartdate`,`feasibilityreportdate`,`budgetcompletedate`,`bidcompletiondate`,`modelselectiondate`,`projectgoal`,`codeaddress`,`documentaddress`,`potentialrisk`,`remark`,`projecttype`,`prestartBy`,`cancelthisprojectBy`,`cancelthisprojectDate`) VALUES ('20','0','waterfall','project','','0','CNY','','0','0','','extend','0',',20,','1','测试预启动状态','testprestartifok','1','2022-12-21','2059-12-31','2022-12-21','0000-00-00','0','doing','inprocess','1','','0','0','0','0','yangchao','2022-12-21 21:38:02','','yangchao','2022-12-29 14:25:46','','0000-00-00 00:00:00','','0000-00-00 00:00:00','0000-00-00','','','','','测试预启动状态','open','','100','rnd','0','0','0','1','264','200','384','0','','','','','','','','','','','','','','','','','','','0000-00-00','2022-12-21 21:39:54','0000-00-00','0000-00-00','0000-00-00','0000-00-00','','','','','','','yangchao','yangchao','2022-12-21 21:40:33');
INSERT INTO `zt_project`(`id`,`project`,`model`,`type`,`lifetime`,`budget`,`budgetUnit`,`attribute`,`percent`,`milestone`,`output`,`auth`,`parent`,`path`,`grade`,`name`,`code`,`hasProduct`,`begin`,`end`,`realBegan`,`realEnd`,`days`,`status`,`subStatus`,`pri`,`desc`,`version`,`parentVersion`,`planDuration`,`realDuration`,`openedBy`,`openedDate`,`openedVersion`,`lastEditedBy`,`lastEditedDate`,`closedBy`,`closedDate`,`canceledBy`,`canceledDate`,`suspendedDate`,`PO`,`PM`,`QD`,`RD`,`team`,`acl`,`whitelist`,`order`,`vision`,`division`,`displayCards`,`fluidBoard`,`multiple`,`colWidth`,`minColWidth`,`maxColWidth`,`deleted`,`samname`,`teamleader`,`dept`,`subdept`,`businessdept`,`headofbussinessdept`,`pmo`,`projectcategory`,`importanceofproject`,`projectlevel`,`projectconstructiontype`,`projectbudtype`,`projectag`,`reportreview`,`outsourcmethod`,`outsourcerpm`,`system`,`systemclass`,`expectdate`,`prestartdate`,`feasibilityreportdate`,`budgetcompletedate`,`bidcompletiondate`,`modelselectiondate`,`projectgoal`,`codeaddress`,`documentaddress`,`potentialrisk`,`remark`,`projecttype`,`prestartBy`,`cancelthisprojectBy`,`cancelthisprojectDate`) VALUES ('21','20','','stage','','0','CNY','request','10','0','','','20',',20,21,','1','需求','jjxxx','1','2022-12-23','2022-12-23','0000-00-00','0000-00-00','1','wait','','1','','1','0','1','0','yangchao','2022-12-21 21:38:29','max4.0.beta1','','0000-00-00 00:00:00','','0000-00-00 00:00:00','','0000-00-00 00:00:00','0000-00-00','','','','','需求','open','','105','rnd','0','0','0','1','264','200','384','0','','','','','','','','','','','','','','','','','','','0000-00-00','0000-00-00 00:00:00','0000-00-00','0000-00-00','0000-00-00','0000-00-00','','','','','','','','','0000-00-00 00:00:00');
INSERT INTO `zt_project`(`id`,`project`,`model`,`type`,`lifetime`,`budget`,`budgetUnit`,`attribute`,`percent`,`milestone`,`output`,`auth`,`parent`,`path`,`grade`,`name`,`code`,`hasProduct`,`begin`,`end`,`realBegan`,`realEnd`,`days`,`status`,`subStatus`,`pri`,`desc`,`version`,`parentVersion`,`planDuration`,`realDuration`,`openedBy`,`openedDate`,`openedVersion`,`lastEditedBy`,`lastEditedDate`,`closedBy`,`closedDate`,`canceledBy`,`canceledDate`,`suspendedDate`,`PO`,`PM`,`QD`,`RD`,`team`,`acl`,`whitelist`,`order`,`vision`,`division`,`displayCards`,`fluidBoard`,`multiple`,`colWidth`,`minColWidth`,`maxColWidth`,`deleted`,`samname`,`teamleader`,`dept`,`subdept`,`businessdept`,`headofbussinessdept`,`pmo`,`projectcategory`,`importanceofproject`,`projectlevel`,`projectconstructiontype`,`projectbudtype`,`projectag`,`reportreview`,`outsourcmethod`,`outsourcerpm`,`system`,`systemclass`,`expectdate`,`prestartdate`,`feasibilityreportdate`,`budgetcompletedate`,`bidcompletiondate`,`modelselectiondate`,`projectgoal`,`codeaddress`,`documentaddress`,`potentialrisk`,`remark`,`projecttype`,`prestartBy`,`cancelthisprojectBy`,`cancelthisprojectDate`) VALUES ('22','20','','stage','','0','CNY','design','10','0','','','20',',20,22,','1','设计','yyccc','1','2022-12-23','2022-12-23','0000-00-00','0000-00-00','1','wait','','1','','1','0','1','0','','2022-12-21 21:38:29','max4.0.beta1','','0000-00-00 00:00:00','','0000-00-00 00:00:00','','0000-00-00 00:00:00','0000-00-00','','','','','设计','open','','110','rnd','0','0','0','1','264','200','384','0','','','','','','','','','','','','','','','','','','','0000-00-00','0000-00-00 00:00:00','0000-00-00','0000-00-00','0000-00-00','0000-00-00','','','','','','','','','0000-00-00 00:00:00');
INSERT INTO `zt_project`(`id`,`project`,`model`,`type`,`lifetime`,`budget`,`budgetUnit`,`attribute`,`percent`,`milestone`,`output`,`auth`,`parent`,`path`,`grade`,`name`,`code`,`hasProduct`,`begin`,`end`,`realBegan`,`realEnd`,`days`,`status`,`subStatus`,`pri`,`desc`,`version`,`parentVersion`,`planDuration`,`realDuration`,`openedBy`,`openedDate`,`openedVersion`,`lastEditedBy`,`lastEditedDate`,`closedBy`,`closedDate`,`canceledBy`,`canceledDate`,`suspendedDate`,`PO`,`PM`,`QD`,`RD`,`team`,`acl`,`whitelist`,`order`,`vision`,`division`,`displayCards`,`fluidBoard`,`multiple`,`colWidth`,`minColWidth`,`maxColWidth`,`deleted`,`samname`,`teamleader`,`dept`,`subdept`,`businessdept`,`headofbussinessdept`,`pmo`,`projectcategory`,`importanceofproject`,`projectlevel`,`projectconstructiontype`,`projectbudtype`,`projectag`,`reportreview`,`outsourcmethod`,`outsourcerpm`,`system`,`systemclass`,`expectdate`,`prestartdate`,`feasibilityreportdate`,`budgetcompletedate`,`bidcompletiondate`,`modelselectiondate`,`projectgoal`,`codeaddress`,`documentaddress`,`potentialrisk`,`remark`,`projecttype`,`prestartBy`,`cancelthisprojectBy`,`cancelthisprojectDate`) VALUES ('23','0','waterfall','project','','0','CNY','','0','0','','extend','8',',8,23,','2','1111','1111','1','2022-12-23','2023-01-22','2022-12-23','0000-00-00','21','doing','inprocess','1','','0','0','0','0','771642','2022-12-23 18:33:29','','771642','2022-12-29 13:20:49','771642','2022-12-29 13:20:40','','0000-00-00 00:00:00','2022-12-29','','771642','','','1111','private','','115','rnd','0','0','0','1','264','200','384','0','','','','','','','','','','','','','','','','','','','0000-00-00','0000-00-00 00:00:00','0000-00-00','0000-00-00','0000-00-00','0000-00-00','','','','','','','','','0000-00-00 00:00:00');
INSERT INTO `zt_project`(`id`,`project`,`model`,`type`,`lifetime`,`budget`,`budgetUnit`,`attribute`,`percent`,`milestone`,`output`,`auth`,`parent`,`path`,`grade`,`name`,`code`,`hasProduct`,`begin`,`end`,`realBegan`,`realEnd`,`days`,`status`,`subStatus`,`pri`,`desc`,`version`,`parentVersion`,`planDuration`,`realDuration`,`openedBy`,`openedDate`,`openedVersion`,`lastEditedBy`,`lastEditedDate`,`closedBy`,`closedDate`,`canceledBy`,`canceledDate`,`suspendedDate`,`PO`,`PM`,`QD`,`RD`,`team`,`acl`,`whitelist`,`order`,`vision`,`division`,`displayCards`,`fluidBoard`,`multiple`,`colWidth`,`minColWidth`,`maxColWidth`,`deleted`,`samname`,`teamleader`,`dept`,`subdept`,`businessdept`,`headofbussinessdept`,`pmo`,`projectcategory`,`importanceofproject`,`projectlevel`,`projectconstructiontype`,`projectbudtype`,`projectag`,`reportreview`,`outsourcmethod`,`outsourcerpm`,`system`,`systemclass`,`expectdate`,`prestartdate`,`feasibilityreportdate`,`budgetcompletedate`,`bidcompletiondate`,`modelselectiondate`,`projectgoal`,`codeaddress`,`documentaddress`,`potentialrisk`,`remark`,`projecttype`,`prestartBy`,`cancelthisprojectBy`,`cancelthisprojectDate`) VALUES ('24','0','waterfall','project','','','CNY','','0','0','','extend','0',',24,','1','111','111','1','2022-12-23','2023-01-22','0000-00-00','0000-00-00','21','wait','','1','','0','0','0','0','771642','2022-12-23 18:35:20','','771642','2022-12-23 18:35:20','','0000-00-00 00:00:00','','0000-00-00 00:00:00','0000-00-00','','','','','111','private','','120','rnd','0','0','0','1','264','200','384','0','','','','','','','','','','','','','','','','','','','0000-00-00','0000-00-00 00:00:00','0000-00-00','0000-00-00','0000-00-00','0000-00-00','','','','','','','','','0000-00-00 00:00:00');
INSERT INTO `zt_project`(`id`,`project`,`model`,`type`,`lifetime`,`budget`,`budgetUnit`,`attribute`,`percent`,`milestone`,`output`,`auth`,`parent`,`path`,`grade`,`name`,`code`,`hasProduct`,`begin`,`end`,`realBegan`,`realEnd`,`days`,`status`,`subStatus`,`pri`,`desc`,`version`,`parentVersion`,`planDuration`,`realDuration`,`openedBy`,`openedDate`,`openedVersion`,`lastEditedBy`,`lastEditedDate`,`closedBy`,`closedDate`,`canceledBy`,`canceledDate`,`suspendedDate`,`PO`,`PM`,`QD`,`RD`,`team`,`acl`,`whitelist`,`order`,`vision`,`division`,`displayCards`,`fluidBoard`,`multiple`,`colWidth`,`minColWidth`,`maxColWidth`,`deleted`,`samname`,`teamleader`,`dept`,`subdept`,`businessdept`,`headofbussinessdept`,`pmo`,`projectcategory`,`importanceofproject`,`projectlevel`,`projectconstructiontype`,`projectbudtype`,`projectag`,`reportreview`,`outsourcmethod`,`outsourcerpm`,`system`,`systemclass`,`expectdate`,`prestartdate`,`feasibilityreportdate`,`budgetcompletedate`,`bidcompletiondate`,`modelselectiondate`,`projectgoal`,`codeaddress`,`documentaddress`,`potentialrisk`,`remark`,`projecttype`,`prestartBy`,`cancelthisprojectBy`,`cancelthisprojectDate`) VALUES ('25','24','','stage','','0','CNY','request','10','0','','','24',',24,25,','1','需求','1','1','2022-12-23','2022-12-23','0000-00-00','0000-00-00','1','wait','','1','','1','0','1','0','771642','2022-12-23 18:35:49','max4.0.beta1','','0000-00-00 00:00:00','','0000-00-00 00:00:00','','0000-00-00 00:00:00','0000-00-00','','','','','需求','open','','125','rnd','0','0','0','1','264','200','384','0','','','','','','','','','','','','','','','','','','','0000-00-00','0000-00-00 00:00:00','0000-00-00','0000-00-00','0000-00-00','0000-00-00','','','','','','','','','0000-00-00 00:00:00');
INSERT INTO `zt_project`(`id`,`project`,`model`,`type`,`lifetime`,`budget`,`budgetUnit`,`attribute`,`percent`,`milestone`,`output`,`auth`,`parent`,`path`,`grade`,`name`,`code`,`hasProduct`,`begin`,`end`,`realBegan`,`realEnd`,`days`,`status`,`subStatus`,`pri`,`desc`,`version`,`parentVersion`,`planDuration`,`realDuration`,`openedBy`,`openedDate`,`openedVersion`,`lastEditedBy`,`lastEditedDate`,`closedBy`,`closedDate`,`canceledBy`,`canceledDate`,`suspendedDate`,`PO`,`PM`,`QD`,`RD`,`team`,`acl`,`whitelist`,`order`,`vision`,`division`,`displayCards`,`fluidBoard`,`multiple`,`colWidth`,`minColWidth`,`maxColWidth`,`deleted`,`samname`,`teamleader`,`dept`,`subdept`,`businessdept`,`headofbussinessdept`,`pmo`,`projectcategory`,`importanceofproject`,`projectlevel`,`projectconstructiontype`,`projectbudtype`,`projectag`,`reportreview`,`outsourcmethod`,`outsourcerpm`,`system`,`systemclass`,`expectdate`,`prestartdate`,`feasibilityreportdate`,`budgetcompletedate`,`bidcompletiondate`,`modelselectiondate`,`projectgoal`,`codeaddress`,`documentaddress`,`potentialrisk`,`remark`,`projecttype`,`prestartBy`,`cancelthisprojectBy`,`cancelthisprojectDate`) VALUES ('26','0','waterfall','project','','','CNY','','0','0','','extend','0',',26,','1','222','2','1','2022-12-29','2023-01-28','0000-00-00','0000-00-00','22','closed','cancelled','1','','0','0','0','0','771642','2022-12-29 14:36:13','','771642','2022-12-29 14:45:15','','0000-00-00 00:00:00','','0000-00-00 00:00:00','0000-00-00','','771642','','','222','private','','130','rnd','0','0','0','1','264','200','384','0','','','','','','','','','','','','','','','','','','','0000-00-00','2022-12-29 14:44:40','0000-00-00','0000-00-00','0000-00-00','0000-00-00','','','','','','','771642','771642','2022-12-29 14:45:15');
INSERT INTO `zt_project`(`id`,`project`,`model`,`type`,`lifetime`,`budget`,`budgetUnit`,`attribute`,`percent`,`milestone`,`output`,`auth`,`parent`,`path`,`grade`,`name`,`code`,`hasProduct`,`begin`,`end`,`realBegan`,`realEnd`,`days`,`status`,`subStatus`,`pri`,`desc`,`version`,`parentVersion`,`planDuration`,`realDuration`,`openedBy`,`openedDate`,`openedVersion`,`lastEditedBy`,`lastEditedDate`,`closedBy`,`closedDate`,`canceledBy`,`canceledDate`,`suspendedDate`,`PO`,`PM`,`QD`,`RD`,`team`,`acl`,`whitelist`,`order`,`vision`,`division`,`displayCards`,`fluidBoard`,`multiple`,`colWidth`,`minColWidth`,`maxColWidth`,`deleted`,`samname`,`teamleader`,`dept`,`subdept`,`businessdept`,`headofbussinessdept`,`pmo`,`projectcategory`,`importanceofproject`,`projectlevel`,`projectconstructiontype`,`projectbudtype`,`projectag`,`reportreview`,`outsourcmethod`,`outsourcerpm`,`system`,`systemclass`,`expectdate`,`prestartdate`,`feasibilityreportdate`,`budgetcompletedate`,`bidcompletiondate`,`modelselectiondate`,`projectgoal`,`codeaddress`,`documentaddress`,`potentialrisk`,`remark`,`projecttype`,`prestartBy`,`cancelthisprojectBy`,`cancelthisprojectDate`) VALUES ('27','0','waterfall','project','','','CNY','','0','0','','extend','0',',27,','1','asdfadsf','sssssa','1','2022-12-29','2059-12-31','0000-00-00','0000-00-00','0','wait','','1','','0','0','0','0','yangchao','2022-12-29 14:41:44','','yangchao','2022-12-29 14:41:44','','0000-00-00 00:00:00','','0000-00-00 00:00:00','0000-00-00','','','','','asdfadsf','private','','135','rnd','0','0','0','1','264','200','384','0','','','','','','','','','','','','','','','','','','','0000-00-00','0000-00-00 00:00:00','0000-00-00','0000-00-00','0000-00-00','0000-00-00','','','','','','','','','0000-00-00 00:00:00');
INSERT INTO `zt_project`(`id`,`project`,`model`,`type`,`lifetime`,`budget`,`budgetUnit`,`attribute`,`percent`,`milestone`,`output`,`auth`,`parent`,`path`,`grade`,`name`,`code`,`hasProduct`,`begin`,`end`,`realBegan`,`realEnd`,`days`,`status`,`subStatus`,`pri`,`desc`,`version`,`parentVersion`,`planDuration`,`realDuration`,`openedBy`,`openedDate`,`openedVersion`,`lastEditedBy`,`lastEditedDate`,`closedBy`,`closedDate`,`canceledBy`,`canceledDate`,`suspendedDate`,`PO`,`PM`,`QD`,`RD`,`team`,`acl`,`whitelist`,`order`,`vision`,`division`,`displayCards`,`fluidBoard`,`multiple`,`colWidth`,`minColWidth`,`maxColWidth`,`deleted`,`samname`,`teamleader`,`dept`,`subdept`,`businessdept`,`headofbussinessdept`,`pmo`,`projectcategory`,`importanceofproject`,`projectlevel`,`projectconstructiontype`,`projectbudtype`,`projectag`,`reportreview`,`outsourcmethod`,`outsourcerpm`,`system`,`systemclass`,`expectdate`,`prestartdate`,`feasibilityreportdate`,`budgetcompletedate`,`bidcompletiondate`,`modelselectiondate`,`projectgoal`,`codeaddress`,`documentaddress`,`potentialrisk`,`remark`,`projecttype`,`prestartBy`,`cancelthisprojectBy`,`cancelthisprojectDate`) VALUES ('28','27','','stage','','0','CNY','request','10','0','','','27',',27,28,','1','需求','sadfasdf','1','2022-12-29','2022-12-29','0000-00-00','0000-00-00','1','wait','','1','','1','0','1','0','yangchao','2022-12-29 14:42:06','max4.0.beta1','','0000-00-00 00:00:00','','0000-00-00 00:00:00','','0000-00-00 00:00:00','0000-00-00','','','','','需求','open','','140','rnd','0','0','0','1','264','200','384','0','','','','','','','','','','','','','','','','','','','0000-00-00','0000-00-00 00:00:00','0000-00-00','0000-00-00','0000-00-00','0000-00-00','','','','','','','','','0000-00-00 00:00:00');
INSERT INTO `zt_project`(`id`,`project`,`model`,`type`,`lifetime`,`budget`,`budgetUnit`,`attribute`,`percent`,`milestone`,`output`,`auth`,`parent`,`path`,`grade`,`name`,`code`,`hasProduct`,`begin`,`end`,`realBegan`,`realEnd`,`days`,`status`,`subStatus`,`pri`,`desc`,`version`,`parentVersion`,`planDuration`,`realDuration`,`openedBy`,`openedDate`,`openedVersion`,`lastEditedBy`,`lastEditedDate`,`closedBy`,`closedDate`,`canceledBy`,`canceledDate`,`suspendedDate`,`PO`,`PM`,`QD`,`RD`,`team`,`acl`,`whitelist`,`order`,`vision`,`division`,`displayCards`,`fluidBoard`,`multiple`,`colWidth`,`minColWidth`,`maxColWidth`,`deleted`,`samname`,`teamleader`,`dept`,`subdept`,`businessdept`,`headofbussinessdept`,`pmo`,`projectcategory`,`importanceofproject`,`projectlevel`,`projectconstructiontype`,`projectbudtype`,`projectag`,`reportreview`,`outsourcmethod`,`outsourcerpm`,`system`,`systemclass`,`expectdate`,`prestartdate`,`feasibilityreportdate`,`budgetcompletedate`,`bidcompletiondate`,`modelselectiondate`,`projectgoal`,`codeaddress`,`documentaddress`,`potentialrisk`,`remark`,`projecttype`,`prestartBy`,`cancelthisprojectBy`,`cancelthisprojectDate`) VALUES ('29','27','','stage','','0','CNY','design','10','0','','','27',',27,29,','1','设计','asdfasfdasdf','1','2022-12-29','2022-12-29','0000-00-00','0000-00-00','1','wait','','1','','1','0','1','0','','2022-12-29 14:42:06','max4.0.beta1','','0000-00-00 00:00:00','','0000-00-00 00:00:00','','0000-00-00 00:00:00','0000-00-00','','','','','设计','open','','145','rnd','0','0','0','1','264','200','384','0','','','','','','','','','','','','','','','','','','','0000-00-00','0000-00-00 00:00:00','0000-00-00','0000-00-00','0000-00-00','0000-00-00','','','','','','','','','0000-00-00 00:00:00');
INSERT INTO `zt_project`(`id`,`project`,`model`,`type`,`lifetime`,`budget`,`budgetUnit`,`attribute`,`percent`,`milestone`,`output`,`auth`,`parent`,`path`,`grade`,`name`,`code`,`hasProduct`,`begin`,`end`,`realBegan`,`realEnd`,`days`,`status`,`subStatus`,`pri`,`desc`,`version`,`parentVersion`,`planDuration`,`realDuration`,`openedBy`,`openedDate`,`openedVersion`,`lastEditedBy`,`lastEditedDate`,`closedBy`,`closedDate`,`canceledBy`,`canceledDate`,`suspendedDate`,`PO`,`PM`,`QD`,`RD`,`team`,`acl`,`whitelist`,`order`,`vision`,`division`,`displayCards`,`fluidBoard`,`multiple`,`colWidth`,`minColWidth`,`maxColWidth`,`deleted`,`samname`,`teamleader`,`dept`,`subdept`,`businessdept`,`headofbussinessdept`,`pmo`,`projectcategory`,`importanceofproject`,`projectlevel`,`projectconstructiontype`,`projectbudtype`,`projectag`,`reportreview`,`outsourcmethod`,`outsourcerpm`,`system`,`systemclass`,`expectdate`,`prestartdate`,`feasibilityreportdate`,`budgetcompletedate`,`bidcompletiondate`,`modelselectiondate`,`projectgoal`,`codeaddress`,`documentaddress`,`potentialrisk`,`remark`,`projecttype`,`prestartBy`,`cancelthisprojectBy`,`cancelthisprojectDate`) VALUES ('30','27','','stage','','0','CNY','dev','50','0','','','27',',27,30,','1','开发','asdfasdfasdf','1','2022-12-29','2022-12-29','0000-00-00','0000-00-00','1','wait','','1','','1','0','1','0','','2022-12-29 14:42:06','max4.0.beta1','','0000-00-00 00:00:00','','0000-00-00 00:00:00','','0000-00-00 00:00:00','0000-00-00','','','','','开发','open','','150','rnd','0','0','0','1','264','200','384','0','','','','','','','','','','','','','','','','','','','0000-00-00','0000-00-00 00:00:00','0000-00-00','0000-00-00','0000-00-00','0000-00-00','','','','','','','','','0000-00-00 00:00:00');
INSERT INTO `zt_project`(`id`,`project`,`model`,`type`,`lifetime`,`budget`,`budgetUnit`,`attribute`,`percent`,`milestone`,`output`,`auth`,`parent`,`path`,`grade`,`name`,`code`,`hasProduct`,`begin`,`end`,`realBegan`,`realEnd`,`days`,`status`,`subStatus`,`pri`,`desc`,`version`,`parentVersion`,`planDuration`,`realDuration`,`openedBy`,`openedDate`,`openedVersion`,`lastEditedBy`,`lastEditedDate`,`closedBy`,`closedDate`,`canceledBy`,`canceledDate`,`suspendedDate`,`PO`,`PM`,`QD`,`RD`,`team`,`acl`,`whitelist`,`order`,`vision`,`division`,`displayCards`,`fluidBoard`,`multiple`,`colWidth`,`minColWidth`,`maxColWidth`,`deleted`,`samname`,`teamleader`,`dept`,`subdept`,`businessdept`,`headofbussinessdept`,`pmo`,`projectcategory`,`importanceofproject`,`projectlevel`,`projectconstructiontype`,`projectbudtype`,`projectag`,`reportreview`,`outsourcmethod`,`outsourcerpm`,`system`,`systemclass`,`expectdate`,`prestartdate`,`feasibilityreportdate`,`budgetcompletedate`,`bidcompletiondate`,`modelselectiondate`,`projectgoal`,`codeaddress`,`documentaddress`,`potentialrisk`,`remark`,`projecttype`,`prestartBy`,`cancelthisprojectBy`,`cancelthisprojectDate`) VALUES ('31','1','','stage','','0','CNY','request','0','0','','','1',',1,31,','1','asdfafd','sssazxcv','1','2023-01-03','2023-02-02','0000-00-00','0000-00-00','23','wait','','1','','0','0','23','0','yangchao','2023-01-03 14:47:56','max4.0.beta1','yangchao','2023-01-03 14:47:56','','0000-00-00 00:00:00','','0000-00-00 00:00:00','0000-00-00','','','','','asdfafd','private','','155','rnd','1','0','0','1','264','200','384','0','','','','','','','','','','','','','','','','','','','0000-00-00','0000-00-00 00:00:00','0000-00-00','0000-00-00','0000-00-00','0000-00-00','','','','','','','','','0000-00-00 00:00:00');
CREATE TABLE `zt_projectadmin` (
  `group` smallint(6) NOT NULL,
  `account` char(30) NOT NULL,
  `programs` text NOT NULL,
  `projects` text NOT NULL,
  `products` text NOT NULL,
  `executions` text NOT NULL,
  UNIQUE KEY `group_account` (`group`,`account`)
) ENGINE=InnoDB DEFAULT CHARSET=utf8;
CREATE TABLE `zt_projectcase` (
  `project` mediumint(8) unsigned NOT NULL DEFAULT '0',
  `product` mediumint(8) unsigned NOT NULL DEFAULT '0',
  `case` mediumint(8) unsigned NOT NULL DEFAULT '0',
  `count` mediumint(8) unsigned NOT NULL DEFAULT '1',
  `version` smallint(6) NOT NULL DEFAULT '1',
  `order` smallint(6) unsigned NOT NULL,
  UNIQUE KEY `project` (`project`,`case`)
) ENGINE=InnoDB DEFAULT CHARSET=utf8;
CREATE TABLE `zt_projectproduct` (
  `project` mediumint(8) unsigned NOT NULL,
  `product` mediumint(8) unsigned NOT NULL,
  `branch` mediumint(8) unsigned NOT NULL,
  `plan` varchar(255) NOT NULL,
  PRIMARY KEY (`project`,`product`,`branch`)
) ENGINE=InnoDB DEFAULT CHARSET=utf8;
INSERT INTO `zt_projectproduct`(`project`,`product`,`branch`,`plan`) VALUES ('1','1','0','0');
INSERT INTO `zt_projectproduct`(`project`,`product`,`branch`,`plan`) VALUES ('2','1','0','0');
INSERT INTO `zt_projectproduct`(`project`,`product`,`branch`,`plan`) VALUES ('3','1','0','0');
INSERT INTO `zt_projectproduct`(`project`,`product`,`branch`,`plan`) VALUES ('4','1','0','0');
INSERT INTO `zt_projectproduct`(`project`,`product`,`branch`,`plan`) VALUES ('5','1','0',',1,');
INSERT INTO `zt_projectproduct`(`project`,`product`,`branch`,`plan`) VALUES ('6','1','0',',2,');
INSERT INTO `zt_projectproduct`(`project`,`product`,`branch`,`plan`) VALUES ('7','1','0','0');
INSERT INTO `zt_projectproduct`(`project`,`product`,`branch`,`plan`) VALUES ('9','1','0','0');
INSERT INTO `zt_projectproduct`(`project`,`product`,`branch`,`plan`) VALUES ('10','1','0','0');
INSERT INTO `zt_projectproduct`(`project`,`product`,`branch`,`plan`) VALUES ('11','1','0','0');
INSERT INTO `zt_projectproduct`(`project`,`product`,`branch`,`plan`) VALUES ('12','1','0','0');
INSERT INTO `zt_projectproduct`(`project`,`product`,`branch`,`plan`) VALUES ('13','1','0','0');
INSERT INTO `zt_projectproduct`(`project`,`product`,`branch`,`plan`) VALUES ('14','1','0','0');
INSERT INTO `zt_projectproduct`(`project`,`product`,`branch`,`plan`) VALUES ('15','1','0',',4,');
INSERT INTO `zt_projectproduct`(`project`,`product`,`branch`,`plan`) VALUES ('16','1','0','0');
INSERT INTO `zt_projectproduct`(`project`,`product`,`branch`,`plan`) VALUES ('17','3','0','0');
INSERT INTO `zt_projectproduct`(`project`,`product`,`branch`,`plan`) VALUES ('18','3','0','0');
INSERT INTO `zt_projectproduct`(`project`,`product`,`branch`,`plan`) VALUES ('19','3','0','0');
INSERT INTO `zt_projectproduct`(`project`,`product`,`branch`,`plan`) VALUES ('20','4','0','0');
INSERT INTO `zt_projectproduct`(`project`,`product`,`branch`,`plan`) VALUES ('21','4','0','0');
INSERT INTO `zt_projectproduct`(`project`,`product`,`branch`,`plan`) VALUES ('22','4','0','0');
INSERT INTO `zt_projectproduct`(`project`,`product`,`branch`,`plan`) VALUES ('23','1','0','0');
INSERT INTO `zt_projectproduct`(`project`,`product`,`branch`,`plan`) VALUES ('24','5','0','');
INSERT INTO `zt_projectproduct`(`project`,`product`,`branch`,`plan`) VALUES ('25','5','0','0');
INSERT INTO `zt_projectproduct`(`project`,`product`,`branch`,`plan`) VALUES ('26','6','0','');
INSERT INTO `zt_projectproduct`(`project`,`product`,`branch`,`plan`) VALUES ('27','3','0','0');
INSERT INTO `zt_projectproduct`(`project`,`product`,`branch`,`plan`) VALUES ('28','3','0','0');
INSERT INTO `zt_projectproduct`(`project`,`product`,`branch`,`plan`) VALUES ('29','3','0','0');
INSERT INTO `zt_projectproduct`(`project`,`product`,`branch`,`plan`) VALUES ('30','3','0','0');
INSERT INTO `zt_projectproduct`(`project`,`product`,`branch`,`plan`) VALUES ('31','1','0','0');
CREATE TABLE `zt_projectspec` (
  `project` mediumint(8) NOT NULL,
  `version` smallint(6) NOT NULL,
  `name` varchar(255) NOT NULL,
  `milestone` enum('0','1') NOT NULL DEFAULT '0',
  `begin` date NOT NULL,
  `end` date NOT NULL,
  UNIQUE KEY `project` (`project`,`version`)
) ENGINE=InnoDB DEFAULT CHARSET=utf8;
INSERT INTO `zt_projectspec`(`project`,`version`,`name`,`milestone`,`begin`,`end`) VALUES ('2','1','第一阶段（项目核心流程）','0','2022-12-02','2023-01-31');
INSERT INTO `zt_projectspec`(`project`,`version`,`name`,`milestone`,`begin`,`end`) VALUES ('2','2','第一阶段（项目核心流程）','0','2022-12-02','2023-02-17');
INSERT INTO `zt_projectspec`(`project`,`version`,`name`,`milestone`,`begin`,`end`) VALUES ('2','3','第一阶段（项目核心流程）','0','2022-12-02','2023-03-03');
INSERT INTO `zt_projectspec`(`project`,`version`,`name`,`milestone`,`begin`,`end`) VALUES ('2','4','第一阶段（项目核心流程）','1','2022-12-02','2023-03-03');
INSERT INTO `zt_projectspec`(`project`,`version`,`name`,`milestone`,`begin`,`end`) VALUES ('3','1','第二阶段（试点运行）','0','2023-02-01','2023-03-31');
INSERT INTO `zt_projectspec`(`project`,`version`,`name`,`milestone`,`begin`,`end`) VALUES ('4','1','第三阶段（上线运行）','0','2023-04-01','2023-06-30');
INSERT INTO `zt_projectspec`(`project`,`version`,`name`,`milestone`,`begin`,`end`) VALUES ('5','1','第一期迭代','0','2022-12-12','2022-12-31');
INSERT INTO `zt_projectspec`(`project`,`version`,`name`,`milestone`,`begin`,`end`) VALUES ('5','2','第一期迭代（审批流）','0','2022-12-12','2022-12-31');
INSERT INTO `zt_projectspec`(`project`,`version`,`name`,`milestone`,`begin`,`end`) VALUES ('6','1','第二期迭代','0','2022-12-26','2023-01-20');
INSERT INTO `zt_projectspec`(`project`,`version`,`name`,`milestone`,`begin`,`end`) VALUES ('6','2','第二期迭代（需求池）','0','2022-12-26','2023-01-20');
INSERT INTO `zt_projectspec`(`project`,`version`,`name`,`milestone`,`begin`,`end`) VALUES ('7','1','DevOps初步调研','0','2022-12-26','2022-12-31');
INSERT INTO `zt_projectspec`(`project`,`version`,`name`,`milestone`,`begin`,`end`) VALUES ('7','2','DevOps咨询和实施','0','2022-12-19','2023-05-31');
INSERT INTO `zt_projectspec`(`project`,`version`,`name`,`milestone`,`begin`,`end`) VALUES ('10','1','第一阶段实施','0','2022-12-13','2023-01-31');
INSERT INTO `zt_projectspec`(`project`,`version`,`name`,`milestone`,`begin`,`end`) VALUES ('10','2','第一阶段实施','0','2022-12-13','2023-02-17');
INSERT INTO `zt_projectspec`(`project`,`version`,`name`,`milestone`,`begin`,`end`) VALUES ('10','3','产品实施和部署','0','2022-12-12','2023-05-31');
INSERT INTO `zt_projectspec`(`project`,`version`,`name`,`milestone`,`begin`,`end`) VALUES ('11','1','产品试点','0','2022-12-14','2023-04-30');
INSERT INTO `zt_projectspec`(`project`,`version`,`name`,`milestone`,`begin`,`end`) VALUES ('12','1','产品推广','0','2023-03-01','2023-10-31');
INSERT INTO `zt_projectspec`(`project`,`version`,`name`,`milestone`,`begin`,`end`) VALUES ('13','1','产品内部测试和配置','0','2022-12-14','2022-12-31');
INSERT INTO `zt_projectspec`(`project`,`version`,`name`,`milestone`,`begin`,`end`) VALUES ('14','1','试点团队导入','0','2023-03-01','2023-04-30');
INSERT INTO `zt_projectspec`(`project`,`version`,`name`,`milestone`,`begin`,`end`) VALUES ('15','1','第三期迭代（项目章程、建设指引、项目变更）','0','2023-01-30','2023-01-31');
INSERT INTO `zt_projectspec`(`project`,`version`,`name`,`milestone`,`begin`,`end`) VALUES ('15','2','第三期迭代（项目章程、建设指引、项目变更）','0','2023-01-30','2023-02-17');
INSERT INTO `zt_projectspec`(`project`,`version`,`name`,`milestone`,`begin`,`end`) VALUES ('18','1','需求','0','2022-12-21','2022-12-21');
INSERT INTO `zt_projectspec`(`project`,`version`,`name`,`milestone`,`begin`,`end`) VALUES ('19','1','设计','0','2022-12-21','2022-12-21');
INSERT INTO `zt_projectspec`(`project`,`version`,`name`,`milestone`,`begin`,`end`) VALUES ('21','1','需求','0','2022-12-23','2022-12-23');
INSERT INTO `zt_projectspec`(`project`,`version`,`name`,`milestone`,`begin`,`end`) VALUES ('22','1','设计','0','2022-12-23','2022-12-23');
INSERT INTO `zt_projectspec`(`project`,`version`,`name`,`milestone`,`begin`,`end`) VALUES ('25','1','需求','0','2022-12-23','2022-12-23');
INSERT INTO `zt_projectspec`(`project`,`version`,`name`,`milestone`,`begin`,`end`) VALUES ('28','1','需求','0','2022-12-29','2022-12-29');
INSERT INTO `zt_projectspec`(`project`,`version`,`name`,`milestone`,`begin`,`end`) VALUES ('29','1','设计','0','2022-12-29','2022-12-29');
INSERT INTO `zt_projectspec`(`project`,`version`,`name`,`milestone`,`begin`,`end`) VALUES ('30','1','开发','0','2022-12-29','2022-12-29');
CREATE TABLE `zt_projectstory` (
  `project` mediumint(8) unsigned NOT NULL DEFAULT '0',
  `product` mediumint(8) unsigned NOT NULL,
  `branch` mediumint(8) unsigned NOT NULL,
  `story` mediumint(8) unsigned NOT NULL DEFAULT '0',
  `version` smallint(6) NOT NULL DEFAULT '1',
  `order` smallint(6) unsigned NOT NULL,
  UNIQUE KEY `project` (`project`,`story`),
  KEY `story` (`story`)
) ENGINE=InnoDB DEFAULT CHARSET=utf8;
INSERT INTO `zt_projectstory`(`project`,`product`,`branch`,`story`,`version`,`order`) VALUES ('1','1','0','19','1','6');
INSERT INTO `zt_projectstory`(`project`,`product`,`branch`,`story`,`version`,`order`) VALUES ('1','1','0','20','1','0');
INSERT INTO `zt_projectstory`(`project`,`product`,`branch`,`story`,`version`,`order`) VALUES ('1','1','0','21','1','2');
INSERT INTO `zt_projectstory`(`project`,`product`,`branch`,`story`,`version`,`order`) VALUES ('1','1','0','22','1','1');
INSERT INTO `zt_projectstory`(`project`,`product`,`branch`,`story`,`version`,`order`) VALUES ('1','1','0','23','1','0');
INSERT INTO `zt_projectstory`(`project`,`product`,`branch`,`story`,`version`,`order`) VALUES ('1','1','0','24','1','5');
INSERT INTO `zt_projectstory`(`project`,`product`,`branch`,`story`,`version`,`order`) VALUES ('1','1','0','25','1','4');
INSERT INTO `zt_projectstory`(`project`,`product`,`branch`,`story`,`version`,`order`) VALUES ('1','1','0','26','1','3');
INSERT INTO `zt_projectstory`(`project`,`product`,`branch`,`story`,`version`,`order`) VALUES ('5','1','0','19','1','4');
INSERT INTO `zt_projectstory`(`project`,`product`,`branch`,`story`,`version`,`order`) VALUES ('5','1','0','20','1','0');
INSERT INTO `zt_projectstory`(`project`,`product`,`branch`,`story`,`version`,`order`) VALUES ('5','1','0','21','1','0');
INSERT INTO `zt_projectstory`(`project`,`product`,`branch`,`story`,`version`,`order`) VALUES ('5','1','0','22','1','0');
INSERT INTO `zt_projectstory`(`project`,`product`,`branch`,`story`,`version`,`order`) VALUES ('5','1','0','23','1','0');
INSERT INTO `zt_projectstory`(`project`,`product`,`branch`,`story`,`version`,`order`) VALUES ('5','1','0','24','1','3');
INSERT INTO `zt_projectstory`(`project`,`product`,`branch`,`story`,`version`,`order`) VALUES ('5','1','0','25','1','2');
INSERT INTO `zt_projectstory`(`project`,`product`,`branch`,`story`,`version`,`order`) VALUES ('5','1','0','26','1','1');
CREATE TABLE `zt_relation` (
  `id` int(8) NOT NULL AUTO_INCREMENT,
  `project` mediumint(8) NOT NULL,
  `product` mediumint(8) NOT NULL,
  `execution` mediumint(8) NOT NULL,
  `AType` char(30) NOT NULL,
  `AID` mediumint(8) NOT NULL,
  `AVersion` char(30) NOT NULL,
  `relation` char(30) NOT NULL,
  `BType` char(30) NOT NULL,
  `BID` mediumint(8) NOT NULL,
  `BVersion` char(30) NOT NULL,
  `extra` char(30) NOT NULL,
  PRIMARY KEY (`id`),
  UNIQUE KEY `relation` (`product`,`relation`,`AType`,`BType`,`AID`,`BID`)
) ENGINE=InnoDB AUTO_INCREMENT=17 DEFAULT CHARSET=utf8;
INSERT INTO `zt_relation`(`id`,`project`,`product`,`execution`,`AType`,`AID`,`AVersion`,`relation`,`BType`,`BID`,`BVersion`,`extra`) VALUES ('1','0','1','0','requirement','2','1','subdivideinto','story','26','1','');
INSERT INTO `zt_relation`(`id`,`project`,`product`,`execution`,`AType`,`AID`,`AVersion`,`relation`,`BType`,`BID`,`BVersion`,`extra`) VALUES ('2','0','1','0','story','26','1','subdividedfrom','requirement','2','1','');
INSERT INTO `zt_relation`(`id`,`project`,`product`,`execution`,`AType`,`AID`,`AVersion`,`relation`,`BType`,`BID`,`BVersion`,`extra`) VALUES ('3','0','1','0','requirement','2','1','subdivideinto','story','25','1','');
INSERT INTO `zt_relation`(`id`,`project`,`product`,`execution`,`AType`,`AID`,`AVersion`,`relation`,`BType`,`BID`,`BVersion`,`extra`) VALUES ('4','0','1','0','story','25','1','subdividedfrom','requirement','2','1','');
INSERT INTO `zt_relation`(`id`,`project`,`product`,`execution`,`AType`,`AID`,`AVersion`,`relation`,`BType`,`BID`,`BVersion`,`extra`) VALUES ('5','0','1','0','requirement','2','1','subdivideinto','story','24','1','');
INSERT INTO `zt_relation`(`id`,`project`,`product`,`execution`,`AType`,`AID`,`AVersion`,`relation`,`BType`,`BID`,`BVersion`,`extra`) VALUES ('6','0','1','0','story','24','1','subdividedfrom','requirement','2','1','');
INSERT INTO `zt_relation`(`id`,`project`,`product`,`execution`,`AType`,`AID`,`AVersion`,`relation`,`BType`,`BID`,`BVersion`,`extra`) VALUES ('7','0','1','0','requirement','2','1','subdivideinto','story','23','1','');
INSERT INTO `zt_relation`(`id`,`project`,`product`,`execution`,`AType`,`AID`,`AVersion`,`relation`,`BType`,`BID`,`BVersion`,`extra`) VALUES ('8','0','1','0','story','23','1','subdividedfrom','requirement','2','1','');
INSERT INTO `zt_relation`(`id`,`project`,`product`,`execution`,`AType`,`AID`,`AVersion`,`relation`,`BType`,`BID`,`BVersion`,`extra`) VALUES ('9','0','1','0','requirement','1','1','subdivideinto','story','22','1','');
INSERT INTO `zt_relation`(`id`,`project`,`product`,`execution`,`AType`,`AID`,`AVersion`,`relation`,`BType`,`BID`,`BVersion`,`extra`) VALUES ('10','0','1','0','story','22','1','subdividedfrom','requirement','1','1','');
INSERT INTO `zt_relation`(`id`,`project`,`product`,`execution`,`AType`,`AID`,`AVersion`,`relation`,`BType`,`BID`,`BVersion`,`extra`) VALUES ('11','0','1','0','requirement','1','1','subdivideinto','story','21','1','');
INSERT INTO `zt_relation`(`id`,`project`,`product`,`execution`,`AType`,`AID`,`AVersion`,`relation`,`BType`,`BID`,`BVersion`,`extra`) VALUES ('12','0','1','0','story','21','1','subdividedfrom','requirement','1','1','');
INSERT INTO `zt_relation`(`id`,`project`,`product`,`execution`,`AType`,`AID`,`AVersion`,`relation`,`BType`,`BID`,`BVersion`,`extra`) VALUES ('13','0','1','0','requirement','1','1','subdivideinto','story','20','1','');
INSERT INTO `zt_relation`(`id`,`project`,`product`,`execution`,`AType`,`AID`,`AVersion`,`relation`,`BType`,`BID`,`BVersion`,`extra`) VALUES ('14','0','1','0','story','20','1','subdividedfrom','requirement','1','1','');
INSERT INTO `zt_relation`(`id`,`project`,`product`,`execution`,`AType`,`AID`,`AVersion`,`relation`,`BType`,`BID`,`BVersion`,`extra`) VALUES ('15','0','1','0','requirement','1','1','subdivideinto','story','19','1','');
INSERT INTO `zt_relation`(`id`,`project`,`product`,`execution`,`AType`,`AID`,`AVersion`,`relation`,`BType`,`BID`,`BVersion`,`extra`) VALUES ('16','0','1','0','story','19','1','subdividedfrom','requirement','1','1','');
CREATE TABLE `zt_relationoftasks` (
  `id` mediumint(8) unsigned NOT NULL AUTO_INCREMENT,
  `execution` mediumint(8) unsigned NOT NULL,
  `pretask` mediumint(8) unsigned NOT NULL,
  `condition` enum('begin','end') NOT NULL,
  `task` mediumint(8) unsigned NOT NULL,
  `action` enum('begin','end') NOT NULL,
  PRIMARY KEY (`id`),
  KEY `relationoftasks` (`execution`,`task`)
) ENGINE=InnoDB DEFAULT CHARSET=utf8;
CREATE TABLE `zt_release` (
  `id` mediumint(8) unsigned NOT NULL AUTO_INCREMENT,
  `project` varchar(255) NOT NULL,
  `product` mediumint(8) unsigned NOT NULL DEFAULT '0',
  `branch` varchar(255) NOT NULL DEFAULT '0',
  `shadow` mediumint(8) unsigned NOT NULL DEFAULT '0',
  `build` varchar(255) NOT NULL,
  `name` varchar(255) NOT NULL DEFAULT '',
  `marker` enum('0','1') NOT NULL DEFAULT '0',
  `date` date NOT NULL,
  `stories` text NOT NULL,
  `bugs` text NOT NULL,
  `leftBugs` text NOT NULL,
  `desc` mediumtext NOT NULL,
  `mailto` text,
  `notify` varchar(255) DEFAULT NULL,
  `status` varchar(20) NOT NULL DEFAULT 'normal',
  `subStatus` varchar(30) NOT NULL DEFAULT '',
  `createdBy` varchar(30) NOT NULL,
  `createdDate` datetime NOT NULL,
  `deleted` enum('0','1') NOT NULL DEFAULT '0',
  PRIMARY KEY (`id`),
  KEY `product` (`product`),
  KEY `build` (`build`)
) ENGINE=InnoDB DEFAULT CHARSET=utf8;
CREATE TABLE `zt_repo` (
  `id` mediumint(9) NOT NULL AUTO_INCREMENT,
  `product` varchar(255) NOT NULL,
  `projects` varchar(255) NOT NULL,
  `name` varchar(255) NOT NULL,
  `path` varchar(255) NOT NULL,
  `prefix` varchar(100) NOT NULL,
  `encoding` varchar(20) NOT NULL,
  `SCM` varchar(10) NOT NULL,
  `client` varchar(100) NOT NULL,
  `serviceHost` varchar(50) NOT NULL,
  `serviceProject` varchar(100) NOT NULL,
  `commits` mediumint(8) unsigned NOT NULL,
  `account` varchar(30) NOT NULL,
  `password` varchar(30) NOT NULL,
  `encrypt` varchar(30) NOT NULL DEFAULT 'plain',
  `acl` text NOT NULL,
  `synced` tinyint(1) NOT NULL DEFAULT '0',
  `lastSync` datetime NOT NULL,
  `desc` text NOT NULL,
  `extra` char(30) NOT NULL,
  `preMerge` enum('0','1') NOT NULL DEFAULT '0',
  `job` mediumint(8) unsigned NOT NULL,
  `fileServerUrl` text,
  `fileServerAccount` varchar(40) NOT NULL DEFAULT '',
  `fileServerPassword` varchar(100) NOT NULL DEFAULT '',
  `deleted` tinyint(1) NOT NULL,
  PRIMARY KEY (`id`)
) ENGINE=InnoDB DEFAULT CHARSET=utf8;
CREATE TABLE `zt_repobranch` (
  `repo` mediumint(8) unsigned NOT NULL,
  `revision` mediumint(8) unsigned NOT NULL,
  `branch` varchar(255) NOT NULL,
  UNIQUE KEY `repo_revision_branch` (`repo`,`revision`,`branch`),
  KEY `branch` (`branch`),
  KEY `revision` (`revision`)
) ENGINE=InnoDB DEFAULT CHARSET=utf8;
CREATE TABLE `zt_repofiles` (
  `id` int(10) unsigned NOT NULL AUTO_INCREMENT,
  `repo` mediumint(8) unsigned NOT NULL,
  `revision` mediumint(8) unsigned NOT NULL,
  `path` varchar(255) NOT NULL,
  `parent` varchar(255) NOT NULL,
  `type` varchar(20) NOT NULL,
  `action` char(1) NOT NULL,
  PRIMARY KEY (`id`),
  KEY `path` (`path`),
  KEY `parent` (`parent`),
  KEY `repo` (`repo`),
  KEY `revision` (`revision`)
) ENGINE=InnoDB DEFAULT CHARSET=utf8;
CREATE TABLE `zt_repohistory` (
  `id` mediumint(9) NOT NULL AUTO_INCREMENT,
  `repo` mediumint(9) NOT NULL,
  `revision` varchar(40) NOT NULL,
  `commit` mediumint(8) unsigned NOT NULL,
  `comment` text NOT NULL,
  `committer` varchar(100) NOT NULL,
  `time` datetime NOT NULL,
  PRIMARY KEY (`id`),
  KEY `repo` (`repo`),
  KEY `revision` (`revision`)
) ENGINE=InnoDB DEFAULT CHARSET=utf8;
CREATE TABLE `zt_report` (
  `id` mediumint(9) NOT NULL AUTO_INCREMENT,
  `code` varchar(100) NOT NULL,
  `name` text NOT NULL,
  `module` varchar(100) NOT NULL,
  `sql` text NOT NULL,
  `vars` text NOT NULL,
  `langs` text NOT NULL,
  `params` text NOT NULL,
  `step` tinyint(1) NOT NULL DEFAULT '2',
  `desc` text NOT NULL,
  `addedBy` char(30) NOT NULL,
  `addedDate` datetime NOT NULL,
  PRIMARY KEY (`id`),
  UNIQUE KEY `code` (`code`)
) ENGINE=InnoDB AUTO_INCREMENT=26 DEFAULT CHARSET=utf8;
INSERT INTO `zt_report`(`id`,`code`,`name`,`module`,`sql`,`vars`,`langs`,`params`,`step`,`desc`,`addedBy`,`addedDate`) VALUES ('1','product-progress','{\"zh-cn\":\"\\u4ea7\\u54c1\\u5b8c\\u6210\\u5ea6\\u7edf\\u8ba1\\u8868\",\"zh-tw\":\"\\u7522\\u54c1\\u5b8c\\u6210\\u5ea6\\u7d71\\u8a08\\u8868\",\"en\":\"Product Progress\",\"de\":\"Product Progress\",\"fr\":\"Product Progress\"}',',product','select t1.*,t2.name, (case when t1.status = \'closed\' or t1.stage = \'released\' then 1 else 0 end) as done, 1 as count from TABLE_STORY as t1 
left join TABLE_PRODUCT as t2 on t1.product=t2.id 
left join TABLE_PROGRAM as t3 on t2.program=t3.id 
where t1.deleted=\'0\' and t2.deleted=\'0\'
order by t3.`order` asc, t2.line desc, t2.`order` asc','','{\"count\":{\"zh-cn\":\"\\u9700\\u6c42\\u6570\",\"zh-tw\":\"\\u9700\\u6c42\\u6570\",\"en\":\"Stories\"},\"done\":{\"zh-cn\":\"\\u5b8c\\u6210\\u6570\",\"zh-tw\":\"\\u5b8c\\u6210\\u6570\",\"en\":\"Done\"}}','{\"group1\":\"name\",\"group2\":\"\",\"reportField\":[\"count\",\"done\"],\"reportType\":[\"sum\",\"sum\"],\"sumAppend\":[\"count\",\"done\"],\"percent\":{\"1\":\"1\"},\"contrast\":{\"1\":\"count\"},\"showAlone\":{\"1\":\"1\"}}','2','{\"zh-cn\":\"\\u6309\\u7167\\u4ea7\\u54c1\\u5217\\u51fa\\u9700\\u6c42\\u603b\\u6570\\uff0c\\u5b8c\\u6210\\u7684\\u603b\\u6570(\\u72b6\\u6001\\u662f\\u5173\\u95ed\\uff0c\\u6216\\u8005\\u7814\\u53d1\\u9636\\u6bb5\\u662f\\u53d1\\u5e03)\\uff0c\\u5b8c\\u6210\\u7684\\u767e\\u5206\\u6bd4\\u3002\",\"zh-tw\":\"\\u6309\\u7167\\u7522\\u54c1\\u5217\\u51fa\\u9700\\u6c42\\u7e3d\\u6578\\uff0c\\u5b8c\\u6210\\u7684\\u7e3d\\u6578(\\u72c0\\u614b\\u662f\\u95dc\\u9589\\uff0c\\u6216\\u8005\\u7814\\u767c\\u968e\\u6bb5\\u662f\\u767c\\u5e03)\\uff0c\\u5b8c\\u6210\\u7684\\u767e\\u5206\\u6bd4\\u3002\",\"en\":\"Number of total stories,done stories(state is closed, or stage is released), percent of completion.\",\"de\":\"Number of total stories,done stories(state is closed, or stage is released), percent of completion.\",\"fr\":\"Number of total stories,done stories(state is closed, or stage is released), percent of completion.\"}','admin','2015-07-21 15:07:48');
INSERT INTO `zt_report`(`id`,`code`,`name`,`module`,`sql`,`vars`,`langs`,`params`,`step`,`desc`,`addedBy`,`addedDate`) VALUES ('2','story-status','{\"zh-cn\":\"\\u4ea7\\u54c1\\u9700\\u6c42\\u72b6\\u6001\\u5206\\u5e03\\u8868\",\"zh-tw\":\"\\u7522\\u54c1\\u9700\\u6c42\\u72c0\\u614b\\u5206\\u5e03\\u8868\",\"en\":\"Story Status\",\"de\":\"Story Status\",\"fr\":\"Story Status\"}',',product','select t1.*,t2.name from TABLE_STORY as t1
 left join TABLE_PRODUCT as t2 on t1.product=t2.id 
left join TABLE_PROGRAM as t3 on t2.program=t3.id 
where t1.deleted=\'0\' and t2.deleted=\'0\'
order by t3.`order` asc, t2.line desc, t2.`order` asc','','','{\"group1\":\"name\",\"group2\":\"\",\"reportField\":[\"status\"],\"reportType\":[\"count\"],\"sumAppend\":[\"\"],\"reportTotal\":[\"1\"]}','2','{\"zh-cn\":\"\\u6309\\u7167\\u4ea7\\u54c1\\u5217\\u51fa\\u9700\\u6c42\\u603b\\u6570\\uff0c\\u72b6\\u6001\\u7684\\u5206\\u5e03\\u60c5\\u51b5\\u3002\",\"zh-tw\":\"\\u6309\\u7167\\u7522\\u54c1\\u5217\\u51fa\\u9700\\u6c42\\u7e3d\\u6578\\uff0c\\u72c0\\u614b\\u7684\\u5206\\u5e03\\u60c5\\u6cc1\\u3002\",\"en\":\"Total number and status distribution of stories.\",\"de\":\"Total number and status distribution of stories.\",\"fr\":\"Total number and status distribution of stories.\"}','admin','2015-07-21 15:35:38');
INSERT INTO `zt_report`(`id`,`code`,`name`,`module`,`sql`,`vars`,`langs`,`params`,`step`,`desc`,`addedBy`,`addedDate`) VALUES ('3','story-stage','{\"zh-cn\":\"\\u4ea7\\u54c1\\u9700\\u6c42\\u9636\\u6bb5\\u5206\\u5e03\\u8868\",\"zh-tw\":\"\\u7522\\u54c1\\u9700\\u6c42\\u968e\\u6bb5\\u5206\\u5e03\\u8868\",\"en\":\"Story Stage\",\"de\":\"Story Stage\",\"fr\":\"Story Stage\"}',',product','select t1.*,t2.name from TABLE_STORY as t1
 left join TABLE_PRODUCT as t2 on t1.product=t2.id 
left join TABLE_PROGRAM as t3 on t2.program=t3.id 
where t1.deleted=\'0\' and t2.deleted=\'0\'
order by t3.`order` asc, t2.line desc, t2.`order` asc','','','{\"group1\":\"name\",\"group2\":\"\",\"reportField\":[\"stage\"],\"reportType\":[\"count\"],\"sumAppend\":[\"\"],\"reportTotal\":[\"1\"]}','2','{\"zh-cn\":\"\\u6309\\u7167\\u4ea7\\u54c1\\u5217\\u51fa\\u9700\\u6c42\\u603b\\u6570\\uff0c\\u7814\\u53d1\\u9636\\u6bb5\\u7684\\u5206\\u5e03\\u60c5\\u51b5\\u3002\",\"zh-tw\":\"\\u6309\\u7167\\u7522\\u54c1\\u5217\\u51fa\\u9700\\u6c42\\u7e3d\\u6578\\uff0c\\u7814\\u767c\\u968e\\u6bb5\\u7684\\u5206\\u5e03\\u60c5\\u6cc1\\u3002\",\"en\":\"Total number and stage distribution of stories \",\"de\":\"Total number and stage distribution of stories \",\"fr\":\"Total number and stage distribution of stories \"}','admin','2015-07-21 15:38:34');
INSERT INTO `zt_report`(`id`,`code`,`name`,`module`,`sql`,`vars`,`langs`,`params`,`step`,`desc`,`addedBy`,`addedDate`) VALUES ('4','product-release','{\"zh-cn\":\"\\u4ea7\\u54c1\\u53d1\\u5e03\\u6570\\u91cf\\u7edf\\u8ba1\\u8868\",\"zh-tw\":\"\\u7522\\u54c1\\u767c\\u5e03\\u6578\\u91cf\\u7d71\\u8a08\\u8868\",\"en\":\"Product Release\",\"de\":\"Product Release\",\"fr\":\"Product Release\"}',',product','select t2.name, 1 as releases from TABLE_RELEASE as t1 
left join TABLE_PRODUCT as t2 on t1.product=t2.id 
left join TABLE_PROGRAM as t3 on t2.program=t3.id 
where t1.deleted=\'0\' and t2.deleted=\'0\'
order by t3.`order` asc, t2.line desc, t2.`order` asc','','{\"count\":{\"zh-cn\":\"\\u9700\\u6c42\\u6570\",\"zh-tw\":\"\\u9700\\u6c42\\u6570\",\"en\":\"Stories\"},\"done\":{\"zh-cn\":\"\\u5b8c\\u6210\\u6570\",\"zh-tw\":\"\\u5b8c\\u6210\\u6570\",\"en\":\"Done\"}}','{\"group1\":\"name\",\"group2\":\"\",\"reportField\":[\"releases\"],\"reportType\":[\"sum\"],\"sumAppend\":[\"releases\"]}','2','{\"zh-cn\":\"\\u6309\\u7167\\u4ea7\\u54c1\\u5217\\u51fa\\u53d1\\u5e03\\u7684\\u6570\\u91cf\\u3002\",\"zh-tw\":\"\\u6309\\u7167\\u7522\\u54c1\\u5217\\u51fa\\u767c\\u5e03\\u7684\\u6578\\u91cf\\u3002\",\"en\":\"Product Release.\",\"de\":\"Product Release.\",\"fr\":\"Product Release.\"}','admin','2015-07-21 16:00:52');
INSERT INTO `zt_report`(`id`,`code`,`name`,`module`,`sql`,`vars`,`langs`,`params`,`step`,`desc`,`addedBy`,`addedDate`) VALUES ('5','task-status','{\"zh-cn\":\"\\u4efb\\u52a1\\u72b6\\u6001\\u7edf\\u8ba1\\u8868\",\"zh-tw\":\"\\u4efb\\u52d9\\u72c0\\u614b\\u7d71\\u8a08\\u8868\",\"en\":\"Task Status Report\",\"de\":\"Task Status Report\",\"fr\":\"Task Status Report\",\"vi\":\"Task Status Report\",\"ja\":\"Task Status Report\"}',',project','select t1.id,t3.name as project,t1.name,t2.status,IF(t3.multiple=\"1\",t1.name,\"\") as execution,t2.id as taskID,  t1.status as projectstatus, (case when t2.deadline < CURDATE() and t2.deadline != \'0000-00-00\' and t2.status != \'closed\' and t2.status != \'done\' and t2.status != \'cancel\' then 1 else 0 end) as timeout from TABLE_EXECUTION as t1
 left join TABLE_TASK as t2 on t1.id=t2.execution
 left join TABLE_PROJECT as t3 on t3.id=t1.project
 where t1.deleted=\'0\' and t1.type in (\'sprint\',\'stage\') and t2.deleted=\'0\' and if($project=\'\',1,t3.id=$project) and if($status=\'\',1,t1.status=$status) and if($beginDate=\'\',1,t1.begin>=$beginDate) and if($endDate=\'\',1,t1.end<=$endDate)','{\"varName\":[\"project\",\"status\",\"beginDate\",\"endDate\"],\"showName\":[\"\\u9879\\u76ee\\u5217\\u8868\",\"\\u6267\\u884c\\u72b6\\u6001\",\"\\u6267\\u884c\\u8d77\\u59cb\\u65e5\\u671f\",\"\\u6267\\u884c\\u7ed3\\u675f\\u65e5\\u671f\"],\"requestType\":[\"select\",\"select\",\"date\",\"date\"],\"selectList\":[\"project\",\"project.status\",\"user\",\"user\"],\"default\":[\"\",\"\",\"$MONTHBEGIN\",\"$MONTHEND\"]}','{\"project\":{\"zh-cn\":\"\\u9879\\u76ee\\u540d\\u79f0\"},\"execution\":{\"zh-cn\":\"\\u6267\\u884c\\u540d\\u79f0\"}}','{\"group1\":\"project\",\"group2\":\"execution\",\"reportField\":[\"status\"],\"reportType\":[\"count\"],\"sumAppend\":[\"\"],\"reportTotal\":[\"1\"]}','2','{\"zh-cn\":\"\\u6309\\u7167\\u6267\\u884c\\u7edf\\u8ba1\\u4efb\\u52a1\\u7684\\u72b6\\u6001\\u5206\\u5e03\\u60c5\\u51b5\\u3002\",\"zh-tw\":\"\\u6309\\u7167\\u57f7\\u884c\\u7d71\\u8a08\\u4efb\\u52d9\\u7684\\u72c0\\u614b\\u5206\\u5e03\\u60c5\\u6cc1\\u3002\",\"en\":\"\",\"de\":\"\",\"fr\":\"\",\"vi\":\"\",\"ja\":\"\"}','admin','2015-07-22 11:28:33');
INSERT INTO `zt_report`(`id`,`code`,`name`,`module`,`sql`,`vars`,`langs`,`params`,`step`,`desc`,`addedBy`,`addedDate`) VALUES ('6','task-type','{\"zh-cn\":\"\\u4efb\\u52a1\\u7c7b\\u578b\\u7edf\\u8ba1\\u8868\",\"zh-tw\":\"\\u4efb\\u52d9\\u985e\\u578b\\u7d71\\u8a08\\u8868\",\"en\":\"Task Type Report\",\"de\":\"Task Type Report\",\"fr\":\"Task Type Report\",\"vi\":\"Task Type Report\",\"ja\":\"Task Type Report\"}',',project','select t1.id,t3.name as project,IF(t3.multiple=\"1\",t1.name,\"\") as execution,t2.type,t2.id as taskID, t1.status as projectstatus from TABLE_EXECUTION as t1 
left join TABLE_TASK as t2 on t1.id=t2.execution
left join TABLE_PROJECT as t3 on t3.id=t1.project
where t1.deleted=\'0\' and t1.type in (\'sprint\',\'stage\') and t2.deleted=\'0\' and if($project=\'\',1,t3.id=$project) and if($status=\'\',1,t1.status=$status) and if($beginDate=\'\',1,t1.begin>=$beginDate) and if($endDate=\'\',1,t1.end<=$endDate)','{\"varName\":[\"project\",\"status\",\"beginDate\",\"endDate\"],\"showName\":[\"\\u9879\\u76ee\\u5217\\u8868\",\"\\u6267\\u884c\\u72b6\\u6001\",\"\\u6267\\u884c\\u8d77\\u59cb\\u65e5\\u671f\",\"\\u6267\\u884c\\u7ed3\\u675f\\u65e5\\u671f\"],\"requestType\":[\"select\",\"select\",\"date\",\"date\"],\"selectList\":[\"project\",\"project.status\",\"user\",\"user\"],\"default\":[\"\",\"\",\"$MONTHBEGIN\",\"$MONTHEND\"]}','{\"project\":{\"zh-cn\":\"\\u9879\\u76ee\\u540d\\u79f0\"},\"execution\":{\"zh-cn\":\"\\u6267\\u884c\\u540d\\u79f0\"}}','{\"group1\":\"project\",\"group2\":\"execution\",\"reportField\":[\"type\"],\"reportType\":[\"count\"],\"sumAppend\":[\"\"],\"reportTotal\":[\"1\"]}','2','{\"zh-cn\":\"\\u6309\\u7167\\u9879\\u76ee\\u7edf\\u8ba1\\u4efb\\u52a1\\u7684\\u7c7b\\u578b\\u5206\\u5e03\\u60c5\\u51b5\\u3002\",\"zh-tw\":\"\\u6309\\u7167\\u9805\\u76ee\\u7d71\\u8a08\\u4efb\\u52d9\\u7684\\u985e\\u578b\\u5206\\u5e03\\u60c5\\u6cc1\\u3002\",\"en\":\"\",\"de\":\"\",\"fr\":\"\",\"vi\":\"\",\"ja\":\"\"}','admin','2015-07-22 13:06:46');
INSERT INTO `zt_report`(`id`,`code`,`name`,`module`,`sql`,`vars`,`langs`,`params`,`step`,`desc`,`addedBy`,`addedDate`) VALUES ('7','task-assign','{\"zh-cn\":\"\\u9879\\u76ee\\u4efb\\u52a1\\u6307\\u6d3e\\u7edf\\u8ba1\\u8868\",\"zh-tw\":\"\\u9805\\u76ee\\u4efb\\u52d9\\u6307\\u6d3e\\u7d71\\u8a08\\u8868\",\"en\":\"Task Assign Report\",\"de\":\"Task Assign Report\",\"fr\":\"Task Assign Report\",\"vi\":\"Task Assign Report\",\"ja\":\"Task Assign Report\"}',',project','select t1.id,t4.name as project,IF(t4.multiple=\"1\",t1.name,\"\") as execution,if(t3.account is not null, t3.account,t2.assignedTo) as assignedTo,t2.id as taskID, t1.status as projectstatus from TABLE_EXECUTION as t1
 left join TABLE_TASK as t2 on t1.id=t2.execution
 left join TABLE_TEAM as t3 on t3.type=\'task\' && t3.root=t2.id 
left join TABLE_PROJECT as t4 on t1.project=t4.id
where t1.deleted=\'0\' and t1.type in (\'sprint\',\'stage\') and t2.deleted=\'0\' and if($project=\'\',1,t4.id=$project) and if($status=\'\',1,t1.status=$status) and if($beginDate=\'\',1,t1.begin>=$beginDate) and if($endDate=\'\',1,t1.end<=$endDate)','{\"varName\":[\"project\",\"status\",\"beginDate\",\"endDate\"],\"showName\":[\"\\u9879\\u76ee\\u5217\\u8868\",\"\\u6267\\u884c\\u72b6\\u6001\",\"\\u6267\\u884c\\u8d77\\u59cb\\u65e5\\u671f\",\"\\u6267\\u884c\\u7ed3\\u675f\\u65e5\\u671f\"],\"requestType\":[\"select\",\"select\",\"date\",\"date\"],\"selectList\":[\"project\",\"project.status\",\"user\",\"user\"],\"default\":[\"\",\"\",\"$MONTHBEGIN\",\"$MONTHEND\"]}','{\"assignedTo\":{\"zh-cn\":\"\\u6307\\u6d3e\\u7ed9\"},\"execution\":{\"zh-cn\":\"\\u6267\\u884c\\u540d\\u79f0\"}}','{\"group1\":\"project\",\"group2\":\"execution\",\"reportField\":[\"assignedTo\"],\"isUser\":{\"reportField\":[[\"1\"]]},\"reportType\":[\"count\"],\"sumAppend\":[\"\"]}','2','{\"zh-cn\":\"\\u6309\\u7167\\u9879\\u76ee\\u7edf\\u8ba1\\u4efb\\u52a1\\u7684\\u6307\\u6d3e\\u7ed9\\u5206\\u5e03\\u60c5\\u51b5\\u3002\",\"zh-tw\":\"\\u6309\\u7167\\u9805\\u76ee\\u7d71\\u8a08\\u4efb\\u52d9\\u7684\\u6307\\u6d3e\\u7d66\\u5206\\u5e03\\u60c5\\u6cc1\\u3002\",\"en\":\"\",\"de\":\"\",\"fr\":\"\",\"vi\":\"\",\"ja\":\"\"}','admin','2015-07-22 13:13:28');
INSERT INTO `zt_report`(`id`,`code`,`name`,`module`,`sql`,`vars`,`langs`,`params`,`step`,`desc`,`addedBy`,`addedDate`) VALUES ('8','task-finish','{\"zh-cn\":\"\\u9879\\u76ee\\u4efb\\u52a1\\u5b8c\\u6210\\u8005\\u7edf\\u8ba1\\u8868\",\"zh-tw\":\"\\u9805\\u76ee\\u4efb\\u52d9\\u5b8c\\u6210\\u8005\\u7d71\\u8a08\\u8868\",\"en\":\"Task Finish Report\",\"de\":\"Task Finish Report\",\"fr\":\"Task Finish Report\",\"vi\":\"Task Finish Report\",\"ja\":\"Task Finish Report\"}',',project','select t1.id,t3.name as project,IF(t3.multiple=\"1\",t1.name,\"\") as execution,t2.finishedBy,t2.id as taskID, t1.status as projectstatus from TABLE_EXECUTION as t1 
left join TABLE_TASK as t2 on t1.id=t2.execution
left join TABLE_PROJECT as t3 on t1.project=t3.id 
where t1.deleted=\'0\' and t1.type in (\'sprint\',\'stage\') and t2.deleted=\'0\' and t2.finishedBy!=\'\' and if($project=\'\',1,t3.id=$project) and if($status=\'\',1,t1.status=$status) and if($beginDate=\'\',1,t1.begin>=$beginDate) and if($endDate=\'\',1,t1.end<=$endDate)','{\"varName\":[\"project\",\"status\",\"beginDate\",\"endDate\"],\"showName\":[\"\\u9879\\u76ee\\u5217\\u8868\",\"\\u6267\\u884c\\u72b6\\u6001\",\"\\u6267\\u884c\\u8d77\\u59cb\\u65e5\\u671f\",\"\\u6267\\u884c\\u7ed3\\u675f\\u65e5\\u671f\"],\"requestType\":[\"select\",\"select\",\"date\",\"date\"],\"selectList\":[\"project\",\"project.status\",\"user\",\"user\"],\"default\":[\"\",\"\",\"$MONTHBEGIN\",\"$MONTHEND\"]}','{\"project\":{\"zh-cn\":\"\\u9879\\u76ee\\u540d\\u79f0\"},\"execution\":{\"zh-cn\":\"\\u6267\\u884c\\u540d\\u79f0\"}}','{\"group1\":\"project\",\"group2\":\"execution\",\"reportField\":[\"finishedBy\"],\"isUser\":{\"reportField\":[[\"1\"]]},\"reportType\":[\"count\"],\"sumAppend\":[\"\"],\"reportTotal\":[\"1\"]}','2','{\"zh-cn\":\"\\u6309\\u7167\\u9879\\u76ee\\u7edf\\u8ba1\\u4efb\\u52a1\\u7684\\u5b8c\\u6210\\u8005\\u5206\\u5e03\\u60c5\\u51b5\\u3002\",\"zh-tw\":\"\\u6309\\u7167\\u9805\\u76ee\\u7d71\\u8a08\\u4efb\\u52d9\\u7684\\u5b8c\\u6210\\u8005\\u5206\\u5e03\\u60c5\\u6cc1\\u3002\",\"en\":\"\",\"de\":\"\",\"fr\":\"\",\"vi\":\"\",\"ja\":\"\"}','admin','2015-07-22 13:16:21');
INSERT INTO `zt_report`(`id`,`code`,`name`,`module`,`sql`,`vars`,`langs`,`params`,`step`,`desc`,`addedBy`,`addedDate`) VALUES ('9','project-invest','{\"zh-cn\":\"\\u9879\\u76ee\\u6295\\u5165\\u7edf\\u8ba1\\u8868\",\"zh-tw\":\"\\u9805\\u76ee\\u6295\\u5165\\u7d71\\u8a08\\u8868\",\"en\":\"Project Invest Report\",\"de\":\"Project Invest Report\",\"fr\":\"Project Invest Report\",\"vi\":\"Project Invest Report\",\"ja\":\"Project Invest Report\"}',',project','select t1.id,t5.name as project,IF(t5.multiple=\"1\",t1.name,\"\") as execution,CONCAT(t1.begin,\' ~ \',t1.end) as timeLimit,t2.teams,t3.stories,round(t4.consumed,1) as consumed,t4.number, t1.status as projectstatus 
from TABLE_EXECUTION as t1
 left join ztv_projectteams as t2 on t1.id=t2.execution
left join ztv_projectstories as t3 on t1.id=t3.execution
 left join ztv_executionsummary as t4 on t1.id=t4.execution 
left join TABLE_PROJECT as t5 on t1.project=t5.id 
where t1.deleted=\'0\' and t1.type in (\'sprint\',\'stage\') and if($project=\'\',1,t5.id=$project) and if($status=\'\',1,t1.status=$status) and if($beginDate=\'\',1,t1.begin>=$beginDate) and if($endDate=\'\',1,t1.end<=$endDate)','{\"varName\":[\"project\",\"status\",\"beginDate\",\"endDate\"],\"showName\":[\"\\u9879\\u76ee\\u5217\\u8868\",\"\\u6267\\u884c\\u72b6\\u6001\",\"\\u6267\\u884c\\u8d77\\u59cb\\u65e5\\u671f\",\"\\u6267\\u884c\\u7ed3\\u675f\\u65e5\\u671f\"],\"requestType\":[\"select\",\"select\",\"date\",\"date\"],\"selectList\":[\"project\",\"project.status\",\"user\",\"user\"],\"default\":[\"\",\"\",\"$MONTHBEGIN\",\"$MONTHEND\"]}','{\"timeLimit\":{\"zh-cn\":\"\\u5de5\\u671f\"},\"teams\":{\"zh-cn\":\"\\u4eba\\u6570\"},\"stories\":{\"zh-cn\":\"\\u9700\\u6c42\\u6570\"},\"consumed\":{\"zh-cn\":\"\\u603b\\u6d88\\u8017\"},\"number\":{\"zh-cn\":\"\\u4efb\\u52a1\\u6570\"},\"project\":{\"zh-cn\":\"\\u9879\\u76ee\\u540d\\u79f0\"},\"execution\":{\"zh-cn\":\"\\u6267\\u884c\\u540d\\u79f0\"}}','{\"group1\":\"project\",\"group2\":\"execution\",\"reportField\":[\"number\",\"stories\",\"teams\",\"consumed\"],\"reportType\":[\"sum\",\"sum\",\"sum\",\"sum\"],\"sumAppend\":[\"number\",\"stories\",\"teams\",\"consumed\"]}','2','{\"zh-cn\":\"\\u6309\\u7167\\u9879\\u76ee\\u5217\\u51fa\\uff1a\\u4efb\\u52a1\\u6570\\uff0c\\u9700\\u6c42\\u6570\\uff0c\\u4eba\\u6570\\uff0c\\u603b\\u6d88\\u8017\\u5de5\\u65f6\\u3002\",\"zh-tw\":\"\\u6309\\u7167\\u9805\\u76ee\\u5217\\u51fa\\uff1a\\u4efb\\u52d9\\u6578\\uff0c\\u9700\\u6c42\\u6578\\uff0c\\u4eba\\u6578\\uff0c\\u7e3d\\u6d88\\u8017\\u5de5\\u6642\\u3002\",\"en\":\"\",\"de\":\"\",\"fr\":\"\",\"vi\":\"\",\"ja\":\"\"}','admin','2015-07-22 16:37:38');
INSERT INTO `zt_report`(`id`,`code`,`name`,`module`,`sql`,`vars`,`langs`,`params`,`step`,`desc`,`addedBy`,`addedDate`) VALUES ('10','projectstory-status','{\"zh-cn\":\"\\u9879\\u76ee\\u9700\\u6c42\\u72b6\\u6001\\u5206\\u5e03\\u8868\",\"zh-tw\":\"\\u9805\\u76ee\\u9700\\u6c42\\u72c0\\u614b\\u5206\\u5e03\\u8868\",\"en\":\"Project Story Status\",\"de\":\"Project Story Status\",\"fr\":\"Project Story Status\",\"vi\":\"Project Story Status\",\"ja\":\"Project Story Status\"}',',project','select t2.id, t4.name as project,IF(t4.multiple=\"1\",t2.name,\"\") as execution,t3.status from TABLE_PROJECTSTORY as t1 
left join TABLE_EXECUTION as t2 on t1.project=t2.id 
left join TABLE_STORY as t3 on t1.story=t3.id 
left join TABLE_PROJECT as t4 on t4.id=t2.project
where t2.deleted=\'0\' and t2.type in(\'sprint\', \'stage\') and if($project=\'\',1,t4.id=$project) and if($execution=\'\',1,t2.id=$execution) and if($status=\'\',1,t2.status=$status)','{\"varName\":[\"project\",\"execution\",\"status\"],\"showName\":[\"\\u9879\\u76ee\\u5217\\u8868\",\"\\u6267\\u884c\\u5217\\u8868\",\"\\u6267\\u884c\\u72b6\\u6001\"],\"requestType\":[\"select\",\"select\",\"select\"],\"selectList\":[\"project\",\"execution\",\"project.status\"],\"default\":[\"\",\"\",\"\"]}','{\"project\":{\"zh-cn\":\"\\u9879\\u76ee\\u540d\\u79f0\"},\"execution\":{\"zh-cn\":\"\\u6267\\u884c\\u540d\\u79f0\"}}','{\"group1\":\"project\",\"group2\":\"execution\",\"reportField\":[\"status\"],\"reportType\":[\"count\"],\"sumAppend\":[\"\"],\"reportTotal\":[\"1\"]}','2','{\"zh-cn\":\"\\u6309\\u7167\\u9879\\u76ee\\u7edf\\u8ba1\\u9700\\u6c42\\u7684\\u72b6\\u6001\\u5206\\u5e03\\u60c5\\u51b5\\u3002\",\"zh-tw\":\"\\u6309\\u7167\\u9805\\u76ee\\u7d71\\u8a08\\u9700\\u6c42\\u7684\\u72c0\\u614b\\u5206\\u5e03\\u60c5\\u6cc1\\u3002\",\"en\":\"\",\"de\":\"\",\"fr\":\"\",\"vi\":\"\",\"ja\":\"\"}','admin','2015-07-23 15:35:08');
INSERT INTO `zt_report`(`id`,`code`,`name`,`module`,`sql`,`vars`,`langs`,`params`,`step`,`desc`,`addedBy`,`addedDate`) VALUES ('11','project-stage','{\"zh-cn\":\"\\u9879\\u76ee\\u9700\\u6c42\\u9636\\u6bb5\\u5206\\u5e03\\u8868\",\"zh-tw\":\"\\u9805\\u76ee\\u9700\\u6c42\\u968e\\u6bb5\\u5206\\u5e03\\u8868\",\"en\":\"Project Stage Report\",\"de\":\"Project Stage Report\",\"fr\":\"Project Stage Report\",\"vi\":\"Project Stage Report\",\"ja\":\"Project Stage Report\"}',',project','select t2.id, t4.name as project,IF(t4.multiple=\"1\",t2.name,\"\") as execution,t3.stage from TABLE_PROJECTSTORY as t1 
left join TABLE_EXECUTION as t2 on t1.project=t2.id 
left join TABLE_STORY as t3 on t1.story=t3.id 
left join TABLE_PROJECT as t4 on t4.id=t2.project
where t2.deleted=\'0\' and t2.type in(\'sprint\', \'stage\') and if($project=\'\',1,t4.id=$project) and if($execution=\'\',1,t2.id=$execution) and if($status=\'\',1,t2.status=$status)','{\"varName\":[\"project\",\"execution\",\"status\"],\"showName\":[\"\\u9879\\u76ee\\u5217\\u8868\",\"\\u6267\\u884c\\u5217\\u8868\",\"\\u6267\\u884c\\u72b6\\u6001\"],\"requestType\":[\"select\",\"select\",\"select\"],\"selectList\":[\"project\",\"execution\",\"project.status\"],\"default\":[\"\",\"\",\"\"]}','{\"project\":{\"zh-cn\":\"\\u9879\\u76ee\\u540d\\u79f0\"},\"execution\":{\"zh-cn\":\"\\u6267\\u884c\\u540d\\u79f0\"}}','{\"group1\":\"project\",\"group2\":\"execution\",\"reportField\":[\"stage\"],\"reportType\":[\"count\"],\"sumAppend\":[\"\"],\"reportTotal\":[\"1\"]}','2','{\"zh-cn\":\"\\u6309\\u7167\\u9879\\u76ee\\u7edf\\u8ba1\\u9700\\u6c42\\u9636\\u6bb5\\u5206\\u5e03\\u60c5\\u51b5\\u3002\",\"zh-tw\":\"\\u6309\\u7167\\u9805\\u76ee\\u7d71\\u8a08\\u9700\\u6c42\\u968e\\u6bb5\\u5206\\u5e03\\u60c5\\u6cc1\\u3002\",\"en\":\"\",\"de\":\"\",\"fr\":\"\",\"vi\":\"\",\"ja\":\"\"}','admin','2015-07-23 15:38:18');
INSERT INTO `zt_report`(`id`,`code`,`name`,`module`,`sql`,`vars`,`langs`,`params`,`step`,`desc`,`addedBy`,`addedDate`) VALUES ('12','projectbug-resolution','{\"zh-cn\":\"\\u9879\\u76eeBug\\u89e3\\u51b3\\u65b9\\u6848\\u5206\\u5e03\\u8868\",\"zh-tw\":\"\\u9805\\u76eeBug\\u89e3\\u6c7a\\u65b9\\u6848\\u5206\\u5e03\\u8868\",\"en\":\"Project Bug Resolution\",\"de\":\"Project Bug Resolution\",\"fr\":\"Project Bug Resolution\",\"vi\":\"Project Bug Resolution\",\"ja\":\"Project Bug Resolution\"}',',project,test','select t1.id,t3.name as project,t3.id,IF(t3.multiple=\"1\",t1.name,\"\") as execution,t1.id as bugID,t2.resolution from TABLE_EXECUTION as t1 
left join TABLE_BUG as t2 on t1.id=t2.execution
left join TABLE_PROJECT as t3 on t3.id=t1.project
 where t1.deleted=\'0\' and t2.deleted=\'0\' and t2.resolution!=\'\' having bugID!=\'\' and if($project=\'\',1,t3.id=$project) and if($execution=\'\',1,t1.id=$execution)','{\"varName\":[\"project\",\"execution\"],\"showName\":[\"\\u9879\\u76ee\\u5217\\u8868\",\"\\u6267\\u884c\\u5217\\u8868\"],\"requestType\":[\"select\",\"select\"],\"selectList\":[\"project\",\"execution\"],\"default\":[\"\",\"\"]}','{\"project\":{\"zh-cn\":\"\\u9879\\u76ee\\u540d\\u79f0\"},\"execution\":{\"zh-cn\":\"\\u6267\\u884c\\u540d\\u79f0\"}}','{\"group1\":\"project\",\"group2\":\"execution\",\"reportField\":[\"resolution\"],\"reportType\":[\"count\"],\"sumAppend\":[\"\"],\"reportTotal\":[\"1\"]}','2','{\"zh-cn\":\"\\u6309\\u7167\\u9879\\u76ee\\u7edf\\u8ba1Bug\\u7684\\u89e3\\u51b3\\u65b9\\u6848\\u5206\\u5e03\\u60c5\\u51b5\\u3002\",\"zh-tw\":\"\\u6309\\u7167\\u9805\\u76ee\\u7d71\\u8a08Bug\\u7684\\u89e3\\u6c7a\\u65b9\\u6848\\u5206\\u5e03\\u60c5\\u6cc1\\u3002\",\"en\":\"\",\"de\":\"\",\"fr\":\"\",\"vi\":\"\",\"ja\":\"\"}','admin','2015-07-23 16:04:46');
INSERT INTO `zt_report`(`id`,`code`,`name`,`module`,`sql`,`vars`,`langs`,`params`,`step`,`desc`,`addedBy`,`addedDate`) VALUES ('13','projectbug-status','{\"zh-cn\":\"\\u9879\\u76eeBug\\u72b6\\u6001\\u5206\\u5e03\\u8868\",\"zh-tw\":\"\\u9805\\u76eeBug\\u72c0\\u614b\\u5206\\u5e03\\u8868\",\"en\":\"Project Bug Status\",\"de\":\"Project Bug Status\",\"fr\":\"Project Bug Status\",\"vi\":\"Project Bug Status\",\"ja\":\"Project Bug Status\"}',',project,test','select t1.id,t3.name as project,t3.id,IF(t3.multiple=\"1\",t1.name,\"\") as execution,t1.id as bugID,t2.status from TABLE_EXECUTION as t1 
left join TABLE_BUG as t2 on t1.id=t2.execution
left join TABLE_PROJECT as t3 on t3.id=t1.project
where t1.deleted=\'0\' and t2.deleted=\'0\' having bugID!=\' \' and if($project=\'\',1,t3.id=$project) and if($execution=\'\',1,t1.id=$execution)','{\"varName\":[\"project\",\"execution\"],\"showName\":[\"\\u9879\\u76ee\\u5217\\u8868\",\"\\u6267\\u884c\\u5217\\u8868\"],\"requestType\":[\"select\",\"select\"],\"selectList\":[\"project\",\"execution\"],\"default\":[\"\",\"\"]}','{\"project\":{\"zh-cn\":\"\\u9879\\u76ee\\u540d\\u79f0\"},\"execution\":{\"zh-cn\":\"\\u6267\\u884c\\u540d\\u79f0\"}}','{\"group1\":\"project\",\"group2\":\"execution\",\"reportField\":[\"status\"],\"reportType\":[\"count\"],\"sumAppend\":[\"\"]}','2','{\"zh-cn\":\"\\u6309\\u7167\\u9879\\u76ee\\u7edf\\u8ba1Bug\\u7684\\u72b6\\u6001\\u5206\\u5e03\\u60c5\\u51b5\\u3002\",\"zh-tw\":\"\\u6309\\u7167\\u9805\\u76ee\\u7d71\\u8a08Bug\\u7684\\u72c0\\u614b\\u5206\\u5e03\\u60c5\\u6cc1\\u3002\",\"en\":\"\",\"de\":\"\",\"fr\":\"\",\"vi\":\"\",\"ja\":\"\"}','admin','2015-07-23 15:48:03');
INSERT INTO `zt_report`(`id`,`code`,`name`,`module`,`sql`,`vars`,`langs`,`params`,`step`,`desc`,`addedBy`,`addedDate`) VALUES ('14','projectbug-opened','{\"zh-cn\":\"\\u9879\\u76eeBug\\u521b\\u5efa\\u8005\\u5206\\u5e03\\u8868\",\"zh-tw\":\"\\u9805\\u76eeBug\\u5275\\u5efa\\u8005\\u5206\\u5e03\\u8868\",\"en\":\"Project Bug Opened\",\"de\":\"Project Bug Opened\",\"fr\":\"Project Bug Opened\",\"vi\":\"Project Bug Opened\",\"ja\":\"Project Bug Opened\"}',',project,test','select t1.id,t3.name as project,t3.id,IF(t3.multiple=\"1\",t1.name,\"\") as execution,t1.id as bugID,t2.openedBy from TABLE_EXECUTION as t1 
left join TABLE_BUG as t2 on t1.id=t2.execution
left join TABLE_PROJECT as t3 on t3.id=t1.project
where t1.deleted=\'0\' and t2.deleted=\'0\' having bugID!=\'\' and if($project=\'\',1,t3.id=$project) and if($execution=\'\',1,t1.id=$execution)','{\"varName\":[\"project\",\"execution\"],\"showName\":[\"\\u9879\\u76ee\\u5217\\u8868\",\"\\u6267\\u884c\\u5217\\u8868\"],\"requestType\":[\"select\",\"select\"],\"selectList\":[\"project\",\"execution\"],\"default\":[\"\",\"\"]}','{\"project\":{\"zh-cn\":\"\\u9879\\u76ee\\u540d\\u79f0\"},\"execution\":{\"zh-cn\":\"\\u6267\\u884c\\u540d\\u79f0\"}}','{\"group1\":\"project\",\"group2\":\"execution\",\"reportField\":[\"openedBy\"],\"isUser\":{\"reportField\":[[\"1\"]]},\"reportType\":[\"count\"],\"sumAppend\":[\"\"],\"reportTotal\":[\"1\"]}','2','{\"zh-cn\":\"\\u6309\\u7167\\u9879\\u76ee\\u7edf\\u8ba1Bug\\u7684\\u521b\\u5efa\\u8005\\u5206\\u5e03\\u60c5\\u51b5\\u3002\",\"zh-tw\":\"\\u6309\\u7167\\u9805\\u76ee\\u7d71\\u8a08Bug\\u7684\\u5275\\u5efa\\u8005\\u5206\\u5e03\\u60c5\\u6cc1\\u3002\",\"en\":\"\",\"de\":\"\",\"fr\":\"\",\"vi\":\"\",\"ja\":\"\"}','admin','2015-07-23 16:08:10');
INSERT INTO `zt_report`(`id`,`code`,`name`,`module`,`sql`,`vars`,`langs`,`params`,`step`,`desc`,`addedBy`,`addedDate`) VALUES ('15','projectbug-resolve','{\"zh-cn\":\"\\u9879\\u76eeBug\\u89e3\\u51b3\\u8005\\u5206\\u5e03\\u8868\",\"zh-tw\":\"\\u9805\\u76eeBug\\u89e3\\u6c7a\\u8005\\u5206\\u5e03\\u8868\",\"en\":\"Project Bug Resolve\",\"de\":\"Project Bug Resolve\",\"fr\":\"Project Bug Resolve\",\"vi\":\"Project Bug Resolve\",\"ja\":\"Project Bug Resolve\"}',',project,test','select t1.id,t3.name as project,t3.id,IF(t3.multiple=\"1\",t1.name,\"\") as execution,t1.id as bugID,t2.resolvedBy from TABLE_EXECUTION as t1 
left join TABLE_BUG as t2 on t1.id=t2.execution
left join TABLE_PROJECT as t3 on t3.id=t1.project
where t1.deleted=\'0\' and t2.deleted=\'0\' and t2.status!=\'active\' and t2.resolvedBy!=\'\' having bugID!=\'\' and if($project=\'\',1,t3.id=$project) and if($execution=\'\',1,t1.id=$execution)','{\"varName\":[\"project\",\"execution\"],\"showName\":[\"\\u9879\\u76ee\\u5217\\u8868\",\"\\u6267\\u884c\\u5217\\u8868\"],\"requestType\":[\"select\",\"select\"],\"selectList\":[\"project\",\"execution\"],\"default\":[\"\",\"\"]}','{\"project\":{\"zh-cn\":\"\\u9879\\u76ee\\u540d\\u79f0\"},\"execution\":{\"zh-cn\":\"\\u6267\\u884c\\u540d\\u79f0\"}}','{\"group1\":\"project\",\"group2\":\"execution\",\"reportField\":[\"resolvedBy\"],\"isUser\":{\"reportField\":[[\"1\"]]},\"reportType\":[\"count\"],\"sumAppend\":[\"\"],\"reportTotal\":[\"1\"]}','2','{\"zh-cn\":\"\\u6309\\u7167\\u9879\\u76ee\\u7edf\\u8ba1Bug\\u7684\\u89e3\\u51b3\\u8005\\u5206\\u5e03\\u60c5\\u51b5\\u3002\",\"zh-tw\":\"\\u6309\\u7167\\u9805\\u76ee\\u7d71\\u8a08Bug\\u7684\\u89e3\\u6c7a\\u8005\\u5206\\u5e03\\u60c5\\u6cc1\\u3002\",\"en\":\"\",\"de\":\"\",\"fr\":\"\",\"vi\":\"\",\"ja\":\"\"}','admin','2015-07-23 16:13:16');
INSERT INTO `zt_report`(`id`,`code`,`name`,`module`,`sql`,`vars`,`langs`,`params`,`step`,`desc`,`addedBy`,`addedDate`) VALUES ('16','projectbug-assign','{\"zh-cn\":\"\\u9879\\u76eeBug\\u6307\\u6d3e\\u7ed9\\u5206\\u5e03\\u8868\",\"zh-tw\":\"\\u9805\\u76eeBug\\u6307\\u6d3e\\u7d66\\u5206\\u5e03\\u8868\",\"en\":\"Project Bug Assign\",\"de\":\"Project Bug Assign\",\"fr\":\"Project Bug Assign\",\"vi\":\"Project Bug Assign\",\"ja\":\"Project Bug Assign\"}',',project,test','select t1.id,t3.name as project,t3.id,IF(t3.multiple=\"1\",t1.name,\"\") as execution,t1.id as bugID,t2.assignedTo from TABLE_EXECUTION as t1 
left join TABLE_BUG as t2 on t1.id=t2.execution 
left join TABLE_PROJECT as t3 on t3.id=t1.project
where t1.deleted=\'0\' and t2.deleted=\'0\' having bugID!=\'\' and if($project=\'\',1,t3.id=$project) and if($execution=\'\',1,t1.id=$execution)','{\"varName\":[\"project\",\"execution\"],\"showName\":[\"\\u9879\\u76ee\\u5217\\u8868\",\"\\u6267\\u884c\\u5217\\u8868\"],\"requestType\":[\"select\",\"select\"],\"selectList\":[\"project\",\"execution\"],\"default\":[\"\",\"\"]}','{\"project\":{\"zh-cn\":\"\\u9879\\u76ee\\u540d\\u79f0\"},\"execution\":{\"zh-cn\":\"\\u6267\\u884c\\u540d\\u79f0\"}}','{\"group1\":\"project\",\"group2\":\"execution\",\"reportField\":[\"assignedTo\"],\"isUser\":{\"reportField\":[[\"1\"]]},\"reportType\":[\"count\"],\"sumAppend\":[\"\"],\"reportTotal\":[\"1\"]}','2','{\"zh-cn\":\"\\u6309\\u7167\\u9879\\u76ee\\u7edf\\u8ba1Bug\\u7684\\u6307\\u6d3e\\u7ed9\\u5206\\u5e03\\u60c5\\u51b5\\u3002\",\"zh-tw\":\"\\u6309\\u7167\\u9805\\u76ee\\u7d71\\u8a08Bug\\u7684\\u6307\\u6d3e\\u7d66\\u5206\\u5e03\\u60c5\\u6cc1\\u3002\",\"en\":\"\",\"de\":\"\",\"fr\":\"\",\"vi\":\"\",\"ja\":\"\"}','admin','2015-07-23 16:29:10');
INSERT INTO `zt_report`(`id`,`code`,`name`,`module`,`sql`,`vars`,`langs`,`params`,`step`,`desc`,`addedBy`,`addedDate`) VALUES ('17','project-quality','{\"zh-cn\":\"\\u9879\\u76ee\\u8d28\\u91cf\\u8868\",\"zh-tw\":\"\\u9805\\u76ee\\u8cea\\u91cf\\u8868\",\"en\":\"Project Quality Report\",\"de\":\"Project Quality Report\",\"fr\":\"Project Quality Report\",\"vi\":\"Project Quality Report\",\"ja\":\"Project Quality Report\"}',',project','select t1.id, t5.name as project,t5.id,IF(t5.multiple=\"1\",t1.name,\"\") as execution,t2.stories,(t2.stories-t2.undone) as doneStory,t3.number,(t3.number-t3.undone) as doneTask,t4.bugs,t4.resolutions, round(t4.bugs/(t2.stories-t2.undone),2) as bugthanstory,round(t4.bugs/(t3.number-t3.undone),2) as bugthantask,t4.seriousBugs from TABLE_EXECUTION as t1 
left join ztv_projectstories as t2 on t1.id=t2.execution
left join ztv_executionsummary as t3 on t1.id=t3.execution
left join ztv_projectbugs as t4 on t1.id=t4.execution
left join TABLE_PROJECT as t5 on t5.id=t1.project
where t1.deleted=\'0\' and t1.type in (\'sprint\',\'stage\') and t1.grade=\'1\' and if($project=\'\',1,t5.id=$project) and if($execution=\'\',1,t1.id=$execution)','{\"varName\":[\"project\",\"execution\"],\"showName\":[\"\\u9879\\u76ee\\u5217\\u8868\",\"\\u6267\\u884c\\u5217\\u8868\"],\"requestType\":[\"select\",\"select\"],\"selectList\":[\"project\",\"execution\"],\"default\":[\"\",\"\"]}','{\"stories\":{\"zh-cn\":\"\\u9700\\u6c42\\u603b\\u6570\"},\"doneStory\":{\"zh-cn\":\"\\u5b8c\\u6210\\u9700\\u6c42\\u6570\"},\"number\":{\"zh-cn\":\"\\u4efb\\u52a1\\u603b\\u6570\"},\"doneTask\":{\"zh-cn\":\"\\u5b8c\\u6210\\u4efb\\u52a1\\u6570\"},\"bugs\":{\"zh-cn\":\"Bug\\u6570\"},\"resolutions\":{\"zh-cn\":\"\\u89e3\\u51b3Bug\\u6570\"},\"bugthanstory\":{\"zh-cn\":\"Bug\\/\\u5b8c\\u6210\\u9700\\u6c42\"},\"bugthantask\":{\"zh-cn\":\"Bug\\/\\u5b8c\\u6210\\u4efb\\u52a1\"},\"seriousBugs\":{\"zh-cn\":\"\\u91cd\\u8981Bug\\u6570\"},\"seriousBugsPercent\":{\"zh-cn\":\"\\u4e25\\u91cdBug\\u6bd4\\u7387\"},\"project\":{\"zh-cn\":\"\\u9879\\u76ee\\u540d\\u79f0\"},\"execution\":{\"zh-cn\":\"\\u6267\\u884c\\u540d\\u79f0\"}}','{\"group1\":\"project\",\"group2\":\"execution\",\"reportField\":[\"stories\",\"doneStory\",\"number\",\"doneTask\",\"bugs\",\"resolutions\",\"bugthanstory\",\"bugthantask\",\"seriousBugs\"],\"reportType\":[\"sum\",\"sum\",\"sum\",\"sum\",\"sum\",\"sum\",\"sum\",\"sum\",\"sum\"],\"sumAppend\":[\"stories\",\"doneStory\",\"number\",\"doneTask\",\"bugs\",\"resolutions\",\"bugthanstory\",\"bugthantask\",\"seriousBugs\"]}','2','{\"zh-cn\":\"\\u5217\\u51fa\\u9879\\u76ee\\u7684\\u9700\\u6c42\\u603b\\u6570\\uff0c\\u5b8c\\u6210\\u9700\\u6c42\\u6570\\uff0c\\u4efb\\u52a1\\u603b\\u6570\\uff0c\\u5b8c\\u6210\\u7684\\u4efb\\u52a1\\u6570\\uff0cBug\\u6570\\uff0c\\u89e3\\u51b3\\u7684Bug\\u6570\\uff0cBug\\/\\u9700\\u6c42\\uff0cBug\\/\\u4efb\\u52a1\\uff0c\\u91cd\\u8981Bug\\u6570\\u91cf(\\u4e25\\u91cd\\u7a0b\\u5ea6\\u4e0d\\u5927\\u4e8e3\\uff09\\u3002\",\"zh-tw\":\"\\u5217\\u51fa\\u9805\\u76ee\\u7684\\u9700\\u6c42\\u7e3d\\u6578\\uff0c\\u5b8c\\u6210\\u9700\\u6c42\\u6578\\uff0c\\u4efb\\u52d9\\u7e3d\\u6578\\uff0c\\u5b8c\\u6210\\u7684\\u4efb\\u52d9\\u6578\\uff0cBug\\u6578\\uff0c\\u89e3\\u6c7a\\u7684Bug\\u6578\\uff0cBug\\/\\u9700\\u6c42\\uff0cBug\\/\\u4efb\\u52d9\\uff0c\\u91cd\\u8981Bug\\u6578\\u91cf(\\u56b4\\u91cd\\u7a0b\\u5ea6\\u4e0d\\u5927\\u65bc3\\uff09\\u3002\",\"en\":\"\",\"de\":\"\",\"fr\":\"\",\"vi\":\"\",\"ja\":\"\"}','admin','2015-07-23 17:03:10');
INSERT INTO `zt_report`(`id`,`code`,`name`,`module`,`sql`,`vars`,`langs`,`params`,`step`,`desc`,`addedBy`,`addedDate`) VALUES ('18','productbug-type','{\"zh-cn\":\"\\u4ea7\\u54c1Bug\\u7c7b\\u578b\\u7edf\\u8ba1\\u8868\",\"zh-tw\":\"\\u7522\\u54c1Bug\\u985e\\u578b\\u7d71\\u8a08\\u8868\",\"en\":\"Bug Type of Product\",\"de\":\"Bug Type of Product\",\"fr\":\"Bug Type of Product\"}',',product,test','select t1.id,t1.name,t2.id as bugID,t2.type from TABLE_PRODUCT as t1 
left join TABLE_BUG as t2 on t1.id=t2.product 
left join TABLE_PROGRAM as t3 on t1.program=t3.id 
where t1.deleted=\'0\' and t2.deleted=\'0\'
order by t3.`order` asc, t1.line desc, t1.`order` asc','','{\"count\":{\"zh-cn\":\"\\u9700\\u6c42\\u6570\",\"zh-tw\":\"\\u9700\\u6c42\\u6570\",\"en\":\"Stories\"},\"done\":{\"zh-cn\":\"\\u5b8c\\u6210\\u6570\",\"zh-tw\":\"\\u5b8c\\u6210\\u6570\",\"en\":\"Done\"}}','{\"group1\":\"name\",\"group2\":\"\",\"reportField\":[\"type\"],\"reportType\":[\"count\"],\"sumAppend\":[\"\"],\"reportTotal\":[\"1\"]}','2','{\"zh-cn\":\"\\u6309\\u7167\\u4ea7\\u54c1\\u7edf\\u8ba1Bug\\u7684\\u7c7b\\u578b\\u5206\\u5e03\\u60c5\\u51b5\\u3002\",\"zh-tw\":\"\\u6309\\u7167\\u7522\\u54c1\\u7d71\\u8a08Bug\\u7684\\u985e\\u578b\\u5206\\u5e03\\u60c5\\u6cc1\\u3002\",\"en\":\"Type distribution of Bugs.\",\"de\":\"Type distribution of Bugs.\",\"fr\":\"Type distribution of Bugs.\"}','admin','2015-07-24 13:48:22');
INSERT INTO `zt_report`(`id`,`code`,`name`,`module`,`sql`,`vars`,`langs`,`params`,`step`,`desc`,`addedBy`,`addedDate`) VALUES ('19','product-quality','{\"zh-cn\":\"\\u4ea7\\u54c1\\u8d28\\u91cf\\u8868\",\"zh-tw\":\"\\u7522\\u54c1\\u8cea\\u91cf\\u8868\",\"en\":\"Product Quality\",\"de\":\"Product Quality\",\"fr\":\"Product Quality\"}',',product','select t1.id,t1.name,t2.stories,(t2.stories-t2.undone) as doneStory,t3.bugs,t3.resolutions,round(t3.bugs/(t2.stories-t2.undone),2) as bugthanstory,t3.seriousBugs from TABLE_PRODUCT as t1 
left join ztv_productstories as t2 on t1.id=t2.product 
left join ztv_productbugs as t3 on t1.id=t3.product 
left join TABLE_PROGRAM as t4 on t1.program=t4.id 
where t1.deleted=\'0\'
order by t4.`order` asc, t1.line desc, t1.`order` asc','','{\"stories\":{\"zh-cn\":\"\\u9700\\u6c42\\u603b\\u6570\",\"zh-tw\":\"\\u9700\\u6c42\\u603b\\u6570\",\"en\":\"Stories\"},\"doneStory\":{\"zh-cn\":\"\\u5b8c\\u6210\\u9700\\u6c42\\u6570\",\"zh-tw\":\"\\u5b8c\\u6210\\u9700\\u6c42\\u6570\",\"en\":\"Finished Stories\"},\"bugs\":{\"zh-cn\":\"Bug\\u6570\",\"zh-tw\":\"Bug\\u6570\",\"en\":\"Bugs\"},\"resolutions\":{\"zh-cn\":\"\\u89e3\\u51b3Bug\\u6570\",\"zh-tw\":\"\\u89e3\\u51b3Bug\\u6570\",\"en\":\"Solved Bugs\"},\"bugthanstory\":{\"zh-cn\":\"Bug\\/\\u5b8c\\u6210\\u9700\\u6c42\",\"zh-tw\":\"Bug\\/\\u5b8c\\u6210\\u9700\\u6c42\",\"en\":\"Bug\\/Finished Story\"},\"seriousBugs\":{\"zh-cn\":\"\\u91cd\\u8981Bug\\u6570\",\"zh-tw\":\"\\u91cd\\u8981Bug\\u6570\",\"en\":\"Serious Bugs\"},\"seriousBugsPercent\":{\"zh-cn\":\"\\u4e25\\u91cdbug\\u6bd4\\u7387\",\"zh-tw\":\"\\u4e25\\u91cdbug\\u6bd4\\u7387\",\"en\":\"Serious Bugs %\"}}','{\"group1\":\"name\",\"group2\":\"\",\"reportField\":[\"stories\",\"doneStory\",\"bugs\",\"resolutions\",\"bugthanstory\",\"seriousBugs\"],\"reportType\":[\"sum\",\"sum\",\"sum\",\"sum\",\"sum\",\"sum\"],\"sumAppend\":[\"stories\",\"doneStory\",\"bugs\",\"resolutions\",\"bugthanstory\",\"seriousBugs\"],\"percent\":{\"5\":\"1\"},\"contrast\":{\"5\":\"bugs\"},\"showAlone\":{\"5\":\"1\"}}','2','{\"zh-cn\":\"\\u5217\\u51fa\\u4ea7\\u54c1\\u7684\\u9700\\u6c42\\u6570\\uff0c\\u5b8c\\u6210\\u7684\\u9700\\u6c42\\u603b\\u6570\\uff0cBug\\u6570\\uff0c\\u89e3\\u51b3\\u7684Bug\\u603b\\u6570\\uff0cBug\\/\\u9700\\u6c42\\uff0c\\u91cd\\u8981Bug\\u6570\\u91cf(\\u4e25\\u91cd\\u7a0b\\u5ea6\\u4e0d\\u5927\\u4e8e3)\\u3002\",\"zh-tw\":\"\\u5217\\u51fa\\u7522\\u54c1\\u7684\\u9700\\u6c42\\u6578\\uff0c\\u5b8c\\u6210\\u7684\\u9700\\u6c42\\u7e3d\\u6578\\uff0cBug\\u6578\\uff0c\\u89e3\\u6c7a\\u7684Bug\\u7e3d\\u6578\\uff0cBug\\/\\u9700\\u6c42\\uff0c\\u91cd\\u8981Bug\\u6578\\u91cf(\\u56b4\\u91cd\\u7a0b\\u5ea6\\u4e0d\\u5927\\u65bc3)\\u3002\",\"en\":\"Serious Bug (severity is less than 3).\",\"de\":\"Serious Bug (severity is less than 3).\",\"fr\":\"Serious Bug (severity is less than 3).\"}','admin','2015-07-23 17:17:40');
INSERT INTO `zt_report`(`id`,`code`,`name`,`module`,`sql`,`vars`,`langs`,`params`,`step`,`desc`,`addedBy`,`addedDate`) VALUES ('20','user-login','{\"zh-cn\":\"\\u5458\\u5de5\\u767b\\u5f55\\u6b21\\u6570\\u7edf\\u8ba1\\u8868\",\"zh-tw\":\"\\u54e1\\u5de5\\u767b\\u9304\\u6b21\\u6578\\u7d71\\u8a08\\u8868\",\"en\":\"Login Times\",\"de\":\"Login Times\",\"fr\":\"Login Times\"}',',staff','select actor,LEFT(`date`,10) as `day` from TABLE_ACTION where `action`=\'login\' and if($startDate=\'\',1,`date`>=$startDate) and if($endDate=\'\',1,`date`<=$endDate) order by `date` asc, actor asc','{\"varName\":[\"startDate\",\"endDate\"],\"showName\":[\"\\u8d77\\u59cb\\u65f6\\u95f4\",\"\\u7ed3\\u675f\\u65f6\\u95f4\"],\"requestType\":[\"date\",\"date\"],\"selectList\":[\"user\",\"user\"],\"default\":[\"$MONTHBEGIN\",\"$MONTHEND\"]}','{\"count\":{\"zh-cn\":\"\\u9700\\u6c42\\u6570\",\"zh-tw\":\"\\u9700\\u6c42\\u6570\",\"en\":\"Stories\"},\"done\":{\"zh-cn\":\"\\u5b8c\\u6210\\u6570\",\"zh-tw\":\"\\u5b8c\\u6210\\u6570\",\"en\":\"Done\"}}','{\"group1\":\"actor\",\"isUser\":{\"group1\":[\"1\"]},\"group2\":\"\",\"reportField\":[\"day\"],\"reportType\":[\"count\"],\"sumAppend\":[\"\"],\"reportTotal\":[\"1\"]}','2','{\"zh-cn\":\"\\u5b9e\\u73b0\\u5458\\u5de5\\u767b\\u5f55\\u6b21\\u6570\\u7edf\\u8ba1\\u62a5\\u8868\\uff0c\\u6309\\u7167\\u5929\\u7edf\\u8ba1\\u6bcf\\u5929\\u6bcf\\u4e2a\\u4eba\\u7684\\u767b\\u5f55\\u6b21\\u6570\\uff0c\\u4ee5\\u53ca\\u603b\\u6570\\u3002\",\"zh-tw\":\"\\u5be6\\u73fe\\u54e1\\u5de5\\u767b\\u9304\\u6b21\\u6578\\u7d71\\u8a08\\u5831\\u8868\\uff0c\\u6309\\u7167\\u5929\\u7d71\\u8a08\\u6bcf\\u5929\\u6bcf\\u500b\\u4eba\\u7684\\u767b\\u9304\\u6b21\\u6578\\uff0c\\u4ee5\\u53ca\\u7e3d\\u6578\\u3002\",\"en\":\"The summary of user login times.\",\"de\":\"The summary of user login times.\",\"fr\":\"The summary of user login times.\"}','admin','2015-07-24 14:28:11');
INSERT INTO `zt_report`(`id`,`code`,`name`,`module`,`sql`,`vars`,`langs`,`params`,`step`,`desc`,`addedBy`,`addedDate`) VALUES ('21','effort','{\"zh-cn\":\"\\u65e5\\u5fd7\\u6c47\\u603b\\u8868\",\"zh-tw\":\"\\u65e5\\u8a8c\\u532f\\u7e3d\\u8868\",\"en\":\"Effort Summary\",\"de\":\"Effort Summary\",\"fr\":\"Effort Summary\"}',',staff','select t1.account,t1.consumed,t1.`date`,if($dept=\'0\',0,t2.dept) as dept from TABLE_EFFORT as t1 left join TABLE_USER as t2 on t1.account=t2.account where t1.`deleted`=\'0\' and if($startDate=\'\',1,t1.`date`>=$startDate) and if($endDate=\'\',1,t1.`date`<=$endDate) having dept=$dept order by `date` asc','{\"varName\":[\"dept\",\"startDate\",\"endDate\"],\"showName\":[\"\\u90e8\\u95e8\",\"\\u8d77\\u59cb\\u65f6\\u95f4\",\"\\u7ed3\\u675f\\u65f6\\u95f4\"],\"requestType\":[\"select\",\"date\",\"date\"],\"selectList\":[\"dept\",\"user\",\"user\"],\"default\":[\"\",\"$MONTHBEGIN\",\"$MONTHEND\"]}','{\"date\":{\"zh-cn\":\"\\u65e5\\u671f\",\"zh-tw\":\"\\u65e5\\u671f\",\"en\":\"Date\"},\"consumed\":{\"zh-cn\":\"\\u6d88\\u8017\\u5de5\\u65f6\",\"zh-tw\":\"\\u6d88\\u8017\\u5de5\\u65f6\",\"en\":\"Cost\"}}','{\"group1\":\"account\",\"isUser\":{\"group1\":[\"1\"]},\"group2\":\"\",\"reportField\":[\"date\"],\"reportType\":[\"sum\"],\"sumAppend\":[\"consumed\"]}','2','{\"zh-cn\":\"\\u67e5\\u770b\\u67d0\\u4e2a\\u65f6\\u95f4\\u6bb5\\u5185\\u7684\\u65e5\\u5fd7\\u60c5\\u51b5\\uff0c\\u53ef\\u4ee5\\u6309\\u7167\\u90e8\\u95e8\\u9009\\u62e9\\u3002\",\"zh-tw\":\"\\u67e5\\u770b\\u67d0\\u500b\\u6642\\u9593\\u6bb5\\u5167\\u7684\\u65e5\\u8a8c\\u60c5\\u6cc1\\uff0c\\u53ef\\u4ee5\\u6309\\u7167\\u90e8\\u9580\\u9078\\u64c7\\u3002\",\"en\":\"Effort summary of users.\",\"de\":\"Effort summary of users\",\"fr\":\"Effort summary of users\"}','admin','2015-07-27 13:53:32');
INSERT INTO `zt_report`(`id`,`code`,`name`,`module`,`sql`,`vars`,`langs`,`params`,`step`,`desc`,`addedBy`,`addedDate`) VALUES ('22','company-dynamic','{\"zh-cn\":\"\\u516c\\u53f8\\u52a8\\u6001\\u6c47\\u603b\\u8868\",\"zh-tw\":\"\\u516c\\u53f8\\u52d5\\u614b\\u532f\\u7e3d\\u8868\",\"en\":\"Company Dynamics\",\"de\":\"Company Dynamics\",\"fr\":\"Company Dynamics\"}',',staff','select t1.day,t2.userlogin,t3.consumed,t4.storyopen,t5.storyclose,t6.taskopen,t7.taskfinish,t8.bugopen,t9.bugresolve,t1.actions from ztv_dayactions as t1 left join ztv_dayuserlogin as t2 on t1.day=t2.day left join ztv_dayeffort as t3 on t1.day=t3.date left join ztv_daystoryopen as t4 on t1.day=t4.day left join ztv_daystoryclose as t5 on t1.day=t5.day left join ztv_daytaskopen as t6 on t1.day=t6.day left join ztv_daytaskfinish as t7 on t1.day=t7.day left join ztv_daybugopen as t8 on t1.day=t8.day left join ztv_daybugresolve as t9 on t1.day=t9.day where if($startDate=\'\',1,t1.day>=$startDate) and if($endDate=\'\',1,t1.day<=$endDate)','{\"varName\":[\"startDate\",\"endDate\"],\"showName\":[\"\\u8d77\\u59cb\\u65f6\\u95f4\",\"\\u7ed3\\u675f\\u65f6\\u95f4\"],\"requestType\":[\"date\",\"date\"],\"selectList\":[\"user\",\"user\"],\"default\":[\"$MONTHBEGIN\",\"$MONTHEND\"]}','{\"day\":{\"zh-cn\":\"\\u65e5\\u671f\",\"zh-tw\":\"\\u65e5\\u671f\",\"en\":\"Date\"},\"userlogin\":{\"zh-cn\":\"\\u767b\\u5f55\\u6b21\\u6570\",\"zh-tw\":\"\\u767b\\u9304\\u6b21\\u6578\",\"en\":\"Login\"},\"consumed\":{\"zh-cn\":\"\\u65e5\\u5fd7\\u5de5\\u65f6\",\"zh-tw\":\"\\u65e5\\u8a8c\\u5de5\\u6642\",\"en\":\"Cost(h)\"},\"storyopen\":{\"zh-cn\":\"\\u65b0\\u589e\\u9700\\u6c42\\u6570\",\"zh-tw\":\"\\u65b0\\u589e\\u9700\\u6c42\\u6578\",\"en\":\"Open Story\"},\"storyclose\":{\"zh-cn\":\"\\u5173\\u95ed\\u9700\\u6c42\\u6570\",\"zh-tw\":\"\\u95dc\\u9589\\u9700\\u6c42\\u6578\",\"en\":\"Closed Story\"},\"taskopen\":{\"zh-cn\":\"\\u65b0\\u589e\\u4efb\\u52a1\\u6570\",\"zh-tw\":\"\\u65b0\\u589e\\u4efb\\u52d9\\u6578\",\"en\":\"Open Task\"},\"taskfinish\":{\"zh-cn\":\"\\u5b8c\\u6210\\u4efb\\u52a1\\u6570\",\"zh-tw\":\"\\u5b8c\\u6210\\u4efb\\u52d9\\u6578\",\"en\":\"Finished Task\"},\"bugopen\":{\"zh-cn\":\"\\u65b0\\u589eBug\\u6570\",\"zh-tw\":\"\\u65b0\\u589eBug\\u6578\",\"en\":\"Open Bug\"},\"bugresolve\":{\"zh-cn\":\"\\u89e3\\u51b3Bug\\u6570\",\"zh-tw\":\"\\u89e3\\u51b3Bug\\u6578\",\"en\":\"Resolved bug\"},\"actions\":{\"zh-cn\":\"\\u52a8\\u6001\\u6570\",\"zh-tw\":\"\\u52d5\\u614b\\u6578\",\"en\":\"Dynamics\"}}','{\"group1\":\"day\",\"isUser\":{\"group1\":[\"1\"]},\"group2\":\"\",\"reportField\":[\"userlogin\",\"consumed\",\"storyopen\",\"storyclose\",\"taskopen\",\"taskfinish\",\"bugopen\",\"bugresolve\",\"actions\"],\"reportType\":[\"sum\",\"sum\",\"sum\",\"sum\",\"sum\",\"sum\",\"sum\",\"sum\",\"sum\"],\"sumAppend\":[\"userlogin\",\"consumed\",\"storyopen\",\"storyclose\",\"taskopen\",\"taskfinish\",\"bugopen\",\"bugresolve\",\"actions\"]}','2','{\"zh-cn\":\"\\u53ef\\u4ee5\\u6307\\u5b9a\\u4e00\\u4e2a\\u65f6\\u671f\\uff0c\\u5217\\u51fa\\u76f8\\u5e94\\u7684\\u6570\\u636e\\uff1a1. \\u6bcf\\u5929\\u7684\\u767b\\u5f55\\u6b21\\u6570\\u30022. \\u6bcf\\u5929\\u7684\\u65e5\\u5fd7\\u5de5\\u65f6\\u91cf\\u30023. \\u6bcf\\u5929\\u65b0\\u589e\\u7684\\u9700\\u6c42\\u6570\\u30024. \\u6bcf\\u5929\\u5173\\u95ed\\u7684\\u9700\\u6c42\\u6570\\u30025. \\u6bcf\\u5929\\u65b0\\u589e\\u7684\\u4efb\\u52a1\\u6570\\u30026. \\u6bcf\\u5929\\u5b8c\\u6210\\u7684\\u4efb\\u52a1\\u6570\\u30027. \\u6bcf\\u5929\\u65b0\\u589e\\u7684Bug\\u6570\\u30028. \\u6bcf\\u5929\\u89e3\\u51b3\\u7684Bug\\u6570\\u30029. \\u6bcf\\u5929\\u7684\\u52a8\\u6001\\u6570\\u3002\",\"zh-tw\":\"\\u53ef\\u4ee5\\u6307\\u5b9a\\u4e00\\u500b\\u6642\\u671f\\uff0c\\u5217\\u51fa\\u76f8\\u61c9\\u7684\\u6578\\u64da\\uff1a1. \\u6bcf\\u5929\\u7684\\u767b\\u9304\\u6b21\\u6578\\u30022. \\u6bcf\\u5929\\u7684\\u65e5\\u8a8c\\u5de5\\u6642\\u91cf\\u30023. \\u6bcf\\u5929\\u65b0\\u589e\\u7684\\u9700\\u6c42\\u6578\\u30024. \\u6bcf\\u5929\\u95dc\\u9589\\u7684\\u9700\\u6c42\\u6578\\u30025. \\u6bcf\\u5929\\u65b0\\u589e\\u7684\\u4efb\\u52d9\\u6578\\u30026. \\u6bcf\\u5929\\u5b8c\\u6210\\u7684\\u4efb\\u52d9\\u6578\\u30027. \\u6bcf\\u5929\\u65b0\\u589e\\u7684Bug\\u6578\\u30028. \\u6bcf\\u5929\\u89e3\\u6c7a\\u7684Bug\\u6578\\u30029. \\u6bcf\\u5929\\u7684\\u52d5\\u614b\\u6578\\u3002\",\"en\":\"The summary of company dynamics\",\"de\":\"The summary of company dynamics\",\"fr\":\"The summary of company dynamics\"}','admin','2015-07-27 15:09:42');
INSERT INTO `zt_report`(`id`,`code`,`name`,`module`,`sql`,`vars`,`langs`,`params`,`step`,`desc`,`addedBy`,`addedDate`) VALUES ('23','bug-resolve','{\"zh-cn\":\"Bug\\u89e3\\u51b3\\u8868\",\"zh-tw\":\"Bug\\u89e3\\u6c7a\\u8868\",\"en\":\"Solved Bugs\",\"de\":\"Solved Bugs\",\"fr\":\"Solved Bugs\"}',',test','select *,if($product=\'\',0,product) as customproduct from TABLE_BUG where deleted=\'0\' and resolution!=\'\' and if($startDate=\'\',1,resolvedDate>=$startDate) and if($endDate=\'\',1,resolvedDate<=$endDate) having customproduct=$product','{\"varName\":[\"product\",\"startDate\",\"endDate\"],\"showName\":[\"\\u4ea7\\u54c1\",\"\\u89e3\\u51b3\\u65e5\\u671f\\u5f00\\u59cb\",\"\\u89e3\\u51b3\\u65e5\\u671f\\u7ed3\\u675f\"],\"requestType\":[\"select\",\"date\",\"date\"],\"selectList\":[\"product\",\"user\",\"user\"],\"default\":[\"\",\"$MONTHBEGIN\",\"$MONTHEND\"]}','{\"count\":{\"zh-cn\":\"\\u9700\\u6c42\\u6570\",\"zh-tw\":\"\\u9700\\u6c42\\u6570\",\"en\":\"Stories\"},\"done\":{\"zh-cn\":\"\\u5b8c\\u6210\\u6570\",\"zh-tw\":\"\\u5b8c\\u6210\\u6570\",\"en\":\"Done\"}}','{\"group1\":\"resolvedBy\",\"isUser\":{\"group1\":[\"1\"]},\"group2\":\"\",\"reportField\":[\"resolution\"],\"reportType\":[\"count\"],\"sumAppend\":[\"\"],\"reportTotal\":[\"1\"],\"percent\":[\"1\"],\"contrast\":[\"crystalTotal\"],\"showAlone\":[\"1\"]}','2','{\"zh-cn\":\"\\u5217\\u51fa\\u89e3\\u51b3\\u7684Bug\\u603b\\u6570\\uff0c\\u89e3\\u51b3\\u65b9\\u6848\\u7684\\u5206\\u5e03\\uff0c\\u5360\\u7684\\u6bd4\\u4f8b\\uff08\\u8be5\\u7528\\u6237\\u89e3\\u51b3\\u7684Bug\\u7684\\u6570\\u91cf\\u5360\\u6240\\u6709\\u7684\\u89e3\\u51b3\\u7684Bug\\u7684\\u6570\\u91cf)\\u3002\",\"zh-tw\":\"\\u5217\\u51fa\\u89e3\\u6c7a\\u7684Bug\\u7e3d\\u6578\\uff0c\\u89e3\\u6c7a\\u65b9\\u6848\\u7684\\u5206\\u5e03\\uff0c\\u5360\\u7684\\u6bd4\\u4f8b\\uff08\\u8a72\\u7528\\u6236\\u89e3\\u6c7a\\u7684Bug\\u7684\\u6578\\u91cf\\u5360\\u6240\\u6709\\u7684\\u89e3\\u6c7a\\u7684Bug\\u7684\\u6578\\u91cf)\\u3002\",\"en\":\"percentage:self resolved \\/ all resolved\",\"de\":\"percentage:self resolved \\/ all resolved\",\"fr\":\"percentage:self resolved \\/ all resolved\"}','admin','2015-07-24 13:44:25');
INSERT INTO `zt_report`(`id`,`code`,`name`,`module`,`sql`,`vars`,`langs`,`params`,`step`,`desc`,`addedBy`,`addedDate`) VALUES ('24','project-progress','{\"zh-cn\":\"\\u9879\\u76ee\\u8fdb\\u5c55\\u8868\",\"zh-tw\":\"\\u9805\\u76ee\\u9032\\u5c55\\u8868\",\"en\":\"Project Progress Report\",\"de\":\"Project Progress Report\",\"fr\":\"Project Progress Report\",\"vi\":\"Project Progress Report\",\"ja\":\"Project Progress Report\"}',',project','select t1.id,t4.name as project,t4.id,IF(t4.multiple=\"1\",t1.name,\"\") as execution,t1.status,t2.number as tasks,round(t2.consumed,2) as consumed,round(t2.`left`,2) as `left`,t3.stories,t2.undone as undoneTask,t3.undone as undoneStory,t2.totalReal from TABLE_EXECUTION as t1 
left join ztv_executionsummary as t2 on t1.id=t2.execution
left join ztv_projectstories as t3 on t1.id=t3.execution
left join TABLE_PROJECT as t4 on t4.id=t1.project
where t1.deleted=\'0\' and t1.type in (\'sprint\',\'stage\') and if($project=\'\',1,t4.id=$project) and if($execution=\'\',1,t1.id=$execution) and if($status=\'\',1,t1.status=$status)','{\"varName\":[\"project\",\"execution\",\"status\"],\"showName\":[\"\\u9879\\u76ee\\u5217\\u8868\",\"\\u6267\\u884c\\u5217\\u8868\",\"\\u6267\\u884c\\u72b6\\u6001\"],\"requestType\":[\"select\",\"select\",\"select\"],\"selectList\":[\"project\",\"execution\",\"project.status\"],\"default\":[\"\",\"\",\"\"]}','{\"stories\":{\"zh-cn\":\"\\u9700\\u6c42\\u6570\",\"zh-tw\":\"\\u9700\\u6c42\\u6570\",\"en\":\"Stories\"},\"tasks\":{\"zh-cn\":\"\\u4efb\\u52a1\\u6570\",\"zh-tw\":\"\\u4efb\\u52a1\\u6570\",\"en\":\"Tasks\"},\"undoneStory\":{\"zh-cn\":\"\\u5269\\u4f59\\u9700\\u6c42\\u6570\",\"zh-tw\":\"\\u5269\\u4f59\\u9700\\u6c42\\u6570\",\"en\":\"Undone Story\"},\"undoneTask\":{\"zh-cn\":\"\\u5269\\u4f59\\u4efb\\u52a1\\u6570\",\"zh-tw\":\"\\u5269\\u4f59\\u4efb\\u52a1\\u6570\",\"en\":\"Undone Task\"},\"consumed\":{\"zh-cn\":\"\\u5df2\\u6d88\\u8017\\u5de5\\u65f6\",\"zh-tw\":\"\\u5df2\\u6d88\\u8017\\u5de5\\u65f6\",\"en\":\"Cost(h)\"},\"left\":{\"zh-cn\":\"\\u5269\\u4f59\\u5de5\\u65f6\",\"zh-tw\":\"\\u5269\\u4f59\\u5de5\\u65f6\",\"en\":\"Left(h)\"},\"consumedPercent\":{\"zh-cn\":\"\\u8fdb\\u5ea6\",\"zh-tw\":\"\\u8fdb\\u5ea6\",\"en\":\"Process\"},\"execution\":{\"zh-cn\":\"\\u6267\\u884c\\u540d\\u79f0\"}}','{\"group1\":\"project\",\"group2\":\"execution\",\"reportField\":[\"stories\",\"undoneStory\",\"tasks\",\"undoneTask\",\"left\",\"consumed\"],\"reportType\":[\"sum\",\"sum\",\"sum\",\"sum\",\"sum\",\"sum\"],\"sumAppend\":[\"stories\",\"undoneStory\",\"tasks\",\"undoneTask\",\"left\",\"consumed\"],\"percent\":{\"5\":\"1\"},\"contrast\":{\"5\":\"totalReal\"},\"showAlone\":{\"5\":\"1\"}}','2','{\"zh-cn\":\"\\u9879\\u76ee\\u7684\\u9700\\u6c42\\u6570\\uff0c\\u4efb\\u52a1\\u6570\\uff0c\\u5df2\\u6d88\\u8017\\u5de5\\u65f6\\uff0c\\u5269\\u4f59\\u5de5\\u65f6\\uff0c\\u5269\\u4f59\\u9700\\u6c42\\u6570\\uff0c\\u5269\\u4f59\\u4efb\\u52a1\\u6570\\uff0c\\u8fdb\\u5ea6\\u3002\",\"zh-tw\":\"\\u9805\\u76ee\\u7684\\u9700\\u6c42\\u6578\\uff0c\\u4efb\\u52d9\\u6578\\uff0c\\u5df2\\u6d88\\u8017\\u5de5\\u6642\\uff0c\\u5269\\u9918\\u5de5\\u6642\\uff0c\\u5269\\u9918\\u9700\\u6c42\\u6578\\uff0c\\u5269\\u9918\\u4efb\\u52d9\\u6578\\uff0c\\u9032\\u5ea6\\u3002\",\"en\":\"\",\"de\":\"\",\"fr\":\"\",\"vi\":\"\",\"ja\":\"\"}','admin','2015-07-23 14:03:06');
INSERT INTO `zt_report`(`id`,`code`,`name`,`module`,`sql`,`vars`,`langs`,`params`,`step`,`desc`,`addedBy`,`addedDate`) VALUES ('25','projectbug-type','{\"zh-cn\":\"\\u9879\\u76eeBug\\u7c7b\\u578b\\u7edf\\u8ba1\\u8868\",\"zh-tw\":\"\\u9805\\u76eeBug\\u985e\\u578b\\u7d71\\u8a08\\u8868\",\"en\":\"Project Bug Type\",\"de\":\"Project Bug Type\",\"fr\":\"Project Bug Type\",\"vi\":\"Project Bug Type\",\"ja\":\"Project Bug Type\"}',',project,test','select t1.id,t3.name as project,t3.id,IF(t3.multiple=\"1\",t1.name,\"\") as execution,t2.id as bugID,t2.type from TABLE_EXECUTION as t1 
left join TABLE_BUG as t2 on t1.id=t2.execution
left join TABLE_PROJECT as t3 on t3.id=t1.project
where t1.deleted=\'0\' and t2.deleted=\'0\' and if($project=\'\',1,t3.id=$project) and if($execution=\'\',1,t1.id=$execution)','{\"varName\":[\"project\",\"execution\"],\"showName\":[\"\\u9879\\u76ee\\u5217\\u8868\",\"\\u6267\\u884c\\u5217\\u8868\"],\"requestType\":[\"select\",\"select\"],\"selectList\":[\"project\",\"execution\"],\"default\":[\"\",\"\"]}','{\"stories\":{\"zh-cn\":\"\\u9700\\u6c42\\u6570\",\"zh-tw\":\"\\u9700\\u6c42\\u6570\",\"en\":\"Stories\"},\"tasks\":{\"zh-cn\":\"\\u4efb\\u52a1\\u6570\",\"zh-tw\":\"\\u4efb\\u52a1\\u6570\",\"en\":\"Tasks\"},\"undoneStory\":{\"zh-cn\":\"\\u5269\\u4f59\\u9700\\u6c42\\u6570\",\"zh-tw\":\"\\u5269\\u4f59\\u9700\\u6c42\\u6570\",\"en\":\"Undone Story\"},\"undoneTask\":{\"zh-cn\":\"\\u5269\\u4f59\\u4efb\\u52a1\\u6570\",\"zh-tw\":\"\\u5269\\u4f59\\u4efb\\u52a1\\u6570\",\"en\":\"Undone Task\"},\"consumed\":{\"zh-cn\":\"\\u5df2\\u6d88\\u8017\\u5de5\\u65f6\",\"zh-tw\":\"\\u5df2\\u6d88\\u8017\\u5de5\\u65f6\",\"en\":\"Cost(h)\"},\"left\":{\"zh-cn\":\"\\u5269\\u4f59\\u5de5\\u65f6\",\"zh-tw\":\"\\u5269\\u4f59\\u5de5\\u65f6\",\"en\":\"Left(h)\"},\"consumedPercent\":{\"zh-cn\":\"\\u8fdb\\u5ea6\",\"zh-tw\":\"\\u8fdb\\u5ea6\",\"en\":\"Process\"},\"execution\":{\"zh-cn\":\"\\u6267\\u884c\\u540d\\u79f0\"}}','{\"group1\":\"project\",\"group2\":\"execution\",\"reportField\":[\"type\"],\"reportType\":[\"count\"],\"sumAppend\":[\"\"]}','2','{\"zh-cn\":\"\\u6309\\u7167\\u9879\\u76ee\\u7edf\\u8ba1Bug\\u7684\\u7c7b\\u578b\\u5206\\u5e03\\u60c5\\u51b5\\u3002\",\"zh-tw\":\"\\u6309\\u7167\\u9805\\u76ee\\u7d71\\u8a08Bug\\u7684\\u985e\\u578b\\u5206\\u5e03\\u60c5\\u6cc1\\u3002\",\"en\":\"\",\"de\":\"\",\"fr\":\"\",\"vi\":\"\",\"ja\":\"\"}','admin','2015-08-04 13:54:22');
CREATE TABLE `zt_researchplan` (
  `id` mediumint(8) unsigned NOT NULL AUTO_INCREMENT,
  `project` mediumint(8) unsigned NOT NULL,
  `name` varchar(255) NOT NULL,
  `customer` varchar(255) NOT NULL,
  `stakeholder` varchar(255) NOT NULL,
  `objective` varchar(255) NOT NULL,
  `begin` datetime NOT NULL,
  `end` datetime NOT NULL,
  `location` varchar(255) NOT NULL,
  `team` varchar(255) NOT NULL,
  `method` enum('','videoConference','interview','questionnaire','telephoneInterview') NOT NULL,
  `outline` mediumtext NOT NULL,
  `schedule` mediumtext NOT NULL,
  `createdBy` varchar(30) NOT NULL,
  `createdDate` datetime NOT NULL,
  `editedBy` varchar(30) NOT NULL,
  `editedDate` datetime NOT NULL,
  `deleted` enum('0','1') NOT NULL DEFAULT '0',
  PRIMARY KEY (`id`)
) ENGINE=InnoDB DEFAULT CHARSET=utf8;
CREATE TABLE `zt_researchreport` (
  `id` mediumint(8) unsigned NOT NULL AUTO_INCREMENT,
  `project` mediumint(8) unsigned NOT NULL,
  `relatedPlan` mediumint(8) unsigned NOT NULL,
  `title` varchar(255) NOT NULL,
  `author` varchar(30) NOT NULL,
  `content` mediumtext NOT NULL,
  `customer` varchar(255) NOT NULL,
  `researchObjects` varchar(255) NOT NULL,
  `begin` datetime NOT NULL,
  `end` datetime NOT NULL,
  `location` varchar(255) NOT NULL,
  `method` enum('','videoConference','interview','questionnaire','telephoneInterview') NOT NULL,
  `createdBy` varchar(30) NOT NULL,
  `createdDate` datetime NOT NULL,
  `editedBy` varchar(30) NOT NULL,
  `editedDate` datetime NOT NULL,
  `deleted` enum('0','1') NOT NULL DEFAULT '0',
  PRIMARY KEY (`id`)
) ENGINE=InnoDB DEFAULT CHARSET=utf8;
CREATE TABLE `zt_review` (
  `id` mediumint(8) unsigned NOT NULL AUTO_INCREMENT,
  `project` mediumint(8) unsigned NOT NULL,
  `title` varchar(255) NOT NULL,
  `object` mediumint(8) NOT NULL,
  `template` mediumint(8) NOT NULL,
  `doc` mediumint(8) DEFAULT NULL,
  `docVersion` smallint(6) DEFAULT NULL,
  `status` char(30) NOT NULL,
  `reviewedBy` varchar(255) NOT NULL,
  `auditedBy` varchar(255) NOT NULL,
  `createdBy` char(30) NOT NULL,
  `createdDate` date NOT NULL,
  `deadline` date NOT NULL,
  `lastReviewedBy` varchar(255) DEFAULT NULL,
  `lastReviewedDate` date NOT NULL,
  `lastAuditedBy` varchar(255) NOT NULL,
  `lastAuditedDate` date NOT NULL,
  `lastEditedBy` varchar(255) NOT NULL,
  `lastEditedDate` date NOT NULL,
  `result` char(30) NOT NULL,
  `auditResult` char(30) NOT NULL,
  `deleted` enum('0','1') NOT NULL DEFAULT '0',
  PRIMARY KEY (`id`)
) ENGINE=InnoDB DEFAULT CHARSET=utf8;
CREATE TABLE `zt_reviewcl` (
  `id` mediumint(8) unsigned NOT NULL AUTO_INCREMENT,
  `title` varchar(255) NOT NULL,
  `object` char(30) NOT NULL,
  `category` char(30) NOT NULL,
  `assignedTo` varchar(30) NOT NULL,
  `order` mediumint(8) DEFAULT '0',
  `status` varchar(30) NOT NULL,
  `createdBy` varchar(30) NOT NULL,
  `createdDate` datetime NOT NULL,
  `editedBy` varchar(30) NOT NULL,
  `editedDate` datetime NOT NULL,
  `assignedBy` varchar(30) NOT NULL,
  `assignedDate` datetime NOT NULL,
  `deleted` enum('0','1') NOT NULL DEFAULT '0',
  PRIMARY KEY (`id`)
) ENGINE=InnoDB DEFAULT CHARSET=utf8;
CREATE TABLE `zt_reviewissue` (
  `id` mediumint(8) NOT NULL AUTO_INCREMENT,
  `project` mediumint(8) unsigned NOT NULL,
  `review` mediumint(8) NOT NULL,
  `approval` mediumint(8) NOT NULL,
  `injection` mediumint(8) NOT NULL,
  `identify` mediumint(8) NOT NULL,
  `type` char(30) NOT NULL DEFAULT 'review',
  `listID` mediumint(8) NOT NULL,
  `title` varchar(255) NOT NULL,
  `opinion` varchar(255) NOT NULL,
  `opinionDate` date NOT NULL,
  `status` char(30) NOT NULL,
  `resolution` char(30) NOT NULL,
  `resolutionBy` char(30) NOT NULL,
  `resolutionDate` date NOT NULL,
  `createdBy` char(30) NOT NULL,
  `createdDate` date NOT NULL,
  `deleted` enum('0','1') NOT NULL DEFAULT '0',
  PRIMARY KEY (`id`)
) ENGINE=InnoDB DEFAULT CHARSET=utf8;
CREATE TABLE `zt_reviewlist` (
  `id` mediumint(8) unsigned NOT NULL AUTO_INCREMENT,
  `title` varchar(255) NOT NULL,
  `object` char(30) NOT NULL,
  `category` char(30) NOT NULL,
  `assignedTo` varchar(30) NOT NULL,
  `status` varchar(30) NOT NULL,
  `createdBy` varchar(30) NOT NULL,
  `createdDate` datetime NOT NULL,
  `editedBy` varchar(30) NOT NULL,
  `editedDate` datetime NOT NULL,
  `assignedBy` varchar(30) NOT NULL,
  `assignedDate` datetime NOT NULL,
  `deleted` enum('0','1') NOT NULL DEFAULT '0',
  PRIMARY KEY (`id`)
) ENGINE=InnoDB DEFAULT CHARSET=utf8;
CREATE TABLE `zt_reviewresult` (
  `id` mediumint(8) NOT NULL AUTO_INCREMENT,
  `review` mediumint(8) NOT NULL,
  `type` char(30) NOT NULL DEFAULT 'review',
  `result` char(30) NOT NULL,
  `opinion` text NOT NULL,
  `reviewer` char(30) NOT NULL,
  `remainIssue` char(30) NOT NULL,
  `createdDate` date NOT NULL,
  `consumed` float NOT NULL,
  PRIMARY KEY (`id`),
  UNIQUE KEY `reviewer` (`review`,`reviewer`,`type`)
) ENGINE=InnoDB DEFAULT CHARSET=utf8;
CREATE TABLE `zt_risk` (
  `id` mediumint(8) unsigned NOT NULL AUTO_INCREMENT,
  `project` varchar(255) NOT NULL,
  `execution` mediumint(8) unsigned NOT NULL,
  `name` varchar(255) NOT NULL,
  `source` char(30) NOT NULL,
  `category` char(30) NOT NULL,
  `strategy` char(30) NOT NULL,
  `status` varchar(30) NOT NULL DEFAULT 'active',
  `impact` char(30) NOT NULL,
  `probability` char(30) NOT NULL,
  `rate` char(30) NOT NULL,
  `pri` char(30) NOT NULL,
  `identifiedDate` date NOT NULL,
  `prevention` mediumtext NOT NULL,
  `remedy` mediumtext NOT NULL,
  `plannedClosedDate` date NOT NULL,
  `actualClosedDate` date NOT NULL,
  `lib` mediumint(8) unsigned NOT NULL DEFAULT '0',
  `from` mediumint(8) unsigned NOT NULL DEFAULT '0',
  `version` smallint(6) NOT NULL DEFAULT '1',
  `createdBy` varchar(30) NOT NULL,
  `createdDate` datetime NOT NULL,
  `editedBy` varchar(30) NOT NULL,
  `editedDate` datetime NOT NULL,
  `resolution` mediumtext NOT NULL,
  `resolvedBy` varchar(30) NOT NULL,
  `activateBy` varchar(30) NOT NULL,
  `activateDate` date NOT NULL,
  `assignedTo` varchar(30) NOT NULL,
  `closedBy` varchar(30) NOT NULL,
  `closedDate` date NOT NULL,
  `cancelBy` varchar(30) NOT NULL,
  `cancelDate` date NOT NULL,
  `cancelReason` char(30) NOT NULL,
  `hangupBy` varchar(30) NOT NULL,
  `hangupDate` date NOT NULL,
  `trackedBy` varchar(30) NOT NULL,
  `trackedDate` date NOT NULL,
  `assignedDate` date NOT NULL,
  `approvedDate` date NOT NULL,
  `deleted` enum('0','1') NOT NULL DEFAULT '0',
  PRIMARY KEY (`id`)
) ENGINE=InnoDB AUTO_INCREMENT=4 DEFAULT CHARSET=utf8;
INSERT INTO `zt_risk`(`id`,`project`,`execution`,`name`,`source`,`category`,`strategy`,`status`,`impact`,`probability`,`rate`,`pri`,`identifiedDate`,`prevention`,`remedy`,`plannedClosedDate`,`actualClosedDate`,`lib`,`from`,`version`,`createdBy`,`createdDate`,`editedBy`,`editedDate`,`resolution`,`resolvedBy`,`activateBy`,`activateDate`,`assignedTo`,`closedBy`,`closedDate`,`cancelBy`,`cancelDate`,`cancelReason`,`hangupBy`,`hangupDate`,`trackedBy`,`trackedDate`,`assignedDate`,`approvedDate`,`deleted`) VALUES ('1','1','0','计划变更风险：由于系统选型尚未可知，不同系统的符合度不同，此外自研平台的需求会持续变化和迭代，工作量评估可能不准，计划可能变更。  ','team','manage','avoidance','active','','','','','0000-00-00','','','0000-00-00','0000-00-00','0','0','1','yangchao','2022-12-19 00:00:00','','0000-00-00 00:00:00','','','','0000-00-00','','','0000-00-00','','0000-00-00','','','0000-00-00','','0000-00-00','0000-00-00','0000-00-00','0');
INSERT INTO `zt_risk`(`id`,`project`,`execution`,`name`,`source`,`category`,`strategy`,`status`,`impact`,`probability`,`rate`,`pri`,`identifiedDate`,`prevention`,`remedy`,`plannedClosedDate`,`actualClosedDate`,`lib`,`from`,`version`,`createdBy`,`createdDate`,`editedBy`,`editedDate`,`resolution`,`resolvedBy`,`activateBy`,`activateDate`,`assignedTo`,`closedBy`,`closedDate`,`cancelBy`,`cancelDate`,`cancelReason`,`hangupBy`,`hangupDate`,`trackedBy`,`trackedDate`,`assignedDate`,`approvedDate`,`deleted`) VALUES ('2','1','0','系统选型和推广涉及到多个团队和部门，涉及到制度和流程的变更，推进进度和协调进度存在变数。    ','team','manage','avoidance','active','','','','','0000-00-00','','','0000-00-00','0000-00-00','0','0','1','yangchao','2022-12-19 00:00:00','','0000-00-00 00:00:00','','','','0000-00-00','','','0000-00-00','','0000-00-00','','','0000-00-00','','0000-00-00','0000-00-00','0000-00-00','0');
INSERT INTO `zt_risk`(`id`,`project`,`execution`,`name`,`source`,`category`,`strategy`,`status`,`impact`,`probability`,`rate`,`pri`,`identifiedDate`,`prevention`,`remedy`,`plannedClosedDate`,`actualClosedDate`,`lib`,`from`,`version`,`createdBy`,`createdDate`,`editedBy`,`editedDate`,`resolution`,`resolvedBy`,`activateBy`,`activateDate`,`assignedTo`,`closedBy`,`closedDate`,`cancelBy`,`cancelDate`,`cancelReason`,`hangupBy`,`hangupDate`,`trackedBy`,`trackedDate`,`assignedDate`,`approvedDate`,`deleted`) VALUES ('3','1','0','人力资源风险：如爆发疫情，人员入场可能不可控。','team','manage','avoidance','active','','','','','0000-00-00','','','0000-00-00','0000-00-00','0','0','1','yangchao','2022-12-19 00:00:00','','0000-00-00 00:00:00','','','','0000-00-00','','','0000-00-00','','0000-00-00','','','0000-00-00','','0000-00-00','0000-00-00','0000-00-00','0');
CREATE TABLE `zt_riskissue` (
  `risk` mediumint(8) unsigned NOT NULL,
  `issue` mediumint(8) unsigned NOT NULL,
  UNIQUE KEY `risk_issue` (`risk`,`issue`)
) ENGINE=InnoDB DEFAULT CHARSET=utf8;
CREATE TABLE `zt_score` (
  `id` bigint(12) unsigned NOT NULL AUTO_INCREMENT,
  `account` varchar(30) NOT NULL,
  `module` varchar(30) NOT NULL DEFAULT '',
  `method` varchar(30) NOT NULL,
  `desc` varchar(250) NOT NULL DEFAULT '',
  `before` int(11) NOT NULL DEFAULT '0',
  `score` int(11) NOT NULL DEFAULT '0',
  `after` int(11) NOT NULL DEFAULT '0',
  `time` datetime NOT NULL,
  PRIMARY KEY (`id`),
  KEY `account` (`account`),
  KEY `model` (`module`),
  KEY `method` (`method`)
) ENGINE=InnoDB DEFAULT CHARSET=utf8;
CREATE TABLE `zt_searchdict` (
  `key` smallint(5) unsigned NOT NULL,
  `value` char(3) NOT NULL,
  PRIMARY KEY (`key`)
) ENGINE=InnoDB DEFAULT CHARSET=utf8;
INSERT INTO `zt_searchdict`(`key`,`value`) VALUES ('12289','、');
INSERT INTO `zt_searchdict`(`key`,`value`) VALUES ('12290','。');
INSERT INTO `zt_searchdict`(`key`,`value`) VALUES ('12298','《');
INSERT INTO `zt_searchdict`(`key`,`value`) VALUES ('12299','》');
INSERT INTO `zt_searchdict`(`key`,`value`) VALUES ('12304','【');
INSERT INTO `zt_searchdict`(`key`,`value`) VALUES ('12305','】');
INSERT INTO `zt_searchdict`(`key`,`value`) VALUES ('19968','一');
INSERT INTO `zt_searchdict`(`key`,`value`) VALUES ('19977','三');
INSERT INTO `zt_searchdict`(`key`,`value`) VALUES ('19978','上');
INSERT INTO `zt_searchdict`(`key`,`value`) VALUES ('19979','下');
INSERT INTO `zt_searchdict`(`key`,`value`) VALUES ('19981','不');
INSERT INTO `zt_searchdict`(`key`,`value`) VALUES ('19982','与');
INSERT INTO `zt_searchdict`(`key`,`value`) VALUES ('19987','专');
INSERT INTO `zt_searchdict`(`key`,`value`) VALUES ('19988','且');
INSERT INTO `zt_searchdict`(`key`,`value`) VALUES ('19994','业');
INSERT INTO `zt_searchdict`(`key`,`value`) VALUES ('19996','东');
INSERT INTO `zt_searchdict`(`key`,`value`) VALUES ('20004','两');
INSERT INTO `zt_searchdict`(`key`,`value`) VALUES ('20010','个');
INSERT INTO `zt_searchdict`(`key`,`value`) VALUES ('20013','中');
INSERT INTO `zt_searchdict`(`key`,`value`) VALUES ('20020','临');
INSERT INTO `zt_searchdict`(`key`,`value`) VALUES ('20026','为');
INSERT INTO `zt_searchdict`(`key`,`value`) VALUES ('20027','主');
INSERT INTO `zt_searchdict`(`key`,`value`) VALUES ('20037','久');
INSERT INTO `zt_searchdict`(`key`,`value`) VALUES ('20041','义');
INSERT INTO `zt_searchdict`(`key`,`value`) VALUES ('20043','之');
INSERT INTO `zt_searchdict`(`key`,`value`) VALUES ('20063','也');
INSERT INTO `zt_searchdict`(`key`,`value`) VALUES ('20070','书');
INSERT INTO `zt_searchdict`(`key`,`value`) VALUES ('20102','了');
INSERT INTO `zt_searchdict`(`key`,`value`) VALUES ('20107','事');
INSERT INTO `zt_searchdict`(`key`,`value`) VALUES ('20108','二');
INSERT INTO `zt_searchdict`(`key`,`value`) VALUES ('20110','于');
INSERT INTO `zt_searchdict`(`key`,`value`) VALUES ('20114','互');
INSERT INTO `zt_searchdict`(`key`,`value`) VALUES ('20122','亚');
INSERT INTO `zt_searchdict`(`key`,`value`) VALUES ('20123','些');
INSERT INTO `zt_searchdict`(`key`,`value`) VALUES ('20132','交');
INSERT INTO `zt_searchdict`(`key`,`value`) VALUES ('20135','产');
INSERT INTO `zt_searchdict`(`key`,`value`) VALUES ('20154','人');
INSERT INTO `zt_searchdict`(`key`,`value`) VALUES ('20165','仅');
INSERT INTO `zt_searchdict`(`key`,`value`) VALUES ('20174','从');
INSERT INTO `zt_searchdict`(`key`,`value`) VALUES ('20179','仓');
INSERT INTO `zt_searchdict`(`key`,`value`) VALUES ('20182','他');
INSERT INTO `zt_searchdict`(`key`,`value`) VALUES ('20184','付');
INSERT INTO `zt_searchdict`(`key`,`value`) VALUES ('20195','代');
INSERT INTO `zt_searchdict`(`key`,`value`) VALUES ('20197','以');
INSERT INTO `zt_searchdict`(`key`,`value`) VALUES ('20214','件');
INSERT INTO `zt_searchdict`(`key`,`value`) VALUES ('20219','任');
INSERT INTO `zt_searchdict`(`key`,`value`) VALUES ('20248','优');
INSERT INTO `zt_searchdict`(`key`,`value`) VALUES ('20250','会');
INSERT INTO `zt_searchdict`(`key`,`value`) VALUES ('20256','传');
INSERT INTO `zt_searchdict`(`key`,`value`) VALUES ('20272','估');
INSERT INTO `zt_searchdict`(`key`,`value`) VALUES ('20280','伸');
INSERT INTO `zt_searchdict`(`key`,`value`) VALUES ('20302','低');
INSERT INTO `zt_searchdict`(`key`,`value`) VALUES ('20307','体');
INSERT INTO `zt_searchdict`(`key`,`value`) VALUES ('20309','何');
INSERT INTO `zt_searchdict`(`key`,`value`) VALUES ('20313','余');
INSERT INTO `zt_searchdict`(`key`,`value`) VALUES ('20316','作');
INSERT INTO `zt_searchdict`(`key`,`value`) VALUES ('20351','使');
INSERT INTO `zt_searchdict`(`key`,`value`) VALUES ('20363','例');
INSERT INTO `zt_searchdict`(`key`,`value`) VALUES ('20379','供');
INSERT INTO `zt_searchdict`(`key`,`value`) VALUES ('20381','依');
INSERT INTO `zt_searchdict`(`key`,`value`) VALUES ('20415','便');
INSERT INTO `zt_searchdict`(`key`,`value`) VALUES ('20419','促');
INSERT INTO `zt_searchdict`(`key`,`value`) VALUES ('20445','保');
INSERT INTO `zt_searchdict`(`key`,`value`) VALUES ('20449','信');
INSERT INTO `zt_searchdict`(`key`,`value`) VALUES ('20462','修');
INSERT INTO `zt_searchdict`(`key`,`value`) VALUES ('20505','候');
INSERT INTO `zt_searchdict`(`key`,`value`) VALUES ('20521','倩');
INSERT INTO `zt_searchdict`(`key`,`value`) VALUES ('20540','值');
INSERT INTO `zt_searchdict`(`key`,`value`) VALUES ('20570','做');
INSERT INTO `zt_searchdict`(`key`,`value`) VALUES ('20648','储');
INSERT INTO `zt_searchdict`(`key`,`value`) VALUES ('20687','像');
INSERT INTO `zt_searchdict`(`key`,`value`) VALUES ('20801','允');
INSERT INTO `zt_searchdict`(`key`,`value`) VALUES ('20803','元');
INSERT INTO `zt_searchdict`(`key`,`value`) VALUES ('20805','充');
INSERT INTO `zt_searchdict`(`key`,`value`) VALUES ('20808','先');
INSERT INTO `zt_searchdict`(`key`,`value`) VALUES ('20837','入');
INSERT INTO `zt_searchdict`(`key`,`value`) VALUES ('20840','全');
INSERT INTO `zt_searchdict`(`key`,`value`) VALUES ('20851','关');
INSERT INTO `zt_searchdict`(`key`,`value`) VALUES ('20854','其');
INSERT INTO `zt_searchdict`(`key`,`value`) VALUES ('20855','具');
INSERT INTO `zt_searchdict`(`key`,`value`) VALUES ('20860','兼');
INSERT INTO `zt_searchdict`(`key`,`value`) VALUES ('20869','内');
INSERT INTO `zt_searchdict`(`key`,`value`) VALUES ('20876','册');
INSERT INTO `zt_searchdict`(`key`,`value`) VALUES ('20877','再');
INSERT INTO `zt_searchdict`(`key`,`value`) VALUES ('20889','写');
INSERT INTO `zt_searchdict`(`key`,`value`) VALUES ('20892','农');
INSERT INTO `zt_searchdict`(`key`,`value`) VALUES ('20914','冲');
INSERT INTO `zt_searchdict`(`key`,`value`) VALUES ('20915','决');
INSERT INTO `zt_searchdict`(`key`,`value`) VALUES ('20917','况');
INSERT INTO `zt_searchdict`(`key`,`value`) VALUES ('20934','准');
INSERT INTO `zt_searchdict`(`key`,`value`) VALUES ('20960','几');
INSERT INTO `zt_searchdict`(`key`,`value`) VALUES ('20986','出');
INSERT INTO `zt_searchdict`(`key`,`value`) VALUES ('20987','击');
INSERT INTO `zt_searchdict`(`key`,`value`) VALUES ('20998','分');
INSERT INTO `zt_searchdict`(`key`,`value`) VALUES ('20999','切');
INSERT INTO `zt_searchdict`(`key`,`value`) VALUES ('21010','划');
INSERT INTO `zt_searchdict`(`key`,`value`) VALUES ('21015','列');
INSERT INTO `zt_searchdict`(`key`,`value`) VALUES ('21016','刘');
INSERT INTO `zt_searchdict`(`key`,`value`) VALUES ('21017','则');
INSERT INTO `zt_searchdict`(`key`,`value`) VALUES ('21019','创');
INSERT INTO `zt_searchdict`(`key`,`value`) VALUES ('21021','初');
INSERT INTO `zt_searchdict`(`key`,`value`) VALUES ('21024','删');
INSERT INTO `zt_searchdict`(`key`,`value`) VALUES ('21028','判');
INSERT INTO `zt_searchdict`(`key`,`value`) VALUES ('21035','别');
INSERT INTO `zt_searchdict`(`key`,`value`) VALUES ('21040','到');
INSERT INTO `zt_searchdict`(`key`,`value`) VALUES ('21046','制');
INSERT INTO `zt_searchdict`(`key`,`value`) VALUES ('21047','刷');
INSERT INTO `zt_searchdict`(`key`,`value`) VALUES ('21069','前');
INSERT INTO `zt_searchdict`(`key`,`value`) VALUES ('21097','剩');
INSERT INTO `zt_searchdict`(`key`,`value`) VALUES ('21098','剪');
INSERT INTO `zt_searchdict`(`key`,`value`) VALUES ('21103','副');
INSERT INTO `zt_searchdict`(`key`,`value`) VALUES ('21147','力');
INSERT INTO `zt_searchdict`(`key`,`value`) VALUES ('21150','办');
INSERT INTO `zt_searchdict`(`key`,`value`) VALUES ('21151','功');
INSERT INTO `zt_searchdict`(`key`,`value`) VALUES ('21152','加');
INSERT INTO `zt_searchdict`(`key`,`value`) VALUES ('21153','务');
INSERT INTO `zt_searchdict`(`key`,`value`) VALUES ('21160','动');
INSERT INTO `zt_searchdict`(`key`,`value`) VALUES ('21161','助');
INSERT INTO `zt_searchdict`(`key`,`value`) VALUES ('21183','势');
INSERT INTO `zt_searchdict`(`key`,`value`) VALUES ('21253','包');
INSERT INTO `zt_searchdict`(`key`,`value`) VALUES ('21270','化');
INSERT INTO `zt_searchdict`(`key`,`value`) VALUES ('21305','匹');
INSERT INTO `zt_searchdict`(`key`,`value`) VALUES ('21306','区');
INSERT INTO `zt_searchdict`(`key`,`value`) VALUES ('21313','十');
INSERT INTO `zt_searchdict`(`key`,`value`) VALUES ('21319','升');
INSERT INTO `zt_searchdict`(`key`,`value`) VALUES ('21327','协');
INSERT INTO `zt_searchdict`(`key`,`value`) VALUES ('21333','单');
INSERT INTO `zt_searchdict`(`key`,`value`) VALUES ('21335','南');
INSERT INTO `zt_searchdict`(`key`,`value`) VALUES ('21363','即');
INSERT INTO `zt_searchdict`(`key`,`value`) VALUES ('21375','卿');
INSERT INTO `zt_searchdict`(`key`,`value`) VALUES ('21378','厂');
INSERT INTO `zt_searchdict`(`key`,`value`) VALUES ('21382','历');
INSERT INTO `zt_searchdict`(`key`,`value`) VALUES ('21387','压');
INSERT INTO `zt_searchdict`(`key`,`value`) VALUES ('21407','原');
INSERT INTO `zt_searchdict`(`key`,`value`) VALUES ('21435','去');
INSERT INTO `zt_searchdict`(`key`,`value`) VALUES ('21442','参');
INSERT INTO `zt_searchdict`(`key`,`value`) VALUES ('21450','及');
INSERT INTO `zt_searchdict`(`key`,`value`) VALUES ('21453','反');
INSERT INTO `zt_searchdict`(`key`,`value`) VALUES ('21457','发');
INSERT INTO `zt_searchdict`(`key`,`value`) VALUES ('21462','取');
INSERT INTO `zt_searchdict`(`key`,`value`) VALUES ('21463','受');
INSERT INTO `zt_searchdict`(`key`,`value`) VALUES ('21464','变');
INSERT INTO `zt_searchdict`(`key`,`value`) VALUES ('21475','口');
INSERT INTO `zt_searchdict`(`key`,`value`) VALUES ('21477','句');
INSERT INTO `zt_searchdict`(`key`,`value`) VALUES ('21482','只');
INSERT INTO `zt_searchdict`(`key`,`value`) VALUES ('21484','召');
INSERT INTO `zt_searchdict`(`key`,`value`) VALUES ('21487','可');
INSERT INTO `zt_searchdict`(`key`,`value`) VALUES ('21488','台');
INSERT INTO `zt_searchdict`(`key`,`value`) VALUES ('21490','史');
INSERT INTO `zt_searchdict`(`key`,`value`) VALUES ('21495','号');
INSERT INTO `zt_searchdict`(`key`,`value`) VALUES ('21508','各');
INSERT INTO `zt_searchdict`(`key`,`value`) VALUES ('21512','合');
INSERT INTO `zt_searchdict`(`key`,`value`) VALUES ('21516','同');
INSERT INTO `zt_searchdict`(`key`,`value`) VALUES ('21517','名');
INSERT INTO `zt_searchdict`(`key`,`value`) VALUES ('21518','后');
INSERT INTO `zt_searchdict`(`key`,`value`) VALUES ('21521','向');
INSERT INTO `zt_searchdict`(`key`,`value`) VALUES ('21542','否');
INSERT INTO `zt_searchdict`(`key`,`value`) VALUES ('21547','含');
INSERT INTO `zt_searchdict`(`key`,`value`) VALUES ('21551','启');
INSERT INTO `zt_searchdict`(`key`,`value`) VALUES ('21578','告');
INSERT INTO `zt_searchdict`(`key`,`value`) VALUES ('21592','员');
INSERT INTO `zt_searchdict`(`key`,`value`) VALUES ('21608','周');
INSERT INTO `zt_searchdict`(`key`,`value`) VALUES ('21644','和');
INSERT INTO `zt_searchdict`(`key`,`value`) VALUES ('21672','咨');
INSERT INTO `zt_searchdict`(`key`,`value`) VALUES ('21697','品');
INSERT INTO `zt_searchdict`(`key`,`value`) VALUES ('21709','响');
INSERT INTO `zt_searchdict`(`key`,`value`) VALUES ('21738','哪');
INSERT INTO `zt_searchdict`(`key`,`value`) VALUES ('21806','售');
INSERT INTO `zt_searchdict`(`key`,`value`) VALUES ('21807','唯');
INSERT INTO `zt_searchdict`(`key`,`value`) VALUES ('21830','商');
INSERT INTO `zt_searchdict`(`key`,`value`) VALUES ('21892','善');
INSERT INTO `zt_searchdict`(`key`,`value`) VALUES ('22120','器');
INSERT INTO `zt_searchdict`(`key`,`value`) VALUES ('22235','四');
INSERT INTO `zt_searchdict`(`key`,`value`) VALUES ('22238','回');
INSERT INTO `zt_searchdict`(`key`,`value`) VALUES ('22242','团');
INSERT INTO `zt_searchdict`(`key`,`value`) VALUES ('22256','困');
INSERT INTO `zt_searchdict`(`key`,`value`) VALUES ('22260','围');
INSERT INTO `zt_searchdict`(`key`,`value`) VALUES ('22266','固');
INSERT INTO `zt_searchdict`(`key`,`value`) VALUES ('22270','图');
INSERT INTO `zt_searchdict`(`key`,`value`) VALUES ('22312','在');
INSERT INTO `zt_searchdict`(`key`,`value`) VALUES ('22320','地');
INSERT INTO `zt_searchdict`(`key`,`value`) VALUES ('22330','场');
INSERT INTO `zt_searchdict`(`key`,`value`) VALUES ('22343','均');
INSERT INTO `zt_searchdict`(`key`,`value`) VALUES ('22359','块');
INSERT INTO `zt_searchdict`(`key`,`value`) VALUES ('22411','型');
INSERT INTO `zt_searchdict`(`key`,`value`) VALUES ('22418','垒');
INSERT INTO `zt_searchdict`(`key`,`value`) VALUES ('22521','培');
INSERT INTO `zt_searchdict`(`key`,`value`) VALUES ('22522','基');
INSERT INTO `zt_searchdict`(`key`,`value`) VALUES ('22561','堡');
INSERT INTO `zt_searchdict`(`key`,`value`) VALUES ('22635','填');
INSERT INTO `zt_searchdict`(`key`,`value`) VALUES ('22659','境');
INSERT INTO `zt_searchdict`(`key`,`value`) VALUES ('22686','增');
INSERT INTO `zt_searchdict`(`key`,`value`) VALUES ('22788','处');
INSERT INTO `zt_searchdict`(`key`,`value`) VALUES ('22791','备');
INSERT INTO `zt_searchdict`(`key`,`value`) VALUES ('22797','复');
INSERT INTO `zt_searchdict`(`key`,`value`) VALUES ('22806','外');
INSERT INTO `zt_searchdict`(`key`,`value`) VALUES ('22810','多');
INSERT INTO `zt_searchdict`(`key`,`value`) VALUES ('22823','大');
INSERT INTO `zt_searchdict`(`key`,`value`) VALUES ('22825','天');
INSERT INTO `zt_searchdict`(`key`,`value`) VALUES ('22833','失');
INSERT INTO `zt_searchdict`(`key`,`value`) VALUES ('22836','头');
INSERT INTO `zt_searchdict`(`key`,`value`) VALUES ('22909','好');
INSERT INTO `zt_searchdict`(`key`,`value`) VALUES ('22914','如');
INSERT INTO `zt_searchdict`(`key`,`value`) VALUES ('22987','始');
INSERT INTO `zt_searchdict`(`key`,`value`) VALUES ('22996','委');
INSERT INTO `zt_searchdict`(`key`,`value`) VALUES ('23004','姜');
INSERT INTO `zt_searchdict`(`key`,`value`) VALUES ('23041','威');
INSERT INTO `zt_searchdict`(`key`,`value`) VALUES ('23376','子');
INSERT INTO `zt_searchdict`(`key`,`value`) VALUES ('23383','字');
INSERT INTO `zt_searchdict`(`key`,`value`) VALUES ('23384','存');
INSERT INTO `zt_searchdict`(`key`,`value`) VALUES ('23385','孙');
INSERT INTO `zt_searchdict`(`key`,`value`) VALUES ('23433','安');
INSERT INTO `zt_searchdict`(`key`,`value`) VALUES ('23436','完');
INSERT INTO `zt_searchdict`(`key`,`value`) VALUES ('23450','定');
INSERT INTO `zt_searchdict`(`key`,`value`) VALUES ('23454','实');
INSERT INTO `zt_searchdict`(`key`,`value`) VALUES ('23457','审');
INSERT INTO `zt_searchdict`(`key`,`value`) VALUES ('23458','客');
INSERT INTO `zt_searchdict`(`key`,`value`) VALUES ('23478','家');
INSERT INTO `zt_searchdict`(`key`,`value`) VALUES ('23481','容');
INSERT INTO `zt_searchdict`(`key`,`value`) VALUES ('23545','对');
INSERT INTO `zt_searchdict`(`key`,`value`) VALUES ('23547','寻');
INSERT INTO `zt_searchdict`(`key`,`value`) VALUES ('23548','导');
INSERT INTO `zt_searchdict`(`key`,`value`) VALUES ('23558','将');
INSERT INTO `zt_searchdict`(`key`,`value`) VALUES ('23569','少');
INSERT INTO `zt_searchdict`(`key`,`value`) VALUES ('23578','尚');
INSERT INTO `zt_searchdict`(`key`,`value`) VALUES ('23588','尤');
INSERT INTO `zt_searchdict`(`key`,`value`) VALUES ('23601','就');
INSERT INTO `zt_searchdict`(`key`,`value`) VALUES ('23614','尾');
INSERT INTO `zt_searchdict`(`key`,`value`) VALUES ('23616','局');
INSERT INTO `zt_searchdict`(`key`,`value`) VALUES ('23618','层');
INSERT INTO `zt_searchdict`(`key`,`value`) VALUES ('23637','展');
INSERT INTO `zt_searchdict`(`key`,`value`) VALUES ('23646','属');
INSERT INTO `zt_searchdict`(`key`,`value`) VALUES ('24037','工');
INSERT INTO `zt_searchdict`(`key`,`value`) VALUES ('24049','己');
INSERT INTO `zt_searchdict`(`key`,`value`) VALUES ('24050','已');
INSERT INTO `zt_searchdict`(`key`,`value`) VALUES ('24067','布');
INSERT INTO `zt_searchdict`(`key`,`value`) VALUES ('24076','希');
INSERT INTO `zt_searchdict`(`key`,`value`) VALUES ('24102','带');
INSERT INTO `zt_searchdict`(`key`,`value`) VALUES ('24120','常');
INSERT INTO `zt_searchdict`(`key`,`value`) VALUES ('24178','干');
INSERT INTO `zt_searchdict`(`key`,`value`) VALUES ('24179','平');
INSERT INTO `zt_searchdict`(`key`,`value`) VALUES ('24180','年');
INSERT INTO `zt_searchdict`(`key`,`value`) VALUES ('24182','并');
INSERT INTO `zt_searchdict`(`key`,`value`) VALUES ('24191','广');
INSERT INTO `zt_searchdict`(`key`,`value`) VALUES ('24207','序');
INSERT INTO `zt_searchdict`(`key`,`value`) VALUES ('24211','库');
INSERT INTO `zt_searchdict`(`key`,`value`) VALUES ('24212','应');
INSERT INTO `zt_searchdict`(`key`,`value`) VALUES ('24218','庚');
INSERT INTO `zt_searchdict`(`key`,`value`) VALUES ('24230','度');
INSERT INTO `zt_searchdict`(`key`,`value`) VALUES ('24310','延');
INSERT INTO `zt_searchdict`(`key`,`value`) VALUES ('24314','建');
INSERT INTO `zt_searchdict`(`key`,`value`) VALUES ('24320','开');
INSERT INTO `zt_searchdict`(`key`,`value`) VALUES ('24335','式');
INSERT INTO `zt_searchdict`(`key`,`value`) VALUES ('24341','引');
INSERT INTO `zt_searchdict`(`key`,`value`) VALUES ('24352','张');
INSERT INTO `zt_searchdict`(`key`,`value`) VALUES ('24369','弱');
INSERT INTO `zt_searchdict`(`key`,`value`) VALUES ('24377','弹');
INSERT INTO `zt_searchdict`(`key`,`value`) VALUES ('24378','强');
INSERT INTO `zt_searchdict`(`key`,`value`) VALUES ('24402','归');
INSERT INTO `zt_searchdict`(`key`,`value`) VALUES ('24403','当');
INSERT INTO `zt_searchdict`(`key`,`value`) VALUES ('24405','录');
INSERT INTO `zt_searchdict`(`key`,`value`) VALUES ('24418','形');
INSERT INTO `zt_searchdict`(`key`,`value`) VALUES ('24433','影');
INSERT INTO `zt_searchdict`(`key`,`value`) VALUES ('24453','待');
INSERT INTO `zt_searchdict`(`key`,`value`) VALUES ('24515','心');
INSERT INTO `zt_searchdict`(`key`,`value`) VALUES ('24517','必');
INSERT INTO `zt_searchdict`(`key`,`value`) VALUES ('24555','快');
INSERT INTO `zt_searchdict`(`key`,`value`) VALUES ('24577','态');
INSERT INTO `zt_searchdict`(`key`,`value`) VALUES ('24605','思');
INSERT INTO `zt_searchdict`(`key`,`value`) VALUES ('24613','急');
INSERT INTO `zt_searchdict`(`key`,`value`) VALUES ('24615','性');
INSERT INTO `zt_searchdict`(`key`,`value`) VALUES ('24635','总');
INSERT INTO `zt_searchdict`(`key`,`value`) VALUES ('24687','息');
INSERT INTO `zt_searchdict`(`key`,`value`) VALUES ('24773','情');
INSERT INTO `zt_searchdict`(`key`,`value`) VALUES ('24819','想');
INSERT INTO `zt_searchdict`(`key`,`value`) VALUES ('25104','成');
INSERT INTO `zt_searchdict`(`key`,`value`) VALUES ('25105','我');
INSERT INTO `zt_searchdict`(`key`,`value`) VALUES ('25110','或');
INSERT INTO `zt_searchdict`(`key`,`value`) VALUES ('25130','截');
INSERT INTO `zt_searchdict`(`key`,`value`) VALUES ('25143','户');
INSERT INTO `zt_searchdict`(`key`,`value`) VALUES ('25152','所');
INSERT INTO `zt_searchdict`(`key`,`value`) VALUES ('25163','手');
INSERT INTO `zt_searchdict`(`key`,`value`) VALUES ('25165','才');
INSERT INTO `zt_searchdict`(`key`,`value`) VALUES ('25166','扎');
INSERT INTO `zt_searchdict`(`key`,`value`) VALUES ('25171','打');
INSERT INTO `zt_searchdict`(`key`,`value`) VALUES ('25191','执');
INSERT INTO `zt_searchdict`(`key`,`value`) VALUES ('25195','扫');
INSERT INTO `zt_searchdict`(`key`,`value`) VALUES ('25200','扰');
INSERT INTO `zt_searchdict`(`key`,`value`) VALUES ('25209','批');
INSERT INTO `zt_searchdict`(`key`,`value`) VALUES ('25214','找');
INSERT INTO `zt_searchdict`(`key`,`value`) VALUES ('25216','技');
INSERT INTO `zt_searchdict`(`key`,`value`) VALUES ('25226','把');
INSERT INTO `zt_searchdict`(`key`,`value`) VALUES ('25237','投');
INSERT INTO `zt_searchdict`(`key`,`value`) VALUES ('25240','折');
INSERT INTO `zt_searchdict`(`key`,`value`) VALUES ('25252','护');
INSERT INTO `zt_searchdict`(`key`,`value`) VALUES ('25253','报');
INSERT INTO `zt_searchdict`(`key`,`value`) VALUES ('25286','拆');
INSERT INTO `zt_searchdict`(`key`,`value`) VALUES ('25289','拉');
INSERT INTO `zt_searchdict`(`key`,`value`) VALUES ('25307','招');
INSERT INTO `zt_searchdict`(`key`,`value`) VALUES ('25321','择');
INSERT INTO `zt_searchdict`(`key`,`value`) VALUES ('25324','括');
INSERT INTO `zt_searchdict`(`key`,`value`) VALUES ('25343','拿');
INSERT INTO `zt_searchdict`(`key`,`value`) VALUES ('25345','持');
INSERT INTO `zt_searchdict`(`key`,`value`) VALUES ('25351','指');
INSERT INTO `zt_searchdict`(`key`,`value`) VALUES ('25353','按');
INSERT INTO `zt_searchdict`(`key`,`value`) VALUES ('25442','换');
INSERT INTO `zt_searchdict`(`key`,`value`) VALUES ('25454','据');
INSERT INTO `zt_searchdict`(`key`,`value`) VALUES ('25463','捷');
INSERT INTO `zt_searchdict`(`key`,`value`) VALUES ('25490','排');
INSERT INTO `zt_searchdict`(`key`,`value`) VALUES ('25509','接');
INSERT INTO `zt_searchdict`(`key`,`value`) VALUES ('25511','控');
INSERT INTO `zt_searchdict`(`key`,`value`) VALUES ('25512','推');
INSERT INTO `zt_searchdict`(`key`,`value`) VALUES ('25551','描');
INSERT INTO `zt_searchdict`(`key`,`value`) VALUES ('25552','提');
INSERT INTO `zt_searchdict`(`key`,`value`) VALUES ('25554','插');
INSERT INTO `zt_searchdict`(`key`,`value`) VALUES ('25645','搭');
INSERT INTO `zt_searchdict`(`key`,`value`) VALUES ('25805','操');
INSERT INTO `zt_searchdict`(`key`,`value`) VALUES ('25903','支');
INSERT INTO `zt_searchdict`(`key`,`value`) VALUES ('25910','收');
INSERT INTO `zt_searchdict`(`key`,`value`) VALUES ('25913','改');
INSERT INTO `zt_searchdict`(`key`,`value`) VALUES ('25925','故');
INSERT INTO `zt_searchdict`(`key`,`value`) VALUES ('25928','效');
INSERT INTO `zt_searchdict`(`key`,`value`) VALUES ('25935','敏');
INSERT INTO `zt_searchdict`(`key`,`value`) VALUES ('25945','教');
INSERT INTO `zt_searchdict`(`key`,`value`) VALUES ('25968','数');
INSERT INTO `zt_searchdict`(`key`,`value`) VALUES ('25972','整');
INSERT INTO `zt_searchdict`(`key`,`value`) VALUES ('25991','文');
INSERT INTO `zt_searchdict`(`key`,`value`) VALUES ('26009','料');
INSERT INTO `zt_searchdict`(`key`,`value`) VALUES ('26029','断');
INSERT INTO `zt_searchdict`(`key`,`value`) VALUES ('26032','新');
INSERT INTO `zt_searchdict`(`key`,`value`) VALUES ('26041','方');
INSERT INTO `zt_searchdict`(`key`,`value`) VALUES ('26045','施');
INSERT INTO `zt_searchdict`(`key`,`value`) VALUES ('26080','无');
INSERT INTO `zt_searchdict`(`key`,`value`) VALUES ('26085','日');
INSERT INTO `zt_searchdict`(`key`,`value`) VALUES ('26087','旧');
INSERT INTO `zt_searchdict`(`key`,`value`) VALUES ('26102','时');
INSERT INTO `zt_searchdict`(`key`,`value`) VALUES ('26126','明');
INSERT INTO `zt_searchdict`(`key`,`value`) VALUES ('26159','是');
INSERT INTO `zt_searchdict`(`key`,`value`) VALUES ('26174','显');
INSERT INTO `zt_searchdict`(`key`,`value`) VALUES ('26195','晓');
INSERT INTO `zt_searchdict`(`key`,`value`) VALUES ('26222','普');
INSERT INTO `zt_searchdict`(`key`,`value`) VALUES ('26223','景');
INSERT INTO `zt_searchdict`(`key`,`value`) VALUES ('26242','暂');
INSERT INTO `zt_searchdict`(`key`,`value`) VALUES ('26354','曲');
INSERT INTO `zt_searchdict`(`key`,`value`) VALUES ('26356','更');
INSERT INTO `zt_searchdict`(`key`,`value`) VALUES ('26367','替');
INSERT INTO `zt_searchdict`(`key`,`value`) VALUES ('26368','最');
INSERT INTO `zt_searchdict`(`key`,`value`) VALUES ('26376','月');
INSERT INTO `zt_searchdict`(`key`,`value`) VALUES ('26377','有');
INSERT INTO `zt_searchdict`(`key`,`value`) VALUES ('26381','服');
INSERT INTO `zt_searchdict`(`key`,`value`) VALUES ('26395','望');
INSERT INTO `zt_searchdict`(`key`,`value`) VALUES ('26399','期');
INSERT INTO `zt_searchdict`(`key`,`value`) VALUES ('26410','未');
INSERT INTO `zt_searchdict`(`key`,`value`) VALUES ('26412','本');
INSERT INTO `zt_searchdict`(`key`,`value`) VALUES ('26415','术');
INSERT INTO `zt_searchdict`(`key`,`value`) VALUES ('26426','机');
INSERT INTO `zt_searchdict`(`key`,`value`) VALUES ('26435','权');
INSERT INTO `zt_searchdict`(`key`,`value`) VALUES ('26448','材');
INSERT INTO `zt_searchdict`(`key`,`value`) VALUES ('26463','束');
INSERT INTO `zt_searchdict`(`key`,`value`) VALUES ('26465','条');
INSERT INTO `zt_searchdict`(`key`,`value`) VALUES ('26469','来');
INSERT INTO `zt_searchdict`(`key`,`value`) VALUES ('26472','杨');
INSERT INTO `zt_searchdict`(`key`,`value`) VALUES ('26494','松');
INSERT INTO `zt_searchdict`(`key`,`value`) VALUES ('26495','板');
INSERT INTO `zt_searchdict`(`key`,`value`) VALUES ('26500','构');
INSERT INTO `zt_searchdict`(`key`,`value`) VALUES ('26512','析');
INSERT INTO `zt_searchdict`(`key`,`value`) VALUES ('26524','果');
INSERT INTO `zt_searchdict`(`key`,`value`) VALUES ('26550','架');
INSERT INTO `zt_searchdict`(`key`,`value`) VALUES ('26576','某');
INSERT INTO `zt_searchdict`(`key`,`value`) VALUES ('26597','查');
INSERT INTO `zt_searchdict`(`key`,`value`) VALUES ('26631','标');
INSERT INTO `zt_searchdict`(`key`,`value`) VALUES ('26657','校');
INSERT INTO `zt_searchdict`(`key`,`value`) VALUES ('26679','样');
INSERT INTO `zt_searchdict`(`key`,`value`) VALUES ('26680','核');
INSERT INTO `zt_searchdict`(`key`,`value`) VALUES ('26681','根');
INSERT INTO `zt_searchdict`(`key`,`value`) VALUES ('26684','格');
INSERT INTO `zt_searchdict`(`key`,`value`) VALUES ('26696','案');
INSERT INTO `zt_searchdict`(`key`,`value`) VALUES ('26723','档');
INSERT INTO `zt_searchdict`(`key`,`value`) VALUES ('26757','梅');
INSERT INTO `zt_searchdict`(`key`,`value`) VALUES ('26803','梳');
INSERT INTO `zt_searchdict`(`key`,`value`) VALUES ('26816','检');
INSERT INTO `zt_searchdict`(`key`,`value`) VALUES ('26970','楚');
INSERT INTO `zt_searchdict`(`key`,`value`) VALUES ('27010','概');
INSERT INTO `zt_searchdict`(`key`,`value`) VALUES ('27063','榷');
INSERT INTO `zt_searchdict`(`key`,`value`) VALUES ('27169','模');
INSERT INTO `zt_searchdict`(`key`,`value`) VALUES ('27425','次');
INSERT INTO `zt_searchdict`(`key`,`value`) VALUES ('27490','止');
INSERT INTO `zt_searchdict`(`key`,`value`) VALUES ('27491','正');
INSERT INTO `zt_searchdict`(`key`,`value`) VALUES ('27492','此');
INSERT INTO `zt_searchdict`(`key`,`value`) VALUES ('27493','步');
INSERT INTO `zt_searchdict`(`key`,`value`) VALUES ('27573','段');
INSERT INTO `zt_searchdict`(`key`,`value`) VALUES ('27599','每');
INSERT INTO `zt_searchdict`(`key`,`value`) VALUES ('27604','比');
INSERT INTO `zt_searchdict`(`key`,`value`) VALUES ('27700','水');
INSERT INTO `zt_searchdict`(`key`,`value`) VALUES ('27714','求');
INSERT INTO `zt_searchdict`(`key`,`value`) VALUES ('27719','汇');
INSERT INTO `zt_searchdict`(`key`,`value`) VALUES ('27744','池');
INSERT INTO `zt_searchdict`(`key`,`value`) VALUES ('27809','没');
INSERT INTO `zt_searchdict`(`key`,`value`) VALUES ('27861','法');
INSERT INTO `zt_searchdict`(`key`,`value`) VALUES ('27880','注');
INSERT INTO `zt_searchdict`(`key`,`value`) VALUES ('27963','活');
INSERT INTO `zt_searchdict`(`key`,`value`) VALUES ('27966','派');
INSERT INTO `zt_searchdict`(`key`,`value`) VALUES ('27969','流');
INSERT INTO `zt_searchdict`(`key`,`value`) VALUES ('27979','测');
INSERT INTO `zt_searchdict`(`key`,`value`) VALUES ('27983','浏');
INSERT INTO `zt_searchdict`(`key`,`value`) VALUES ('28040','消');
INSERT INTO `zt_searchdict`(`key`,`value`) VALUES ('28041','涉');
INSERT INTO `zt_searchdict`(`key`,`value`) VALUES ('28145','深');
INSERT INTO `zt_searchdict`(`key`,`value`) VALUES ('28155','添');
INSERT INTO `zt_searchdict`(`key`,`value`) VALUES ('28165','清');
INSERT INTO `zt_searchdict`(`key`,`value`) VALUES ('28192','渠');
INSERT INTO `zt_searchdict`(`key`,`value`) VALUES ('28304','源');
INSERT INTO `zt_searchdict`(`key`,`value`) VALUES ('28378','滚');
INSERT INTO `zt_searchdict`(`key`,`value`) VALUES ('28385','满');
INSERT INTO `zt_searchdict`(`key`,`value`) VALUES ('28548','澄');
INSERT INTO `zt_searchdict`(`key`,`value`) VALUES ('28608','激');
INSERT INTO `zt_searchdict`(`key`,`value`) VALUES ('28689','瀑');
INSERT INTO `zt_searchdict`(`key`,`value`) VALUES ('28779','火');
INSERT INTO `zt_searchdict`(`key`,`value`) VALUES ('28857','点');
INSERT INTO `zt_searchdict`(`key`,`value`) VALUES ('28895','烟');
INSERT INTO `zt_searchdict`(`key`,`value`) VALUES ('28982','然');
INSERT INTO `zt_searchdict`(`key`,`value`) VALUES ('29031','照');
INSERT INTO `zt_searchdict`(`key`,`value`) VALUES ('29087','熟');
INSERT INTO `zt_searchdict`(`key`,`value`) VALUES ('29190','爆');
INSERT INTO `zt_searchdict`(`key`,`value`) VALUES ('29256','版');
INSERT INTO `zt_searchdict`(`key`,`value`) VALUES ('29289','物');
INSERT INTO `zt_searchdict`(`key`,`value`) VALUES ('29366','状');
INSERT INTO `zt_searchdict`(`key`,`value`) VALUES ('29420','独');
INSERT INTO `zt_searchdict`(`key`,`value`) VALUES ('29579','王');
INSERT INTO `zt_searchdict`(`key`,`value`) VALUES ('29615','环');
INSERT INTO `zt_searchdict`(`key`,`value`) VALUES ('29616','现');
INSERT INTO `zt_searchdict`(`key`,`value`) VALUES ('29702','理');
INSERT INTO `zt_searchdict`(`key`,`value`) VALUES ('29788','瑜');
INSERT INTO `zt_searchdict`(`key`,`value`) VALUES ('29983','生');
INSERT INTO `zt_searchdict`(`key`,`value`) VALUES ('29992','用');
INSERT INTO `zt_searchdict`(`key`,`value`) VALUES ('30001','由');
INSERT INTO `zt_searchdict`(`key`,`value`) VALUES ('30003','申');
INSERT INTO `zt_searchdict`(`key`,`value`) VALUES ('30123','疫');
INSERT INTO `zt_searchdict`(`key`,`value`) VALUES ('30171','痛');
INSERT INTO `zt_searchdict`(`key`,`value`) VALUES ('30331','登');
INSERT INTO `zt_searchdict`(`key`,`value`) VALUES ('30333','白');
INSERT INTO `zt_searchdict`(`key`,`value`) VALUES ('30334','百');
INSERT INTO `zt_searchdict`(`key`,`value`) VALUES ('30340','的');
INSERT INTO `zt_searchdict`(`key`,`value`) VALUES ('30382','皮');
INSERT INTO `zt_searchdict`(`key`,`value`) VALUES ('30410','益');
INSERT INTO `zt_searchdict`(`key`,`value`) VALUES ('30417','监');
INSERT INTO `zt_searchdict`(`key`,`value`) VALUES ('30422','盖');
INSERT INTO `zt_searchdict`(`key`,`value`) VALUES ('30446','目');
INSERT INTO `zt_searchdict`(`key`,`value`) VALUES ('30452','直');
INSERT INTO `zt_searchdict`(`key`,`value`) VALUES ('30456','相');
INSERT INTO `zt_searchdict`(`key`,`value`) VALUES ('30473','眉');
INSERT INTO `zt_searchdict`(`key`,`value`) VALUES ('30475','看');
INSERT INTO `zt_searchdict`(`key`,`value`) VALUES ('30528','着');
INSERT INTO `zt_searchdict`(`key`,`value`) VALUES ('30571','睫');
INSERT INTO `zt_searchdict`(`key`,`value`) VALUES ('30693','知');
INSERT INTO `zt_searchdict`(`key`,`value`) VALUES ('30697','矩');
INSERT INTO `zt_searchdict`(`key`,`value`) VALUES ('30707','石');
INSERT INTO `zt_searchdict`(`key`,`value`) VALUES ('30721','码');
INSERT INTO `zt_searchdict`(`key`,`value`) VALUES ('30740','研');
INSERT INTO `zt_searchdict`(`key`,`value`) VALUES ('30784','础');
INSERT INTO `zt_searchdict`(`key`,`value`) VALUES ('30813','硝');
INSERT INTO `zt_searchdict`(`key`,`value`) VALUES ('30830','确');
INSERT INTO `zt_searchdict`(`key`,`value`) VALUES ('30865','碑');
INSERT INTO `zt_searchdict`(`key`,`value`) VALUES ('30952','磨');
INSERT INTO `zt_searchdict`(`key`,`value`) VALUES ('31034','示');
INSERT INTO `zt_searchdict`(`key`,`value`) VALUES ('31105','禁');
INSERT INTO `zt_searchdict`(`key`,`value`) VALUES ('31109','禅');
INSERT INTO `zt_searchdict`(`key`,`value`) VALUES ('31181','种');
INSERT INTO `zt_searchdict`(`key`,`value`) VALUES ('31185','科');
INSERT INTO `zt_searchdict`(`key`,`value`) VALUES ('31227','移');
INSERT INTO `zt_searchdict`(`key`,`value`) VALUES ('31243','程');
INSERT INTO `zt_searchdict`(`key`,`value`) VALUES ('31350','究');
INSERT INTO `zt_searchdict`(`key`,`value`) VALUES ('31361','突');
INSERT INTO `zt_searchdict`(`key`,`value`) VALUES ('31383','窗');
INSERT INTO `zt_searchdict`(`key`,`value`) VALUES ('31435','立');
INSERT INTO `zt_searchdict`(`key`,`value`) VALUES ('31456','章');
INSERT INTO `zt_searchdict`(`key`,`value`) VALUES ('31471','端');
INSERT INTO `zt_searchdict`(`key`,`value`) VALUES ('31526','符');
INSERT INTO `zt_searchdict`(`key`,`value`) VALUES ('31532','第');
INSERT INTO `zt_searchdict`(`key`,`value`) VALUES ('31561','等');
INSERT INTO `zt_searchdict`(`key`,`value`) VALUES ('31579','筛');
INSERT INTO `zt_searchdict`(`key`,`value`) VALUES ('31614','签');
INSERT INTO `zt_searchdict`(`key`,`value`) VALUES ('31639','算');
INSERT INTO `zt_searchdict`(`key`,`value`) VALUES ('31649','管');
INSERT INTO `zt_searchdict`(`key`,`value`) VALUES ('31867','类');
INSERT INTO `zt_searchdict`(`key`,`value`) VALUES ('31890','粒');
INSERT INTO `zt_searchdict`(`key`,`value`) VALUES ('31934','精');
INSERT INTO `zt_searchdict`(`key`,`value`) VALUES ('31995','系');
INSERT INTO `zt_searchdict`(`key`,`value`) VALUES ('32039','紧');
INSERT INTO `zt_searchdict`(`key`,`value`) VALUES ('32423','级');
INSERT INTO `zt_searchdict`(`key`,`value`) VALUES ('32426','纪');
INSERT INTO `zt_searchdict`(`key`,`value`) VALUES ('32435','纳');
INSERT INTO `zt_searchdict`(`key`,`value`) VALUES ('32447','线');
INSERT INTO `zt_searchdict`(`key`,`value`) VALUES ('32451','练');
INSERT INTO `zt_searchdict`(`key`,`value`) VALUES ('32452','组');
INSERT INTO `zt_searchdict`(`key`,`value`) VALUES ('32454','细');
INSERT INTO `zt_searchdict`(`key`,`value`) VALUES ('32455','织');
INSERT INTO `zt_searchdict`(`key`,`value`) VALUES ('32456','终');
INSERT INTO `zt_searchdict`(`key`,`value`) VALUES ('32463','经');
INSERT INTO `zt_searchdict`(`key`,`value`) VALUES ('32465','绑');
INSERT INTO `zt_searchdict`(`key`,`value`) VALUES ('32467','结');
INSERT INTO `zt_searchdict`(`key`,`value`) VALUES ('32473','给');
INSERT INTO `zt_searchdict`(`key`,`value`) VALUES ('32479','统');
INSERT INTO `zt_searchdict`(`key`,`value`) VALUES ('32493','续');
INSERT INTO `zt_searchdict`(`key`,`value`) VALUES ('32500','维');
INSERT INTO `zt_searchdict`(`key`,`value`) VALUES ('32531','缓');
INSERT INTO `zt_searchdict`(`key`,`value`) VALUES ('32534','编');
INSERT INTO `zt_searchdict`(`key`,`value`) VALUES ('32570','缺');
INSERT INTO `zt_searchdict`(`key`,`value`) VALUES ('32593','网');
INSERT INTO `zt_searchdict`(`key`,`value`) VALUES ('32599','罗');
INSERT INTO `zt_searchdict`(`key`,`value`) VALUES ('32622','置');
INSERT INTO `zt_searchdict`(`key`,`value`) VALUES ('32626','署');
INSERT INTO `zt_searchdict`(`key`,`value`) VALUES ('32769','老');
INSERT INTO `zt_searchdict`(`key`,`value`) VALUES ('32771','考');
INSERT INTO `zt_searchdict`(`key`,`value`) VALUES ('32773','者');
INSERT INTO `zt_searchdict`(`key`,`value`) VALUES ('32780','而');
INSERT INTO `zt_searchdict`(`key`,`value`) VALUES ('32852','联');
INSERT INTO `zt_searchdict`(`key`,`value`) VALUES ('32918','肖');
INSERT INTO `zt_searchdict`(`key`,`value`) VALUES ('32943','肯');
INSERT INTO `zt_searchdict`(`key`,`value`) VALUES ('33021','能');
INSERT INTO `zt_searchdict`(`key`,`value`) VALUES ('33258','自');
INSERT INTO `zt_searchdict`(`key`,`value`) VALUES ('33267','至');
INSERT INTO `zt_searchdict`(`key`,`value`) VALUES ('33268','致');
INSERT INTO `zt_searchdict`(`key`,`value`) VALUES ('33324','般');
INSERT INTO `zt_searchdict`(`key`,`value`) VALUES ('33394','色');
INSERT INTO `zt_searchdict`(`key`,`value`) VALUES ('33402','艺');
INSERT INTO `zt_searchdict`(`key`,`value`) VALUES ('33410','节');
INSERT INTO `zt_searchdict`(`key`,`value`) VALUES ('33509','若');
INSERT INTO `zt_searchdict`(`key`,`value`) VALUES ('33539','范');
INSERT INTO `zt_searchdict`(`key`,`value`) VALUES ('33721','莹');
INSERT INTO `zt_searchdict`(`key`,`value`) VALUES ('33756','菜');
INSERT INTO `zt_searchdict`(`key`,`value`) VALUES ('33829','营');
INSERT INTO `zt_searchdict`(`key`,`value`) VALUES ('33945','蒙');
INSERT INTO `zt_searchdict`(`key`,`value`) VALUES ('33993','蓉');
INSERT INTO `zt_searchdict`(`key`,`value`) VALUES ('34013','蓝');
INSERT INTO `zt_searchdict`(`key`,`value`) VALUES ('34203','薛');
INSERT INTO `zt_searchdict`(`key`,`value`) VALUES ('34385','虑');
INSERT INTO `zt_searchdict`(`key`,`value`) VALUES ('34398','虞');
INSERT INTO `zt_searchdict`(`key`,`value`) VALUES ('34701','融');
INSERT INTO `zt_searchdict`(`key`,`value`) VALUES ('34892','行');
INSERT INTO `zt_searchdict`(`key`,`value`) VALUES ('34917','补');
INSERT INTO `zt_searchdict`(`key`,`value`) VALUES ('34920','表');
INSERT INTO `zt_searchdict`(`key`,`value`) VALUES ('34935','衷');
INSERT INTO `zt_searchdict`(`key`,`value`) VALUES ('35009','裁');
INSERT INTO `zt_searchdict`(`key`,`value`) VALUES ('35199','西');
INSERT INTO `zt_searchdict`(`key`,`value`) VALUES ('35201','要');
INSERT INTO `zt_searchdict`(`key`,`value`) VALUES ('35206','覆');
INSERT INTO `zt_searchdict`(`key`,`value`) VALUES ('35268','规');
INSERT INTO `zt_searchdict`(`key`,`value`) VALUES ('35270','视');
INSERT INTO `zt_searchdict`(`key`,`value`) VALUES ('35272','览');
INSERT INTO `zt_searchdict`(`key`,`value`) VALUES ('35282','角');
INSERT INTO `zt_searchdict`(`key`,`value`) VALUES ('35299','解');
INSERT INTO `zt_searchdict`(`key`,`value`) VALUES ('35745','计');
INSERT INTO `zt_searchdict`(`key`,`value`) VALUES ('35746','订');
INSERT INTO `zt_searchdict`(`key`,`value`) VALUES ('35748','认');
INSERT INTO `zt_searchdict`(`key`,`value`) VALUES ('35752','讨');
INSERT INTO `zt_searchdict`(`key`,`value`) VALUES ('35757','训');
INSERT INTO `zt_searchdict`(`key`,`value`) VALUES ('35758','议');
INSERT INTO `zt_searchdict`(`key`,`value`) VALUES ('35760','记');
INSERT INTO `zt_searchdict`(`key`,`value`) VALUES ('35768','许');
INSERT INTO `zt_searchdict`(`key`,`value`) VALUES ('35770','论');
INSERT INTO `zt_searchdict`(`key`,`value`) VALUES ('35774','设');
INSERT INTO `zt_searchdict`(`key`,`value`) VALUES ('35775','访');
INSERT INTO `zt_searchdict`(`key`,`value`) VALUES ('35777','证');
INSERT INTO `zt_searchdict`(`key`,`value`) VALUES ('35780','评');
INSERT INTO `zt_searchdict`(`key`,`value`) VALUES ('35782','识');
INSERT INTO `zt_searchdict`(`key`,`value`) VALUES ('35797','试');
INSERT INTO `zt_searchdict`(`key`,`value`) VALUES ('35805','话');
INSERT INTO `zt_searchdict`(`key`,`value`) VALUES ('35810','询');
INSERT INTO `zt_searchdict`(`key`,`value`) VALUES ('35813','该');
INSERT INTO `zt_searchdict`(`key`,`value`) VALUES ('35814','详');
INSERT INTO `zt_searchdict`(`key`,`value`) VALUES ('35821','语');
INSERT INTO `zt_searchdict`(`key`,`value`) VALUES ('35823','误');
INSERT INTO `zt_searchdict`(`key`,`value`) VALUES ('35828','说');
INSERT INTO `zt_searchdict`(`key`,`value`) VALUES ('35831','请');
INSERT INTO `zt_searchdict`(`key`,`value`) VALUES ('35841','谁');
INSERT INTO `zt_searchdict`(`key`,`value`) VALUES ('35843','调');
INSERT INTO `zt_searchdict`(`key`,`value`) VALUES ('35937','象');
INSERT INTO `zt_searchdict`(`key`,`value`) VALUES ('36127','负');
INSERT INTO `zt_searchdict`(`key`,`value`) VALUES ('36131','责');
INSERT INTO `zt_searchdict`(`key`,`value`) VALUES ('36136','质');
INSERT INTO `zt_searchdict`(`key`,`value`) VALUES ('36148','贴');
INSERT INTO `zt_searchdict`(`key`,`value`) VALUES ('36164','资');
INSERT INTO `zt_searchdict`(`key`,`value`) VALUES ('36208','走');
INSERT INTO `zt_searchdict`(`key`,`value`) VALUES ('36213','赵');
INSERT INTO `zt_searchdict`(`key`,`value`) VALUES ('36215','起');
INSERT INTO `zt_searchdict`(`key`,`value`) VALUES ('36229','超');
INSERT INTO `zt_searchdict`(`key`,`value`) VALUES ('36275','足');
INSERT INTO `zt_searchdict`(`key`,`value`) VALUES ('36319','跟');
INSERT INTO `zt_searchdict`(`key`,`value`) VALUES ('36339','跳');
INSERT INTO `zt_searchdict`(`key`,`value`) VALUES ('36341','践');
INSERT INTO `zt_searchdict`(`key`,`value`) VALUES ('36394','踪');
INSERT INTO `zt_searchdict`(`key`,`value`) VALUES ('36710','车');
INSERT INTO `zt_searchdict`(`key`,`value`) VALUES ('36716','转');
INSERT INTO `zt_searchdict`(`key`,`value`) VALUES ('36718','轮');
INSERT INTO `zt_searchdict`(`key`,`value`) VALUES ('36719','软');
INSERT INTO `zt_searchdict`(`key`,`value`) VALUES ('36724','轴');
INSERT INTO `zt_searchdict`(`key`,`value`) VALUES ('36731','轻');
INSERT INTO `zt_searchdict`(`key`,`value`) VALUES ('36739','较');
INSERT INTO `zt_searchdict`(`key`,`value`) VALUES ('36745','辉');
INSERT INTO `zt_searchdict`(`key`,`value`) VALUES ('36753','辑');
INSERT INTO `zt_searchdict`(`key`,`value`) VALUES ('36801','迁');
INSERT INTO `zt_searchdict`(`key`,`value`) VALUES ('36807','过');
INSERT INTO `zt_searchdict`(`key`,`value`) VALUES ('36816','运');
INSERT INTO `zt_searchdict`(`key`,`value`) VALUES ('36817','近');
INSERT INTO `zt_searchdict`(`key`,`value`) VALUES ('36825','这');
INSERT INTO `zt_searchdict`(`key`,`value`) VALUES ('36827','进');
INSERT INTO `zt_searchdict`(`key`,`value`) VALUES ('36830','连');
INSERT INTO `zt_searchdict`(`key`,`value`) VALUES ('36843','迫');
INSERT INTO `zt_searchdict`(`key`,`value`) VALUES ('36845','迭');
INSERT INTO `zt_searchdict`(`key`,`value`) VALUES ('36848','述');
INSERT INTO `zt_searchdict`(`key`,`value`) VALUES ('36865','送');
INSERT INTO `zt_searchdict`(`key`,`value`) VALUES ('36866','适');
INSERT INTO `zt_searchdict`(`key`,`value`) VALUES ('36867','逃');
INSERT INTO `zt_searchdict`(`key`,`value`) VALUES ('36873','选');
INSERT INTO `zt_searchdict`(`key`,`value`) VALUES ('36882','递');
INSERT INTO `zt_searchdict`(`key`,`value`) VALUES ('36890','通');
INSERT INTO `zt_searchdict`(`key`,`value`) VALUES ('36895','速');
INSERT INTO `zt_searchdict`(`key`,`value`) VALUES ('36920','逸');
INSERT INTO `zt_searchdict`(`key`,`value`) VALUES ('36923','逻');
INSERT INTO `zt_searchdict`(`key`,`value`) VALUES ('36947','道');
INSERT INTO `zt_searchdict`(`key`,`value`) VALUES ('37027','那');
INSERT INTO `zt_searchdict`(`key`,`value`) VALUES ('37038','邮');
INSERT INTO `zt_searchdict`(`key`,`value`) VALUES ('37096','部');
INSERT INTO `zt_searchdict`(`key`,`value`) VALUES ('37197','配');
INSERT INTO `zt_searchdict`(`key`,`value`) VALUES ('37266','醒');
INSERT INTO `zt_searchdict`(`key`,`value`) VALUES ('37324','里');
INSERT INTO `zt_searchdict`(`key`,`value`) VALUES ('37325','重');
INSERT INTO `zt_searchdict`(`key`,`value`) VALUES ('37327','量');
INSERT INTO `zt_searchdict`(`key`,`value`) VALUES ('37329','金');
INSERT INTO `zt_searchdict`(`key`,`value`) VALUES ('38024','针');
INSERT INTO `zt_searchdict`(`key`,`value`) VALUES ('38062','钮');
INSERT INTO `zt_searchdict`(`key`,`value`) VALUES ('38134','银');
INSERT INTO `zt_searchdict`(`key`,`value`) VALUES ('38142','链');
INSERT INTO `zt_searchdict`(`key`,`value`) VALUES ('38144','销');
INSERT INTO `zt_searchdict`(`key`,`value`) VALUES ('38190','键');
INSERT INTO `zt_searchdict`(`key`,`value`) VALUES ('38271','长');
INSERT INTO `zt_searchdict`(`key`,`value`) VALUES ('38376','门');
INSERT INTO `zt_searchdict`(`key`,`value`) VALUES ('38381','闭');
INSERT INTO `zt_searchdict`(`key`,`value`) VALUES ('38382','问');
INSERT INTO `zt_searchdict`(`key`,`value`) VALUES ('38388','间');
INSERT INTO `zt_searchdict`(`key`,`value`) VALUES ('38431','队');
INSERT INTO `zt_searchdict`(`key`,`value`) VALUES ('38453','阵');
INSERT INTO `zt_searchdict`(`key`,`value`) VALUES ('38454','阶');
INSERT INTO `zt_searchdict`(`key`,`value`) VALUES ('38468','附');
INSERT INTO `zt_searchdict`(`key`,`value`) VALUES ('38469','际');
INSERT INTO `zt_searchdict`(`key`,`value`) VALUES ('38470','陆');
INSERT INTO `zt_searchdict`(`key`,`value`) VALUES ('38472','陈');
INSERT INTO `zt_searchdict`(`key`,`value`) VALUES ('38480','限');
INSERT INTO `zt_searchdict`(`key`,`value`) VALUES ('38500','除');
INSERT INTO `zt_searchdict`(`key`,`value`) VALUES ('38505','险');
INSERT INTO `zt_searchdict`(`key`,`value`) VALUES ('38518','陶');
INSERT INTO `zt_searchdict`(`key`,`value`) VALUES ('38519','陷');
INSERT INTO `zt_searchdict`(`key`,`value`) VALUES ('38590','难');
INSERT INTO `zt_searchdict`(`key`,`value`) VALUES ('38598','集');
INSERT INTO `zt_searchdict`(`key`,`value`) VALUES ('38646','零');
INSERT INTO `zt_searchdict`(`key`,`value`) VALUES ('38656','需');
INSERT INTO `zt_searchdict`(`key`,`value`) VALUES ('38745','静');
INSERT INTO `zt_searchdict`(`key`,`value`) VALUES ('38750','非');
INSERT INTO `zt_searchdict`(`key`,`value`) VALUES ('38754','面');
INSERT INTO `zt_searchdict`(`key`,`value`) VALUES ('39029','页');
INSERT INTO `zt_searchdict`(`key`,`value`) VALUES ('39033','项');
INSERT INTO `zt_searchdict`(`key`,`value`) VALUES ('39035','须');
INSERT INTO `zt_searchdict`(`key`,`value`) VALUES ('39044','预');
INSERT INTO `zt_searchdict`(`key`,`value`) VALUES ('39046','领');
INSERT INTO `zt_searchdict`(`key`,`value`) VALUES ('39063','颗');
INSERT INTO `zt_searchdict`(`key`,`value`) VALUES ('39064','题');
INSERT INTO `zt_searchdict`(`key`,`value`) VALUES ('39068','颜');
INSERT INTO `zt_searchdict`(`key`,`value`) VALUES ('39118','风');
INSERT INTO `zt_searchdict`(`key`,`value`) VALUES ('39304','馈');
INSERT INTO `zt_searchdict`(`key`,`value`) VALUES ('39318','首');
INSERT INTO `zt_searchdict`(`key`,`value`) VALUES ('39564','验');
INSERT INTO `zt_searchdict`(`key`,`value`) VALUES ('39640','高');
INSERT INTO `zt_searchdict`(`key`,`value`) VALUES ('40527','鹏');
INSERT INTO `zt_searchdict`(`key`,`value`) VALUES ('40657','黑');
INSERT INTO `zt_searchdict`(`key`,`value`) VALUES ('40664','默');
INSERT INTO `zt_searchdict`(`key`,`value`) VALUES ('65288','（');
INSERT INTO `zt_searchdict`(`key`,`value`) VALUES ('65289','）');
INSERT INTO `zt_searchdict`(`key`,`value`) VALUES ('65292','，');
INSERT INTO `zt_searchdict`(`key`,`value`) VALUES ('65306','：');
INSERT INTO `zt_searchdict`(`key`,`value`) VALUES ('65307','；');
INSERT INTO `zt_searchdict`(`key`,`value`) VALUES ('65311','？');
